METEO Meyenheim

 Latitude N 47° 54' 42"    Longitude E 07° 21' 22"    Altitude 210 m

Rapports de type NOAA
Selectionner un rapport Annuel ou mensuel
V/Λ2019 > Janvier Février Mars Avril Mai Juin Juillet Août Septembre Octobre Novembre Décembre
V/Λ2018 > Janvier Février Mars Avril Mai Juin Juillet Août Septembre Octobre Novembre Décembre
V/Λ2017 > Janvier Février Mars Avril Mai Juin Juillet Août Septembre Octobre Novembre Décembre
V/Λ2016 > Janvier Février Mars Avril Mai Juin Juillet Août Septembre Octobre Novembre Décembre
V/Λ2015 > Janvier Février Mars Avril Mai Juin Juillet Août Septembre Octobre Novembre Décembre
V/Λ2014 > Janvier Février Mars Avril Mai Juin Juillet Août Septembre Octobre Novembre Décembre
V/Λ2013 > Janvier Février Mars Avril Mai Juin Juillet Août Septembre Octobre Novembre Décembre
V/Λ2012 > Janvier Février Mars Avril Mai Juin Juillet Août Septembre Octobre Novembre Décembre
V/Λ2011 > Janvier Février Mars Avril Mai Juin Juillet Août Septembre Octobre Novembre Décembre
V/Λ2010 > Janvier Février Mars Avril Mai Juin Juillet Août Septembre Octobre Novembre Décembre
V/Λ2009 > Janvier Février Mars Avril Mai Juin Juillet Août Septembre Octobre Novembre Décembre
V/Λ2008 > Janvier Février Mars Avril Mai Juin Juillet Août Septembre Octobre Novembre Décembre
V/Λ2007 > Janvier Février Mars Avril Mai Juin Juillet Août Septembre Octobre Novembre Décembre
V/Λ2006 > Janvier Février Mars Avril Mai Juin Juillet Août Septembre Octobre Novembre Décembre
V/Λ2005 > Janvier Février Mars Avril Mai Juin Juillet Août Septembre Octobre Novembre Décembre
V/Λ2004 > Janvier Février Mars Avril Mai Juin Juillet Août Septembre Octobre Novembre Décembre
V/Λ2003 > Janvier Février Mars Avril Mai Juin Juillet Août Septembre Octobre Novembre Décembre
V/Λ2002 > Janvier Février Mars Avril Mai Juin Juillet Août Septembre Octobre Novembre Décembre

Rapport pour Août 2019
                   Monthly Climatological Summary for août 2019

Name:    City: Meyenheim   State: Alsace, FR
Elevation: 210 m  Lat: N 47 54 42   Lon: E 007 21 20

                  Temperature (°C), Rain (mm), Wind Speed (km/h)

                                      Heat  Cool        Avg
    Mean                              Deg   Deg         Wind                 Dom
Day Temp  High   Time   Low    Time   Days  Days  Rain  Speed High   Time    Dir
----------------------------------------------------------------------------------
01  19.4  28.0   15:57  10.9   06:35   2.2   3.2   0.0   2.2  18.0   13:42     N
02  21.7  30.3   16:50  15.9   05:07   0.4   3.8   0.0   1.4  14.4   14:50    SO
03  21.1  28.1   15:41  14.4   06:34   0.5   3.4   0.0   1.3  33.2   13:16     N
04  21.3  30.9   17:25  13.0   06:37   1.4   4.4   0.0   1.0  11.5   15:55    NE
05  24.2  32.3   14:52  17.2   06:27   0.1   5.9   0.0   2.9  30.3   15:27   SSO
06  22.1  29.3   15:45  16.8   21:26   0.1   3.9  36.6   3.0  41.8   20:53   SSE
07  18.4  20.5   16:42  16.3   23:48   0.3   0.4  11.2   2.6  21.6   11:39     S
08  20.9  30.6   16:38  14.5   06:14   1.1   3.7   0.0   1.7  15.1   15:00   SSE
09  23.5  34.8   15:23  14.9   05:41   0.8   6.1   0.4   2.6  29.6   14:43   SSO
10  21.7  27.9   15:41  16.5   07:18   0.3   3.7   4.6   4.9  31.0   12:48   SSO
11  18.4  28.0   14:16  14.5   06:24   1.8   1.9  13.6   2.0  24.5   17:36   NNO
12  16.9  23.2   16:52  13.5   23:37   2.2   0.8   3.4   1.8  18.7   17:45   SSO
13  16.3  24.3   15:57  11.3   06:00   2.9   0.9   0.2   1.4  15.1   13:34     S
14  16.7  26.7   16:26   8.8   06:11   3.7   2.1   0.0   0.8  15.9   13:42   SSE
15  17.5  24.0   14:55  12.5   04:19   1.7   0.9   0.0   5.0  40.4   12:37   SSO
16  19.2  27.7   16:40  11.8   06:23   1.7   2.6   0.0   1.4  17.3   20:01     S
17  18.9  24.0   14:36  15.2   03:41   0.8   1.4   0.0   2.3  19.5   07:42     S
18  21.9  31.4   14:24  14.2   05:08   1.2   4.9   3.8   3.7  38.2   14:42   SSO
19  19.1  24.5   13:06  15.8   23:25   0.4   1.2   0.4   2.6  26.0   17:25     S
20  15.2  17.5   12:15  11.7   23:57   3.1   0.0   6.6   0.7  15.1   21:17   NNO
21  16.2  24.5   16:02  10.7   06:02   3.6   1.4   0.2   3.1  31.7   12:11     N
22  18.1  26.7   16:35  11.0   06:49   2.5   2.3   0.0   2.0  16.6   09:37   NNO
23  19.0  27.7   16:30  11.2   06:58   1.9   2.7   0.0   1.9  18.0   16:25   NNO
24  19.5  28.7   16:46  12.1   06:58   1.8   3.0   0.0   0.5  24.5   16:40    NE
25  21.3  31.4   16:16  13.6   07:01   1.3   4.2   0.0   0.7  10.8   15:02   SSE
26  21.7  33.3   16:47  13.9   07:02   1.1   4.5   0.0   0.6   9.4   14:53    SO
27  22.3  32.7   16:15  14.0   06:34   1.1   5.1   0.0   1.9  18.0   18:08     S
28  24.1  33.8   16:22  18.6   01:15   0.0   5.8   0.0   1.6  18.0   14:00   SSE
29  22.4  30.7   13:29  17.6   07:03   0.1   4.2   0.0   1.4  16.6   12:03    SO
30  22.0  30.3   16:16  15.5   06:49   0.6   4.3   0.0   1.1  13.7   12:19     N
31  22.9  33.8   16:38  14.9   06:53   0.7   5.3   0.0   1.8  15.9   23:52     S
----------------------------------------------------------------------------------
    20.1  34.8     9     8.8    14    41.4  98.0  81.0   2.0  41.8     6     SSO

Max >=  27.0 21
Max <=   0.0  0
Min <= -10.0  0
Min <= -18.0  0
Max Rain: 36.6 on day 6
Days of Rain: 11 (>= 0.2 mm)  7 (>= 2.0 mm)  1 (>= 20.0 mm)
Heat Base: 18.3  Cool Base: 18.3  Method: Integration


Mise à jour : 20/11/2019 07:26:03
powered by Cumulus v3.0.0 (3043)