METEO Meyenheim

 Latitude N 47° 54' 42"    Longitude E 07° 21' 22"    Altitude 210 m

Rapports de type NOAA
Selectionner un rapport Annuel ou mensuel
V/Λ2019 > Janvier Février Mars Avril Mai Juin Juillet Août Septembre Octobre Novembre Décembre
V/Λ2018 > Janvier Février Mars Avril Mai Juin Juillet Août Septembre Octobre Novembre Décembre
V/Λ2017 > Janvier Février Mars Avril Mai Juin Juillet Août Septembre Octobre Novembre Décembre
V/Λ2016 > Janvier Février Mars Avril Mai Juin Juillet Août Septembre Octobre Novembre Décembre
V/Λ2015 > Janvier Février Mars Avril Mai Juin Juillet Août Septembre Octobre Novembre Décembre
V/Λ2014 > Janvier Février Mars Avril Mai Juin Juillet Août Septembre Octobre Novembre Décembre
V/Λ2013 > Janvier Février Mars Avril Mai Juin Juillet Août Septembre Octobre Novembre Décembre
V/Λ2012 > Janvier Février Mars Avril Mai Juin Juillet Août Septembre Octobre Novembre Décembre
V/Λ2011 > Janvier Février Mars Avril Mai Juin Juillet Août Septembre Octobre Novembre Décembre
V/Λ2010 > Janvier Février Mars Avril Mai Juin Juillet Août Septembre Octobre Novembre Décembre
V/Λ2009 > Janvier Février Mars Avril Mai Juin Juillet Août Septembre Octobre Novembre Décembre
V/Λ2008 > Janvier Février Mars Avril Mai Juin Juillet Août Septembre Octobre Novembre Décembre
V/Λ2007 > Janvier Février Mars Avril Mai Juin Juillet Août Septembre Octobre Novembre Décembre
V/Λ2006 > Janvier Février Mars Avril Mai Juin Juillet Août Septembre Octobre Novembre Décembre
V/Λ2005 > Janvier Février Mars Avril Mai Juin Juillet Août Septembre Octobre Novembre Décembre
V/Λ2004 > Janvier Février Mars Avril Mai Juin Juillet Août Septembre Octobre Novembre Décembre
V/Λ2003 > Janvier Février Mars Avril Mai Juin Juillet Août Septembre Octobre Novembre Décembre
V/Λ2002 > Janvier Février Mars Avril Mai Juin Juillet Août Septembre Octobre Novembre Décembre

Rapport pour Septembre 2019
                   Monthly Climatological Summary for sept. 2019

Name:    City: Meyenheim   State: Alsace, FR
Elevation: 210 m  Lat: N 47 54 42   Lon: E 007 21 20

                  Temperature (°C), Rain (mm), Wind Speed (km/h)

                                      Heat  Cool        Avg
    Mean                              Deg   Deg         Wind                 Dom
Day Temp  High   Time   Low    Time   Days  Days  Rain  Speed High   Time    Dir
----------------------------------------------------------------------------------
01  20.9  25.5   14:06  17.5   06:26   0.1   2.7   0.6   2.2  26.0   02:37   NNO
02  18.5  24.6   16:27  13.1   23:59   1.2   1.4   0.0   3.0  24.5   12:33     N
03  16.3  26.6   17:29   8.3   06:57   3.9   1.9   0.0   0.5  13.7   13:29    NE
04  17.6  29.0   17:10   8.8   06:43   3.3   2.7   0.0   2.0  21.6   18:23   SSO
05  15.3  20.5   16:58  11.6   23:18   3.1   0.1   1.0   0.8  22.4   09:04     N
06  15.3  21.1   16:04  11.5   01:14   3.4   0.5   0.0   4.9  31.0   11:13   NNO
07  14.4  22.5   15:25   9.4   03:58   4.5   0.6   3.8   0.9  27.4   19:17   NNO
08  11.5  12.7   10:30   9.7   07:01   6.8   0.0   2.0   0.1   7.2   22:17   SSO
09  12.8  20.1   17:41   8.7   07:34   5.6   0.1   0.2   1.4  23.8   14:49   SSO
10  14.1  23.2   17:04   8.0   05:55   5.0   0.8   0.0   2.0  16.6   17:49   NNO
11  14.5  21.4   13:17   7.9   07:09   4.3   0.5   0.0   0.2   7.2   10:52     N
12  17.2  27.5   16:29  10.1   06:06   3.3   2.2   0.0   1.5  12.3   15:12     S
13  17.8  26.4   16:51  10.2   07:34   2.8   2.3   0.0   2.3  28.1   23:34   NNO
14  18.9  26.1   15:55  13.4   06:35   1.4   2.0   0.0   2.4  16.6   15:45     N
15  19.7  31.5   17:46  11.5   07:35   2.0   3.4   0.0   0.8  13.7   11:07     S
16  20.4  30.9   16:59  13.3   07:29   1.5   3.7   0.0   1.6  13.7   17:45   NNO
17  16.2  23.5   13:07  10.7   06:51   2.9   0.9   0.0   2.7  24.5   14:06     N
18  14.4  20.4   17:04   9.9   07:21   4.1   0.2   0.0   9.4  31.0   17:55   NNO
19  13.2  19.5   15:43   8.5   07:23   5.2   0.1   0.0  10.3  41.8   09:53   NNO
20  13.0  21.9   17:05   6.8   07:29   5.7   0.4   0.0   4.6  27.4   19:35   NNO
21  13.6  25.6   16:50   4.8   06:37   6.1   1.3   0.0   1.0  14.4   14:51     N
22  17.2  28.5   16:51   9.3   02:28   3.3   2.2  15.6   0.9  26.7   18:49    SO
23  15.6  21.4   13:13  11.0   23:58   3.0   0.3   7.8   2.8  29.6   03:51   SSO
24  12.4  17.7   16:03   7.2   07:23   5.9   0.0   1.2   1.8  21.6   23:08     S
25  15.3  18.7   18:00  13.1   07:31   3.0   0.0   0.6   5.9  34.6   15:18   SSO
26  16.3  19.5   15:40  13.8   00:16   2.1   0.1   0.0   7.6  38.2   13:57     S
27  16.5  20.2   12:27  14.0   23:57   1.9   0.1   5.4   6.9  46.9   10:42     S
28  15.3  19.8   14:35  12.3   23:58   3.1   0.2   0.2   6.5  46.1   14:08   SSO
29  15.7  24.8   15:52   8.2   07:18   3.7   1.1   0.8   6.1  49.7   12:28   SSO
30  16.6  20.7   13:01  10.0   23:06   2.2   0.5   0.2   5.4  44.7   04:45    SO
----------------------------------------------------------------------------------
    15.9  31.5    15     4.8    21   104.4  32.3  39.4   3.3  49.7    29       O

Max >=  27.0  5
Max <=   0.0  0
Min <= -10.0  0
Min <= -18.0  0
Max Rain: 15.6 on day 22
Days of Rain: 13 (>= 0.2 mm)  5 (>= 2.0 mm)  0 (>= 20.0 mm)
Heat Base: 18.3  Cool Base: 18.3  Method: Integration


Mise à jour : 18/10/2019 06:00:06
powered by Cumulus v3.0.0 (3043)