METEO Meyenheim

 Latitude N 47° 54' 42"    Longitude E 07° 21' 22"    Altitude 210 m

Rapports de type NOAA
Selectionner un rapport Annuel ou mensuel
V/Λ2019 > Janvier Février Mars Avril Mai Juin Juillet Août Septembre Octobre Novembre Décembre
V/Λ2018 > Janvier Février Mars Avril Mai Juin Juillet Août Septembre Octobre Novembre Décembre
V/Λ2017 > Janvier Février Mars Avril Mai Juin Juillet Août Septembre Octobre Novembre Décembre
V/Λ2016 > Janvier Février Mars Avril Mai Juin Juillet Août Septembre Octobre Novembre Décembre
V/Λ2015 > Janvier Février Mars Avril Mai Juin Juillet Août Septembre Octobre Novembre Décembre
V/Λ2014 > Janvier Février Mars Avril Mai Juin Juillet Août Septembre Octobre Novembre Décembre
V/Λ2013 > Janvier Février Mars Avril Mai Juin Juillet Août Septembre Octobre Novembre Décembre
V/Λ2012 > Janvier Février Mars Avril Mai Juin Juillet Août Septembre Octobre Novembre Décembre
V/Λ2011 > Janvier Février Mars Avril Mai Juin Juillet Août Septembre Octobre Novembre Décembre
V/Λ2010 > Janvier Février Mars Avril Mai Juin Juillet Août Septembre Octobre Novembre Décembre
V/Λ2009 > Janvier Février Mars Avril Mai Juin Juillet Août Septembre Octobre Novembre Décembre
V/Λ2008 > Janvier Février Mars Avril Mai Juin Juillet Août Septembre Octobre Novembre Décembre
V/Λ2007 > Janvier Février Mars Avril Mai Juin Juillet Août Septembre Octobre Novembre Décembre
V/Λ2006 > Janvier Février Mars Avril Mai Juin Juillet Août Septembre Octobre Novembre Décembre
V/Λ2005 > Janvier Février Mars Avril Mai Juin Juillet Août Septembre Octobre Novembre Décembre
V/Λ2004 > Janvier Février Mars Avril Mai Juin Juillet Août Septembre Octobre Novembre Décembre
V/Λ2003 > Janvier Février Mars Avril Mai Juin Juillet Août Septembre Octobre Novembre Décembre
V/Λ2002 > Janvier Février Mars Avril Mai Juin Juillet Août Septembre Octobre Novembre Décembre

Rapport pour Octobre 2019
                   Monthly Climatological Summary for oct. 2019

Name:    City: Meyenheim   State: Alsace, FR
Elevation: 210 m  Lat: N 47 54 42   Lon: E 007 21 20

                  Temperature (°C), Rain (mm), Wind Speed (km/h)

                                      Heat  Cool        Avg
    Mean                              Deg   Deg         Wind                 Dom
Day Temp  High   Time   Low    Time   Days  Days  Rain  Speed High   Time    Dir
----------------------------------------------------------------------------------
01  16.1  22.9   14:37   9.9   00:28   3.1   0.9   0.0   6.4  33.2   21:50   SSO
02  13.6  18.7   13:29   9.1   23:57   4.7   0.0   3.4   5.2  35.3   15:22    SO
03   9.6  15.9   13:22   3.5   07:45   8.7   0.0   0.0   0.5  12.3   16:18    NE
04  11.0  15.0   14:36   7.0   03:08   7.3   0.0   0.2   5.8  32.4   15:13     S
05  12.5  17.4   12:22  10.3   22:53   5.8   0.0   2.8   4.5  26.0   01:36   SSO
06  12.0  15.6   16:08   9.7   02:27   6.3   0.0   0.4   3.6  31.7   18:18     S
07  11.5  16.0   15:13   7.4   04:29   6.8   0.0   0.0   3.0  20.2   13:33   SSO
08  14.0  19.5   16:21   9.2   02:50   4.4   0.0   0.0   8.7  48.3   12:28     S
09  12.5  16.6   00:00  10.1   23:39   5.8   0.0   3.4   5.0  35.3   17:28     S
10  11.9  16.2   16:40   9.5   21:50   6.4   0.0   0.8   6.8  39.7   05:40   SSO
11  13.4  20.7   16:32   7.0   06:29   5.2   0.3   0.0   5.2  33.9   15:32     S
12  15.5  24.9   14:35   8.7   06:46   3.8   0.9   0.2   4.1  43.3   14:38     S
13  18.7  26.2   17:04  13.8   03:25   1.7   2.0   0.0   3.8  23.1   12:40     S
14  17.3  25.8   16:38  11.2   06:49   2.7   1.7   0.0   2.3  18.0   15:58     S
15  12.8  17.2   12:23  10.4   07:09   5.5   0.0   7.6   2.6  28.8   12:21     S
16  13.1  19.5   16:41   8.4   06:01   5.3   0.1   0.0   6.1  33.9   00:53     S
17  14.5  19.8   14:29  11.5   02:57   3.9   0.1   2.4   4.8  26.0   10:46     S
18  14.0  17.0   12:53  11.8   06:23   4.3   0.0   5.8   4.4  24.5   13:13     S
19  12.5  14.2   13:58  11.6   05:38   5.8   0.0  35.4   2.2  18.7   00:19     S
20  13.3  18.0   15:31   9.4   07:28   5.0   0.0   1.0   0.7  16.6   22:33    SO
21  13.3  14.2   14:53  12.0   23:35   5.0   0.0   6.8   1.6  16.6   11:59     S
22  12.7  14.2   15:39  11.3   07:40   5.6   0.0   0.0   2.1  18.7   14:06     N
23  11.9  12.8   14:33  11.4   00:33   6.4   0.0   0.0   1.6  20.9   10:34   NNO
24  14.3  21.2   13:07  10.6   08:48   4.2   0.2   0.0   2.2  26.7   23:51   SSO
25  13.3  19.0   13:02   8.8   23:44   5.1   0.0   0.0   2.4  15.9   13:09     S
26  12.0  21.2   15:36   5.7   06:32   6.6   0.4   0.2   3.0  34.6   15:58     S
27  14.3  21.6   11:59  10.0   01:39   4.7   0.4   2.4   2.0  21.6   04:11     S
28   8.3  13.4   00:07   7.2   06:06  10.0   0.0   3.4   6.7  28.8   00:18   NNO
29   7.0   7.9   00:00   6.5   07:26  11.3   0.0   4.2   5.5  18.7   12:58   NNO
30   7.1   7.5   11:46   6.4   08:31  11.2   0.0   2.4   3.6  31.7   18:53   NNO
31   7.5   8.8   14:08   6.3   09:49  10.8   0.0   0.4   2.3  12.3   09:45   NNO
----------------------------------------------------------------------------------
    12.6  26.2    13     3.5     3   183.4   7.0  83.2   3.8  48.3     8     SSO

Max >=  27.0  0
Max <=   0.0  0
Min <= -10.0  0
Min <= -18.0  0
Max Rain: 35.4 on day 19
Days of Rain: 19 (>= 0.2 mm)  12 (>= 2.0 mm)  1 (>= 20.0 mm)
Heat Base: 18.3  Cool Base: 18.3  Method: Integration


Mise à jour : 20/11/2019 07:06:03
powered by Cumulus v3.0.0 (3043)