METEO Meyenheim

 Latitude N 47° 54' 42"    Longitude E 07° 21' 22"    Altitude 210 m

Rapports de type NOAA
Selectionner un rapport Annuel ou mensuel
V/Λ2020 > Janvier Février Mars Avril Mai Juin Juillet Août Septembre Octobre Novembre Décembre
V/Λ2019 > Janvier Février Mars Avril Mai Juin Juillet Août Septembre Octobre Novembre Décembre
V/Λ2018 > Janvier Février Mars Avril Mai Juin Juillet Août Septembre Octobre Novembre Décembre
V/Λ2017 > Janvier Février Mars Avril Mai Juin Juillet Août Septembre Octobre Novembre Décembre
V/Λ2016 > Janvier Février Mars Avril Mai Juin Juillet Août Septembre Octobre Novembre Décembre
V/Λ2015 > Janvier Février Mars Avril Mai Juin Juillet Août Septembre Octobre Novembre Décembre
V/Λ2014 > Janvier Février Mars Avril Mai Juin Juillet Août Septembre Octobre Novembre Décembre
V/Λ2013 > Janvier Février Mars Avril Mai Juin Juillet Août Septembre Octobre Novembre Décembre
V/Λ2012 > Janvier Février Mars Avril Mai Juin Juillet Août Septembre Octobre Novembre Décembre
V/Λ2011 > Janvier Février Mars Avril Mai Juin Juillet Août Septembre Octobre Novembre Décembre
V/Λ2010 > Janvier Février Mars Avril Mai Juin Juillet Août Septembre Octobre Novembre Décembre
V/Λ2009 > Janvier Février Mars Avril Mai Juin Juillet Août Septembre Octobre Novembre Décembre
V/Λ2008 > Janvier Février Mars Avril Mai Juin Juillet Août Septembre Octobre Novembre Décembre
V/Λ2007 > Janvier Février Mars Avril Mai Juin Juillet Août Septembre Octobre Novembre Décembre
V/Λ2006 > Janvier Février Mars Avril Mai Juin Juillet Août Septembre Octobre Novembre Décembre
V/Λ2005 > Janvier Février Mars Avril Mai Juin Juillet Août Septembre Octobre Novembre Décembre
V/Λ2004 > Janvier Février Mars Avril Mai Juin Juillet Août Septembre Octobre Novembre Décembre
V/Λ2003 > Janvier Février Mars Avril Mai Juin Juillet Août Septembre Octobre Novembre Décembre
V/Λ2002 > Janvier Février Mars Avril Mai Juin Juillet Août Septembre Octobre Novembre Décembre

Rapport pour Décembre 2019
                   Monthly Climatological Summary for déc. 2019

Name:    City: Meyenheim   State: Alsace, FR
Elevation: 210 m  Lat: N 47 54 42   Lon: E 007 21 20

                  Temperature (°C), Rain (mm), Wind Speed (km/h)

                                      Heat  Cool        Avg
    Mean                              Deg   Deg         Wind                 Dom
Day Temp  High   Time   Low    Time   Days  Days  Rain  Speed High   Time    Dir
----------------------------------------------------------------------------------
01   2.4   3.9   13:46   1.5   01:07  15.9   0.0   2.0   2.1  13.7   15:00   NNO
02   1.9   3.9   14:34  -1.3   21:10  16.4   0.0   0.0   5.9  35.3   13:57   NNO
03   0.3   5.6   14:19  -2.5   05:45  18.0   0.0   0.2   2.0  32.4   06:47     N
04  -2.5  -0.3   12:54  -4.3   07:24  20.8   0.0   0.0   0.2  10.8   13:08   NNO
05  -2.4   2.9   15:11  -5.7   08:16  20.7   0.0   0.0   0.2   5.8   13:30     O
06   3.8  11.5   14:13  -4.4   03:38  14.5   0.0   0.4   5.4  46.9   23:39     S
07   8.2  10.3   11:54   6.6   07:58  10.1   0.0   0.0   8.2  44.7   03:08     S
08   9.6  12.2   14:57   7.1   05:18   8.7   0.0   0.0   9.7  56.2   16:40     S
09   7.1  10.0   00:00   5.8   18:23  11.2   0.0   2.6   9.4  46.1   03:26   SSO
10   2.6   7.3   14:18  -1.4   23:09  15.7   0.0   0.0   2.1  15.1   10:57   SSO
11   2.4   5.5   15:44  -1.0   00:04  15.9   0.0   0.0   5.4  47.6   16:12     S
12   3.1   5.1   11:38   0.4   19:09  15.2   0.0   0.0   6.3  33.9   08:16     S
13   4.7   7.1   12:12   0.8   01:11  13.6   0.0  11.4   8.0  44.7   11:46     S
14   8.3  10.6   14:59   4.4   03:27  10.0   0.0   1.8  10.8  50.5   11:07     S
15  10.2  12.8   11:29   7.0   21:00   8.1   0.0   6.6   7.2  50.5   11:33     S
16   8.3  10.7   11:43   5.5   23:53  10.0   0.0   0.0   3.2  24.5   03:10     S
17   6.9  10.9   13:47   4.6   08:37  11.4   0.0   0.0   0.8  17.3   01:14     S
18   9.3  13.8   14:08   4.3   23:29   9.0   0.0   0.0   2.5  30.3   03:56   SSE
19   5.4  11.5   15:01   1.0   08:36  12.9   0.0   0.0   0.3   8.7   10:44     S
20   4.2   9.7   16:02   0.0   05:03  14.1   0.0  17.6   3.7  39.7   15:50     S
21   5.2   8.6   14:32   2.8   03:09  13.1   0.0   3.6   4.0  31.0   12:46     S
22   7.0   9.5   14:29   5.7   04:46  11.3   0.0   3.2   6.7  46.9   14:13     S
23   6.6   9.8   14:08   5.1   21:59  11.7   0.0   1.8   6.5  40.4   19:43   SSO
24   7.7  12.0   14:35   5.4   00:00  10.6   0.0   0.0   7.0  36.0   05:26     S
25   7.0  10.8   13:01   0.9   22:24  11.3   0.0   0.6   4.9  37.5   02:55   SSO
26   2.3   6.2   23:38  -1.3   07:40  16.0   0.0   0.2   2.7  26.0   19:11     S
27   7.3   8.7   14:41   5.6   00:44  11.0   0.0   0.4   4.6  38.2   19:33   SSO
28   3.3   5.7   00:00   0.0   23:53  15.0   0.0   0.0   4.9  36.8   00:05     N
29  -1.2   0.1   00:24  -1.7   03:41  19.5   0.0   0.0   1.9  15.1   05:58   NNO
30  -0.6   3.2   14:43  -1.9   04:49  18.9   0.0   0.0   0.8   7.2   07:15    SE
31   0.1   5.0   13:48  -2.8   06:17  18.2   0.0   0.0   0.9  34.6   21:46    NO
----------------------------------------------------------------------------------
     4.5  13.8    18    -5.7     5   428.8   0.0  52.4   4.5  56.2     8     SSO

Max >=  27.0  0
Max <=   0.0  1
Min <= -10.0  0
Min <= -18.0  0
Max Rain: 17.6 on day 20
Days of Rain: 14 (>= 0.2 mm)  7 (>= 2.0 mm)  0 (>= 20.0 mm)
Heat Base: 18.3  Cool Base: 18.3  Method: Integration


Mise à jour : 20/02/2020 02:11:22
powered by Cumulus v3.3.0 (3063)