METEO Meyenheim

 Latitude N 47° 54' 42"    Longitude E 07° 21' 22"    Altitude 210 m

Rapports de type NOAA
Selectionner un rapport Annuel ou mensuel
V/Λ2020 > Janvier Février Mars Avril Mai Juin Juillet Août Septembre Octobre Novembre Décembre
V/Λ2019 > Janvier Février Mars Avril Mai Juin Juillet Août Septembre Octobre Novembre Décembre
V/Λ2018 > Janvier Février Mars Avril Mai Juin Juillet Août Septembre Octobre Novembre Décembre
V/Λ2017 > Janvier Février Mars Avril Mai Juin Juillet Août Septembre Octobre Novembre Décembre
V/Λ2016 > Janvier Février Mars Avril Mai Juin Juillet Août Septembre Octobre Novembre Décembre
V/Λ2015 > Janvier Février Mars Avril Mai Juin Juillet Août Septembre Octobre Novembre Décembre
V/Λ2014 > Janvier Février Mars Avril Mai Juin Juillet Août Septembre Octobre Novembre Décembre
V/Λ2013 > Janvier Février Mars Avril Mai Juin Juillet Août Septembre Octobre Novembre Décembre
V/Λ2012 > Janvier Février Mars Avril Mai Juin Juillet Août Septembre Octobre Novembre Décembre
V/Λ2011 > Janvier Février Mars Avril Mai Juin Juillet Août Septembre Octobre Novembre Décembre
V/Λ2010 > Janvier Février Mars Avril Mai Juin Juillet Août Septembre Octobre Novembre Décembre
V/Λ2009 > Janvier Février Mars Avril Mai Juin Juillet Août Septembre Octobre Novembre Décembre
V/Λ2008 > Janvier Février Mars Avril Mai Juin Juillet Août Septembre Octobre Novembre Décembre
V/Λ2007 > Janvier Février Mars Avril Mai Juin Juillet Août Septembre Octobre Novembre Décembre
V/Λ2006 > Janvier Février Mars Avril Mai Juin Juillet Août Septembre Octobre Novembre Décembre
V/Λ2005 > Janvier Février Mars Avril Mai Juin Juillet Août Septembre Octobre Novembre Décembre
V/Λ2004 > Janvier Février Mars Avril Mai Juin Juillet Août Septembre Octobre Novembre Décembre
V/Λ2003 > Janvier Février Mars Avril Mai Juin Juillet Août Septembre Octobre Novembre Décembre
V/Λ2002 > Janvier Février Mars Avril Mai Juin Juillet Août Septembre Octobre Novembre Décembre

Rapport pour Janvier 2020
                   Monthly Climatological Summary for janv. 2020

Name:    City: Meyenheim   State: Alsace, FR
Elevation: 210 m  Lat: N 47 54 42   Lon: E 007 21 20

                  Temperature (°C), Rain (mm), Wind Speed (km/h)

                                      Heat  Cool        Avg
    Mean                              Deg   Deg         Wind                 Dom
Day Temp  High   Time   Low    Time   Days  Days  Rain  Speed High   Time    Dir
----------------------------------------------------------------------------------
01  -1.3  -0.1   21:07  -2.6   04:02  19.6   0.0   0.0   0.5  13.7   20:33     S
02   0.8   4.8   15:21  -1.3   01:12  17.5   0.0   0.0   2.6  32.4   22:47     S
03   5.9  10.0   13:30   2.1   02:53  12.4   0.0   0.0   7.5  46.1   15:02     S
04   6.0   8.3   13:40   1.7   19:53  12.3   0.0   0.0   3.1  36.8   04:38   SSO
05   1.6   7.1   14:29  -1.6   08:07  16.7   0.0   0.0   1.1  15.1   15:18   NNO
06   1.0   6.9   14:38  -2.9   08:42  17.3   0.0   0.0   1.4  26.0   19:26     S
07   4.1   8.6   14:40   0.5   23:40  14.2   0.0   0.0   2.7  33.2   02:57     S
08   5.2  10.3   14:39   0.1   08:19  13.1   0.0   0.0   3.5  19.5   14:20     S
09   9.7  15.0   13:42   6.3   07:18   8.6   0.0   0.0   6.7  37.5   02:51   SSE
10   8.2  11.6   11:45   5.2   23:58  10.1   0.0   0.0   6.3  46.1   12:22   SSO
11   4.0   8.7   13:20  -0.6   23:53  14.3   0.0   0.0   0.9  13.7   11:56   NNO
12   1.6   6.6   14:04  -2.1   04:34  16.7   0.0   0.0   2.0  29.6   13:39   SSO
13   4.7  10.0   14:40   1.2   23:57  13.6   0.0   0.0   2.8  36.0   16:22     S
14   7.2  12.3   13:38   1.0   01:16  11.1   0.0   0.0   7.8  41.8   12:08   SSE
15   9.0  14.2   15:32   2.6   08:29   9.3   0.0   0.0   6.9  38.9   10:43     S
16   8.8  14.5   13:57   5.1   23:18   9.5   0.0   0.0   2.3  24.5   00:11     S
17   6.1   9.3   13:45   2.6   03:50  12.2   0.0   0.0   5.3  32.4   05:14     S
18   4.8   8.2   13:37   0.2   23:07  13.5   0.0   0.0   4.7  43.3   10:55   SSO
19   1.7   4.9   14:26  -2.4   06:43  16.6   0.0   0.0   4.4  36.0   12:09   NNO
20   2.5   6.4   14:15   0.0   23:09  15.8   0.0   0.0   8.1  37.5   04:31   NNO
21  -0.4   4.4   14:43  -4.0   08:13  18.7   0.0   0.0   1.8  33.2   11:00   NNO
22  -2.5  -1.6   13:43  -4.8   05:39  20.8   0.0   0.0   1.9  26.0   17:31   NNO
23  -1.9  -1.4   22:29  -2.9   23:56  20.2   0.0   0.0   2.2  20.2   07:40   NNO
24  -1.0   5.8   15:13  -4.8   05:59  19.3   0.0   0.0   0.3   5.0   06:07   SSE
25   2.1   9.7   15:04  -1.9   00:11  16.2   0.0   0.0   0.8   7.9   11:05   SSE
26   3.8  12.1   13:57  -1.6   06:18  14.5   0.0   0.0   2.5  26.7   15:02   SSE
27   7.1  10.9   12:49   4.6   07:36  11.2   0.0   1.8   7.3  40.4   19:00     S
28   6.2   8.7   13:04   2.9   17:27  12.1   0.0  12.4  11.3  66.3   09:38    SO
29   5.3   8.3   12:56   3.1   08:48  13.0   0.0   1.8   6.5  51.9   00:52   SSO
30   7.1  10.6   14:10   3.2   07:58  11.2   0.0   0.2   6.7  35.3   20:44     S
31  12.1  15.5   13:49   9.8   00:00   6.2   0.0   0.0   9.4  41.8   10:21     S
----------------------------------------------------------------------------------
     4.2  15.5    31    -4.8    22   437.8   0.0  16.2   4.2  66.3    28       S

Max >=  27.0  0
Max <=   0.0  3
Min <= -10.0  0
Min <= -18.0  0
Max Rain: 12.4 on day 28
Days of Rain: 4 (>= 0.2 mm)  1 (>= 2.0 mm)  0 (>= 20.0 mm)
Heat Base: 18.3  Cool Base: 18.3  Method: Integration


Mise à jour : 20/02/2020 01:52:22
powered by Cumulus v3.3.0 (3063)