METEO Meyenheim

 Latitude N 47° 54' 42"    Longitude E 07° 21' 22"    Altitude 210 m

Rapports de type NOAA
Selectionner un rapport Annuel ou mensuel
V/Λ2020 > Janvier Février Mars Avril Mai Juin Juillet Août Septembre Octobre Novembre Décembre
V/Λ2019 > Janvier Février Mars Avril Mai Juin Juillet Août Septembre Octobre Novembre Décembre
V/Λ2018 > Janvier Février Mars Avril Mai Juin Juillet Août Septembre Octobre Novembre Décembre
V/Λ2017 > Janvier Février Mars Avril Mai Juin Juillet Août Septembre Octobre Novembre Décembre
V/Λ2016 > Janvier Février Mars Avril Mai Juin Juillet Août Septembre Octobre Novembre Décembre
V/Λ2015 > Janvier Février Mars Avril Mai Juin Juillet Août Septembre Octobre Novembre Décembre
V/Λ2014 > Janvier Février Mars Avril Mai Juin Juillet Août Septembre Octobre Novembre Décembre
V/Λ2013 > Janvier Février Mars Avril Mai Juin Juillet Août Septembre Octobre Novembre Décembre
V/Λ2012 > Janvier Février Mars Avril Mai Juin Juillet Août Septembre Octobre Novembre Décembre
V/Λ2011 > Janvier Février Mars Avril Mai Juin Juillet Août Septembre Octobre Novembre Décembre
V/Λ2010 > Janvier Février Mars Avril Mai Juin Juillet Août Septembre Octobre Novembre Décembre
V/Λ2009 > Janvier Février Mars Avril Mai Juin Juillet Août Septembre Octobre Novembre Décembre
V/Λ2008 > Janvier Février Mars Avril Mai Juin Juillet Août Septembre Octobre Novembre Décembre
V/Λ2007 > Janvier Février Mars Avril Mai Juin Juillet Août Septembre Octobre Novembre Décembre
V/Λ2006 > Janvier Février Mars Avril Mai Juin Juillet Août Septembre Octobre Novembre Décembre
V/Λ2005 > Janvier Février Mars Avril Mai Juin Juillet Août Septembre Octobre Novembre Décembre
V/Λ2004 > Janvier Février Mars Avril Mai Juin Juillet Août Septembre Octobre Novembre Décembre
V/Λ2003 > Janvier Février Mars Avril Mai Juin Juillet Août Septembre Octobre Novembre Décembre
V/Λ2002 > Janvier Février Mars Avril Mai Juin Juillet Août Septembre Octobre Novembre Décembre

Rapport pour Février 2020
                   Monthly Climatological Summary for févr. 2020

Name:    City: Meyenheim   State: Alsace, FR
Elevation: 210 m  Lat: N 47 54 42   Lon: E 007 21 20

                  Temperature (°C), Rain (mm), Wind Speed (km/h)

                                      Heat  Cool        Avg
    Mean                              Deg   Deg         Wind                 Dom
Day Temp  High   Time   Low    Time   Days  Days  Rain  Speed High   Time    Dir
----------------------------------------------------------------------------------
01  12.0  14.5   12:13   9.7   05:37   6.3   0.0   0.8  10.4  55.5   10:13     S
02  11.9  14.4   16:05   9.5   05:50   6.4   0.0   1.2  11.9  47.6   12:22     S
03  11.8  14.4   23:40   9.5   11:32   6.5   0.0   9.8   9.1  51.9   00:21     S
04   6.6  14.2   00:00   4.3   23:04  11.7   0.0   5.2   5.7  57.7   02:06   OSO
05   3.2   8.3   14:57  -1.1   23:35  15.1   0.0   0.2   0.9  28.8   10:35     N
06   1.1   7.4   14:49  -2.0   07:16  17.2   0.0   0.0   0.8  13.7   12:42     N
07   0.1   7.0   14:53  -3.9   07:13  18.2   0.0   0.0   0.8  29.6   14:26     N
08   3.6  12.6   14:51  -1.9   01:12  14.7   0.0   0.0   1.9  17.3   13:47   SSE
09   8.9  14.2   13:22   2.2   02:21   9.4   0.0   0.0   9.5  62.7   23:40     S
10  11.1  13.8   00:05   7.5   11:36   7.2   0.0  12.2  19.0  78.6   09:08    SO
11   6.1   9.2   00:00   3.9   21:41  12.2   0.0  11.0   9.3  49.7   00:46   OSO
12   5.3   8.8   12:48   3.5   03:27  13.0   0.0   0.2   7.2  41.8   12:01   SSO
13   5.4  10.0   16:17   1.5   04:55  12.9   0.0  15.8   7.1  54.1   16:33   SSO
14   7.4  13.2   15:40   3.3   22:16  10.9   0.0   0.0   4.3  44.0   04:04   SSO
15   7.0  15.2   14:25   0.4   05:57  11.3   0.0   0.0   3.9  30.3   20:53   SSE
16  13.0  19.2   13:52   7.1   04:06   5.3   0.0   0.0   8.6  50.5   13:36     S
17  11.0  15.7   00:41   6.1   23:10   7.3   0.0   1.4   7.8  58.4   01:31   SSO
18   6.8  10.9   13:38   4.1   04:45  11.5   0.0   1.4   6.5  32.4   02:34   SSO
19   6.6   9.7   14:47   4.8   07:27  11.7   0.0   2.6   7.9  45.4   16:19    SO
20   8.8  13.7   15:32   4.8   02:18   9.5   0.0   0.0   7.5  34.6   16:08     S
21   6.0  11.4   13:21   1.1   07:54  12.3   0.0   0.0   3.6  27.4   16:27   SSO
22   7.5  15.1   12:49  -0.5   05:31  10.8   0.0   0.0   6.1  38.9   21:45     S
23  12.4  15.6   15:11   8.8   05:36   5.9   0.0   0.0  11.5  65.6   11:49   SSO
24  12.9  15.7   14:50  10.2   07:24   5.4   0.0   0.0   9.3  52.6   20:16   SSO
25   8.5  12.1   00:06   6.3   20:55   9.8   0.0   0.0   9.7  53.4   14:07   SSO
26   3.6   7.5   00:00   0.9   14:34  14.7   0.0   2.4   7.2  58.4   01:37   SSO
27   3.4   8.6   17:37   0.9   00:38  14.9   0.0  16.4   9.0  63.4   18:55    SO
28   5.7  10.9   14:48   0.6   07:41  12.6   0.0   0.6   5.1  32.4   06:29   SSO
29  10.0  17.2   13:53   6.2   08:07   8.3   0.0   1.6   8.2  73.5   16:29     S
----------------------------------------------------------------------------------
     7.5  19.2    16    -3.9     7   313.0   0.0  82.8   7.2  78.6    10     SSO

Max >=  27.0  0
Max <=   0.0  0
Min <= -10.0  0
Min <= -18.0  0
Max Rain: 16.4 on day 27
Days of Rain: 16 (>= 0.2 mm)  8 (>= 2.0 mm)  0 (>= 20.0 mm)
Heat Base: 18.3  Cool Base: 18.3  Method: Integration


Mise à jour :
powered by Cumulus v ()