METEO Meyenheim

 Latitude N 47° 54' 42"    Longitude E 07° 21' 22"    Altitude 210 m

Rapports de type NOAA
Selectionner un rapport Annuel ou mensuel
V/Λ2020 > Janvier Février Mars Avril Mai Juin Juillet Août Septembre Octobre Novembre Décembre
V/Λ2019 > Janvier Février Mars Avril Mai Juin Juillet Août Septembre Octobre Novembre Décembre
V/Λ2018 > Janvier Février Mars Avril Mai Juin Juillet Août Septembre Octobre Novembre Décembre
V/Λ2017 > Janvier Février Mars Avril Mai Juin Juillet Août Septembre Octobre Novembre Décembre
V/Λ2016 > Janvier Février Mars Avril Mai Juin Juillet Août Septembre Octobre Novembre Décembre
V/Λ2015 > Janvier Février Mars Avril Mai Juin Juillet Août Septembre Octobre Novembre Décembre
V/Λ2014 > Janvier Février Mars Avril Mai Juin Juillet Août Septembre Octobre Novembre Décembre
V/Λ2013 > Janvier Février Mars Avril Mai Juin Juillet Août Septembre Octobre Novembre Décembre
V/Λ2012 > Janvier Février Mars Avril Mai Juin Juillet Août Septembre Octobre Novembre Décembre
V/Λ2011 > Janvier Février Mars Avril Mai Juin Juillet Août Septembre Octobre Novembre Décembre
V/Λ2010 > Janvier Février Mars Avril Mai Juin Juillet Août Septembre Octobre Novembre Décembre
V/Λ2009 > Janvier Février Mars Avril Mai Juin Juillet Août Septembre Octobre Novembre Décembre
V/Λ2008 > Janvier Février Mars Avril Mai Juin Juillet Août Septembre Octobre Novembre Décembre
V/Λ2007 > Janvier Février Mars Avril Mai Juin Juillet Août Septembre Octobre Novembre Décembre
V/Λ2006 > Janvier Février Mars Avril Mai Juin Juillet Août Septembre Octobre Novembre Décembre
V/Λ2005 > Janvier Février Mars Avril Mai Juin Juillet Août Septembre Octobre Novembre Décembre
V/Λ2004 > Janvier Février Mars Avril Mai Juin Juillet Août Septembre Octobre Novembre Décembre
V/Λ2003 > Janvier Février Mars Avril Mai Juin Juillet Août Septembre Octobre Novembre Décembre
V/Λ2002 > Janvier Février Mars Avril Mai Juin Juillet Août Septembre Octobre Novembre Décembre

Rapport pour Mars 2020
                   Monthly Climatological Summary for mars 2020

Name:     City: Meyenheim   State: Alsace, FR
Elevation: 210 m  Lat: N 47 54 42   Lon: E 007 21 20

                  Temperature (°C), Rain (mm), Wind Speed (km/h)

                                      Heat  Cool        Avg
    Mean                              Deg   Deg         Wind                 Dom
Day Temp  High   Time   Low    Time   Days  Days  Rain  Speed High   Time    Dir
----------------------------------------------------------------------------------
01   9.1  15.0   15:18   5.5   23:44   9.2   0.0   1.2   8.7  84.4   18:24   SSO
02   5.2   6.8   10:19   2.3   06:25  13.1   0.0   5.2   3.5  44.7   23:45   SSO
03   5.6   9.1   13:27   3.3   07:21  12.7   0.0   0.0   4.2  33.2   05:16   SSO
04   5.5  12.1   13:33   0.9   03:23  12.8   0.0   0.0   3.3  37.5   12:03   SSO
05   6.7   9.7   17:44   4.4   00:00  11.6   0.0  18.6   4.8  55.5   23:11     S
06   5.8   7.5   00:05   4.2   07:56  12.5   0.0   1.4  11.5  64.2   03:13   SSO
07   5.2  11.3   11:46   1.1   22:55  13.1   0.0   0.0   1.3  12.3   11:57   SSO
08   6.9  13.1   16:39   0.9   00:29  11.4   0.0   0.0   5.8  34.6   09:51     S
09   7.5  12.7   14:44   4.3   23:34  10.8   0.0   0.0   5.1  29.6   02:58   SSO
10   7.5  11.6   23:02   4.1   01:37  10.8   0.0   0.2  10.8  57.0   10:21     S
11  12.2  15.3   13:17  10.2   04:46   6.1   0.0   0.0   9.4  38.2   03:07     S
12  12.6  16.6   15:10  10.0   22:53   5.7   0.0   0.0   8.7  44.7   10:24   SSO
13   9.0  14.5   14:06   2.8   23:46   9.2   0.0   0.0   3.4  32.4   06:09   OSO
14   6.0  13.3   12:37   1.0   04:52  12.2   0.0   0.0   0.7   9.4   13:06    NO
15   7.4  20.3   15:48  -0.3   06:44  10.9   0.0   0.0   1.7  28.1   09:55     S
16  11.1  20.2   15:00   2.9   05:28   7.3   0.1   0.0   2.7  26.7   13:54   SSO
17  12.2  19.4   14:41   8.0   23:57   6.1   0.0   0.0   0.5  26.0   01:18     O
18  11.4  20.6   16:16   3.8   06:40   7.1   0.3   0.0   1.3  10.1   15:39   NNO
19  11.9  20.8   16:29   4.5   06:33   6.7   0.3   0.0   1.6  13.7   12:16   NNO
20  12.1  20.1   13:30   4.7   06:48   6.3   0.2   0.0   3.1  25.2   23:46   NNO
21   6.2  10.8   00:00   4.0   18:20  12.1   0.0   0.0  10.7  36.0   11:34   NNO
22   5.6  11.5   14:46   1.6   23:51  12.7   0.0   1.2  11.5  41.8   01:58     N
23   4.4  12.8   16:11  -0.8   06:17  13.9   0.0   0.0   9.2  44.0   13:05     N
24   4.5  12.1   14:46  -1.1   06:32  13.8   0.0   0.0   9.9  38.2   17:01     N
25   4.7  10.8   15:39  -0.1   06:50  13.6   0.0   0.0   8.3  42.5   14:55     N
26   4.3   9.2   15:25  -0.4   06:02  14.0   0.0   0.0   7.5  31.0   02:54     N
27   6.8  14.5   16:21   0.1   07:05  11.4   0.0   0.0   3.1  16.6   13:08     N
28   9.0  20.9   13:27   0.1   05:40   9.3   0.0   0.0   3.2  21.6   17:10     N
29   5.3  10.2   00:20   2.5   22:17  12.4   0.0   4.2  12.2  41.8   12:26     N
30   3.6   8.5   15:45   0.6   23:58  14.7   0.0   0.6  12.4  40.4   01:48     N
31   4.7  12.6   15:33  -0.9   04:27  13.6   0.0   0.0   8.3  46.9   15:10     N
----------------------------------------------------------------------------------
     7.4  20.9    28    -1.1    24   337.1   0.9  32.6   6.1  84.4     1      NO

Max >=  27.0  0
Max <=   0.0  0
Min <= -10.0  0
Min <= -18.0  0
Max Rain: 18.6 on day 5
Days of Rain: 8 (>= 0.2 mm)  3 (>= 2.0 mm)  0 (>= 20.0 mm)
Heat Base: 18.3  Cool Base: 18.3  Method: Integration


Mise à jour :
powered by Cumulus v ()