METEO Meyenheim

 Latitude N 47° 54' 42"    Longitude E 07° 21' 22"    Altitude 210 m

Rapports de type NOAA
Selectionner un rapport Annuel ou mensuel
V/Λ2020 > Janvier Février Mars Avril Mai Juin Juillet Août Septembre Octobre Novembre Décembre
V/Λ2019 > Janvier Février Mars Avril Mai Juin Juillet Août Septembre Octobre Novembre Décembre
V/Λ2018 > Janvier Février Mars Avril Mai Juin Juillet Août Septembre Octobre Novembre Décembre
V/Λ2017 > Janvier Février Mars Avril Mai Juin Juillet Août Septembre Octobre Novembre Décembre
V/Λ2016 > Janvier Février Mars Avril Mai Juin Juillet Août Septembre Octobre Novembre Décembre
V/Λ2015 > Janvier Février Mars Avril Mai Juin Juillet Août Septembre Octobre Novembre Décembre
V/Λ2014 > Janvier Février Mars Avril Mai Juin Juillet Août Septembre Octobre Novembre Décembre
V/Λ2013 > Janvier Février Mars Avril Mai Juin Juillet Août Septembre Octobre Novembre Décembre
V/Λ2012 > Janvier Février Mars Avril Mai Juin Juillet Août Septembre Octobre Novembre Décembre
V/Λ2011 > Janvier Février Mars Avril Mai Juin Juillet Août Septembre Octobre Novembre Décembre
V/Λ2010 > Janvier Février Mars Avril Mai Juin Juillet Août Septembre Octobre Novembre Décembre
V/Λ2009 > Janvier Février Mars Avril Mai Juin Juillet Août Septembre Octobre Novembre Décembre
V/Λ2008 > Janvier Février Mars Avril Mai Juin Juillet Août Septembre Octobre Novembre Décembre
V/Λ2007 > Janvier Février Mars Avril Mai Juin Juillet Août Septembre Octobre Novembre Décembre
V/Λ2006 > Janvier Février Mars Avril Mai Juin Juillet Août Septembre Octobre Novembre Décembre
V/Λ2005 > Janvier Février Mars Avril Mai Juin Juillet Août Septembre Octobre Novembre Décembre
V/Λ2004 > Janvier Février Mars Avril Mai Juin Juillet Août Septembre Octobre Novembre Décembre
V/Λ2003 > Janvier Février Mars Avril Mai Juin Juillet Août Septembre Octobre Novembre Décembre
V/Λ2002 > Janvier Février Mars Avril Mai Juin Juillet Août Septembre Octobre Novembre Décembre

Rapport pour Avril 2020
                   Monthly Climatological Summary for avr. 2020

Name:     City: Meyenheim   State: Alsace, FR
Elevation: 210 m  Lat: N 47 54 42   Lon: E 007 21 20

                  Temperature (°C), Rain (mm), Wind Speed (km/h)

                                      Heat  Cool        Avg
    Mean                              Deg   Deg         Wind                 Dom
Day Temp  High   Time   Low    Time   Days  Days  Rain  Speed High   Time    Dir
----------------------------------------------------------------------------------
01   5.5  13.8   17:00  -0.9   07:32  12.8   0.0   0.0   3.6  23.8   01:42     N
02   6.5  16.9   15:54  -2.9   08:00  11.7   0.0   0.0   1.0  13.0   18:50   SSO
03   6.9  17.5   15:04  -1.2   07:19  11.4   0.0   0.0   1.4  31.0   13:00     N
04   8.6  17.9   15:49  -0.2   07:04   9.6   0.0   0.0   2.7  38.9   10:27     N
05  10.4  21.9   17:08  -0.1   07:14   8.4   0.5   0.0   0.8  14.4   14:03     N
06  13.4  24.1   16:42   3.9   04:04   6.2   1.3   0.0   2.5  24.5   12:08   SSO
07  13.6  25.3   15:47   2.9   07:10   6.2   1.6   0.0   1.4  22.4   16:23     N
08  14.1  24.9   16:24   4.1   06:46   5.7   1.4   0.0   0.6  11.5   17:39   SSO
09  15.1  25.1   15:32   5.3   06:30   5.0   1.8   0.0   1.8  31.0   13:28     N
10  15.3  25.5   15:43   5.3   06:50   4.7   1.7   0.0   1.8  18.0   16:56     N
11  15.7  25.6   15:49   6.3   07:05   4.2   1.7   0.0   0.8  11.5   09:21     N
12  16.9  26.8   14:00   9.0   07:31   3.5   2.1   0.0   2.1  28.8   13:51    SO
13  14.1  24.5   15:45   8.4   06:50   5.2   1.0   0.0   5.0  47.6   21:49     N
14   8.0  14.2   16:16   2.5   07:02  10.3   0.0   0.0   9.6  45.4   10:47     N
15  10.2  20.7   17:42   1.0   07:13   8.3   0.2   0.0   3.2  18.0   01:45     N
16  14.6  25.7   15:10   3.8   04:27   5.6   1.9   0.0   1.9  24.5   14:10   SSO
17  17.3  26.8   16:20   8.4   06:57   3.4   2.4   0.0   2.3  28.8   16:04   SSO
18  16.9  25.4   14:40   9.1   06:52   3.1   1.7   0.0   2.6  36.8   10:22    SO
19  16.5  24.6   16:14   8.7   06:44   3.2   1.4   0.0   5.5  32.4   19:51     N
20  15.7  22.6   16:41  10.9   07:13   3.2   0.7   0.0  10.3  46.1   06:50     N
21  14.6  20.8   17:04   9.8   06:41   4.0   0.3   0.0   7.7  33.2   13:06     N
22  16.2  24.0   16:51   9.8   06:42   3.4   1.2   0.0   7.7  26.0   18:18     N
23  15.5  24.6   15:57   6.3   05:22   4.3   1.5   0.0   2.0  17.3   11:27     N
24  16.1  26.6   16:12   6.6   06:57   4.3   2.0   0.0   1.2  19.5   16:27   OSO
25  17.0  23.8   15:17  11.3   06:57   2.5   1.2   0.0   3.2  23.1   21:06     N
26  14.3  22.2   15:15  10.3   05:52   4.4   0.4   2.0   1.8  26.0   08:07   NNO
27  16.9  25.6   15:57   9.3   06:26   3.1   1.7   0.0   3.7  33.9   22:29   SSO
28  15.2  19.5   12:21  11.3   23:41   3.1   0.0   1.2   6.3  38.9   10:52   SSO
29  13.4  19.1   16:07  10.0   06:04   4.9   0.0   0.6   7.1  36.0   09:29    SO
30  12.0  15.2   16:18  10.4   22:28   6.3   0.0   4.0   7.8  37.5   08:43   SSO
----------------------------------------------------------------------------------
    13.6  26.8    12    -2.9     2   172.0  29.7   7.8   3.6  47.6    13     NNO

Max >=  27.0  0
Max <=   0.0  0
Min <= -10.0  0
Min <= -18.0  0
Max Rain: 4.0 on day 30
Days of Rain: 4 (>= 0.2 mm)  2 (>= 2.0 mm)  0 (>= 20.0 mm)
Heat Base: 18.3  Cool Base: 18.3  Method: Integration


Mise à jour :
powered by Cumulus v ()