METEO Meyenheim

 Latitude N 47° 54' 42"    Longitude E 07° 21' 22"    Altitude 210 m

Rapports de type NOAA
Selectionner un rapport Annuel ou mensuel
V/Λ2020 > Janvier Février Mars Avril Mai Juin Juillet Août Septembre Octobre Novembre Décembre
V/Λ2019 > Janvier Février Mars Avril Mai Juin Juillet Août Septembre Octobre Novembre Décembre
V/Λ2018 > Janvier Février Mars Avril Mai Juin Juillet Août Septembre Octobre Novembre Décembre
V/Λ2017 > Janvier Février Mars Avril Mai Juin Juillet Août Septembre Octobre Novembre Décembre
V/Λ2016 > Janvier Février Mars Avril Mai Juin Juillet Août Septembre Octobre Novembre Décembre
V/Λ2015 > Janvier Février Mars Avril Mai Juin Juillet Août Septembre Octobre Novembre Décembre
V/Λ2014 > Janvier Février Mars Avril Mai Juin Juillet Août Septembre Octobre Novembre Décembre
V/Λ2013 > Janvier Février Mars Avril Mai Juin Juillet Août Septembre Octobre Novembre Décembre
V/Λ2012 > Janvier Février Mars Avril Mai Juin Juillet Août Septembre Octobre Novembre Décembre
V/Λ2011 > Janvier Février Mars Avril Mai Juin Juillet Août Septembre Octobre Novembre Décembre
V/Λ2010 > Janvier Février Mars Avril Mai Juin Juillet Août Septembre Octobre Novembre Décembre
V/Λ2009 > Janvier Février Mars Avril Mai Juin Juillet Août Septembre Octobre Novembre Décembre
V/Λ2008 > Janvier Février Mars Avril Mai Juin Juillet Août Septembre Octobre Novembre Décembre
V/Λ2007 > Janvier Février Mars Avril Mai Juin Juillet Août Septembre Octobre Novembre Décembre
V/Λ2006 > Janvier Février Mars Avril Mai Juin Juillet Août Septembre Octobre Novembre Décembre
V/Λ2005 > Janvier Février Mars Avril Mai Juin Juillet Août Septembre Octobre Novembre Décembre
V/Λ2004 > Janvier Février Mars Avril Mai Juin Juillet Août Septembre Octobre Novembre Décembre
V/Λ2003 > Janvier Février Mars Avril Mai Juin Juillet Août Septembre Octobre Novembre Décembre
V/Λ2002 > Janvier Février Mars Avril Mai Juin Juillet Août Septembre Octobre Novembre Décembre

Rapport pour Mai 2020
                   Monthly Climatological Summary for mai 2020

Name:     City: Meyenheim   State: Alsace, FR
Elevation: 210 m  Lat: N 47° 54' 42"   Lon: E 007° 21' 20"

                  Temperature (°C), Rain (mm), Wind Speed (km/h)

                                      Heat  Cool        Avg
    Mean                              Deg   Deg         Wind                 Dom
Day Temp  High   Time   Low    Time   Days  Days  Rain  Speed High   Time    Dir
----------------------------------------------------------------------------------
01  11.4  15.0   18:36   8.8   23:36   6.9   0.0   0.4   8.7  46.1   10:53    SO
02  10.4  16.3   17:53   6.3   23:49   7.9   0.0   0.2   2.7  26.0   16:02   OSO
03  11.9  20.7   15:15   3.5   06:28   6.5   0.2   0.0   2.4  22.4   18:22   SSO
04  17.3  25.3   15:08  10.7   03:36   2.7   1.7   0.0   3.1  26.0   22:07   ONO
05  11.8  14.0   16:48  10.0   12:15   6.5   0.0   0.0   5.3  31.0   15:35     N
06  13.3  20.8   16:53   7.8   23:59   5.3   0.3   0.6   4.6  36.0   06:18     N
07  13.8  24.9   16:49   3.1   06:24   6.0   1.5   0.0   0.8  10.1   09:22   ONO
08  17.9  28.4   16:35   6.8   06:19   3.6   3.1   0.0   2.3  29.6   14:22   SSO
09  19.5  27.4   16:08  12.1   06:03   1.6   2.8   0.0   4.4  29.6   13:30    SO
10  20.2  27.3   16:25  14.7   06:28   1.0   2.9   1.6   4.5  31.0   11:41   SSO
11   9.8  16.1   00:00   4.6   19:58   8.5   0.0  17.2   8.6  44.7   10:41     N
12   8.9  16.1   16:11   3.2   05:59   9.3   0.0   0.0   7.4  39.7   13:41     N
13   8.7   9.7   09:47   7.3   06:04   9.6   0.0   7.8   4.2  37.5   17:39     N
14  10.1  13.4   16:08   7.7   05:49   8.2   0.0   0.8   8.0  29.6   14:56     N
15  12.7  18.9   15:03   9.1   07:43   5.6   0.0   0.0   6.6  34.6   03:55     N
16  13.4  22.0   16:42   5.4   03:47   5.5   0.7   0.0   3.6  20.9   13:42     N
17  14.6  23.8   16:13   5.7   06:01   4.9   1.2   0.0   3.9  26.0   09:57     N
18  16.9  26.4   16:47   7.6   05:50   3.6   2.2   0.0   2.9  18.7   17:29     N
19  19.1  27.3   15:50  10.1   05:17   2.4   3.2   0.0   5.2  28.1   12:33     N
20  20.7  27.1   16:38  14.3   06:02   0.8   3.1   0.0   6.4  33.9   02:55     N
21  20.3  29.1   17:26  11.5   06:04   1.6   3.5   0.0   2.8  28.1   01:28     N
22  20.3  27.5   14:11  12.1   05:30   1.4   3.5   0.0   3.5  29.6   13:04   SSO
23  14.5  21.0   00:40   8.3   23:45   4.1   0.3  15.8   3.1  26.0   13:10   NNO
24  14.4  22.4   16:06   8.5   00:00   4.5   0.6   0.0   3.9  20.9   20:54    SO
25  15.0  22.7   14:37   7.6   06:13   4.2   0.9   0.0   3.8  36.0   13:08     N
26  16.6  23.7   16:47   9.2   05:54   3.1   1.4   0.0   6.9  30.3   15:18     N
27  17.6  25.6   17:01  10.8   06:13   2.7   2.0   0.0   5.6  26.7   16:46     N
28  17.2  25.4   15:44   9.0   06:06   3.0   2.0   0.0   5.3  36.8   20:52     N
29  16.8  24.1   16:13  10.2   06:22   2.8   1.4   0.0   6.8  35.3   18:55     N
30  16.8  24.2   16:49  11.2   05:19   2.9   1.4   0.0   7.3  34.6   16:24     N
31  16.9  24.6   16:23   9.7   06:00   3.0   1.5   0.0   7.1  36.0   00:43     N
----------------------------------------------------------------------------------
    15.1  29.1    21     3.1     7   139.7  41.4  44.4   4.9  46.1     1     NNO

Max >=  27.0  7
Max <=   0.0  0
Min <= -10.0  0
Min <= -18.0  0
Max Rain: 17.2 on day 11
Days of Rain: 8 (>= 0.2 mm)  3 (>= 2.0 mm)  0 (>= 20.0 mm)
Heat Base: 18.3  Cool Base: 18.3  Method: Integration


Mise à jour :
powered by Cumulus v ()