METEO Meyenheim

 Latitude N 47° 54' 42"    Longitude E 07° 21' 22"    Altitude 210 m

Rapports de type NOAA
Selectionner un rapport Annuel ou mensuel
V/Λ2020 > Janvier Février Mars Avril Mai Juin Juillet Août Septembre Octobre Novembre Décembre
V/Λ2019 > Janvier Février Mars Avril Mai Juin Juillet Août Septembre Octobre Novembre Décembre
V/Λ2018 > Janvier Février Mars Avril Mai Juin Juillet Août Septembre Octobre Novembre Décembre
V/Λ2017 > Janvier Février Mars Avril Mai Juin Juillet Août Septembre Octobre Novembre Décembre
V/Λ2016 > Janvier Février Mars Avril Mai Juin Juillet Août Septembre Octobre Novembre Décembre
V/Λ2015 > Janvier Février Mars Avril Mai Juin Juillet Août Septembre Octobre Novembre Décembre
V/Λ2014 > Janvier Février Mars Avril Mai Juin Juillet Août Septembre Octobre Novembre Décembre
V/Λ2013 > Janvier Février Mars Avril Mai Juin Juillet Août Septembre Octobre Novembre Décembre
V/Λ2012 > Janvier Février Mars Avril Mai Juin Juillet Août Septembre Octobre Novembre Décembre
V/Λ2011 > Janvier Février Mars Avril Mai Juin Juillet Août Septembre Octobre Novembre Décembre
V/Λ2010 > Janvier Février Mars Avril Mai Juin Juillet Août Septembre Octobre Novembre Décembre
V/Λ2009 > Janvier Février Mars Avril Mai Juin Juillet Août Septembre Octobre Novembre Décembre
V/Λ2008 > Janvier Février Mars Avril Mai Juin Juillet Août Septembre Octobre Novembre Décembre
V/Λ2007 > Janvier Février Mars Avril Mai Juin Juillet Août Septembre Octobre Novembre Décembre
V/Λ2006 > Janvier Février Mars Avril Mai Juin Juillet Août Septembre Octobre Novembre Décembre
V/Λ2005 > Janvier Février Mars Avril Mai Juin Juillet Août Septembre Octobre Novembre Décembre
V/Λ2004 > Janvier Février Mars Avril Mai Juin Juillet Août Septembre Octobre Novembre Décembre
V/Λ2003 > Janvier Février Mars Avril Mai Juin Juillet Août Septembre Octobre Novembre Décembre
V/Λ2002 > Janvier Février Mars Avril Mai Juin Juillet Août Septembre Octobre Novembre Décembre

Rapport pour Juin 2020
                   Monthly Climatological Summary for juin 2020

Name:     City: Meyenheim   State: Alsace, FR
Elevation: 210 m  Lat: N 47° 54' 42"   Lon: E 007° 21' 20"

                  Temperature (°C), Rain (mm), Wind Speed (km/h)

                                      Heat  Cool        Avg
    Mean                              Deg   Deg         Wind                 Dom
Day Temp  High   Time   Low    Time   Days  Days  Rain  Speed High   Time    Dir
----------------------------------------------------------------------------------
01  19.5  28.5   17:41  11.7   05:00   2.1   3.3   0.0   5.9  29.6   00:38     N
02  20.5  29.5   17:17  11.0   05:11   1.7   3.9   0.0   2.6  16.6   08:07     N
03  20.1  29.4   14:42  13.6   03:09   1.3   3.0   0.0   4.5  38.9   19:04    SO
04  16.1  20.2   15:36  13.9   23:52   2.3   0.1   5.8   5.7  32.4   00:58    SO
05  13.4  16.6   15:17  11.8   07:00   4.9   0.0   0.0   7.9  52.6   16:09    SO
06  14.0  16.6   12:33  12.6   23:20   4.3   0.0   4.2   7.8  42.5   11:48   SSO
07  14.2  20.5   16:24  11.2   06:02   4.1   0.0   0.8   2.7  21.6   00:41    SO
08  15.4  22.5   14:22   9.7   03:24   3.6   0.7   0.0   4.0  26.0   13:59     N
09  14.2  16.9   11:56  11.8   05:38   4.1   0.0   1.2   5.2  28.1   13:22     N
10  14.8  20.4   13:39  12.4   02:06   3.6   0.1   8.8   3.1  21.6   12:15     N
11  16.9  23.1   16:49  12.3   05:43   2.4   1.0   0.0   3.1  18.0   17:14     N
12  19.5  28.7   16:21  12.1   05:26   1.7   2.9   0.0   2.9  24.5   20:30   NNO
13  16.8  25.1   15:18  12.2   05:56   2.3   0.8   7.7   3.1  37.5   19:54     O
14  16.6  22.5   17:16  13.9   05:30   2.1   0.4   0.2   2.6  29.6   00:40     S
15  16.4  23.5   13:07  11.0   05:03   2.6   0.8   0.0   0.9  12.3   17:21    SO
16  16.4  25.3   13:11  10.4   06:13   3.1   1.2   6.7   1.8  19.5   14:48     N
17  14.7  16.4   18:09  12.4   23:57   3.6   0.0  28.5   1.6  28.8   07:12    SO
18  16.6  23.5   16:09  10.0   06:02   2.9   1.2   0.2   4.2  23.8   12:00   SSO
19  15.4  20.9   12:11  12.1   05:52   3.0   0.1   3.3   2.1  31.7   17:32   SSO
20  16.8  24.4   14:38  11.0   06:29   2.6   1.1   0.0   2.2  24.5   06:49   OSO
21  18.6  26.5   16:57  10.8   05:43   2.3   2.5   0.0   1.6  18.7   14:14    SO
22  20.2  27.2   17:20  15.5   03:31   0.9   2.8   0.0   1.8  18.0   03:58   NNE
23  21.0  29.3   16:03  13.5   03:13   1.4   4.2   0.0   5.6  26.7   19:55     N
24  23.0  30.9   16:55  16.5   05:44   0.2   4.9   0.0   6.1  23.1   19:36     N
25  22.0  30.5   17:31  12.8   05:30   1.1   4.8   0.0   2.8  16.6   18:52     N
26  20.8  28.7   13:47  15.4   05:50   0.5   3.0   1.2   2.5  44.0   15:26   SSO
27  22.4  29.0   16:34  16.2   05:34   0.3   4.5   0.0   5.8  31.7   05:46   SSO
28  21.2  27.7   14:00  14.6   23:49   0.4   3.4   6.9   6.2  49.7   14:08    SO
29  18.0  25.5   15:37  14.0   04:42   1.8   1.5   0.6   3.7  32.4   17:17   OSO
30  19.0  30.3   18:16  12.1   05:42   1.9   2.6   0.0   4.9  36.8   15:11   SSO
----------------------------------------------------------------------------------
    17.8  30.9    24     9.7     8    69.1  54.8  76.1   3.8  52.6     5       O

Max >=  27.0 12
Max <=   0.0  0
Min <= -10.0  0
Min <= -18.0  0
Max Rain: 28.5 on day 17
Days of Rain: 14 (>= 0.2 mm)  8 (>= 2.0 mm)  1 (>= 20.0 mm)
Heat Base: 18.3  Cool Base: 18.3  Method: Integration


Mise à jour :
powered by Cumulus v ()