METEO Meyenheim

 Latitude N 47° 54' 42"    Longitude E 07° 21' 22"    Altitude 210 m

Rapports de type NOAA
Selectionner un rapport Annuel ou mensuel
V/Λ2020 > Janvier Février Mars Avril Mai Juin Juillet Août Septembre Octobre Novembre Décembre
V/Λ2019 > Janvier Février Mars Avril Mai Juin Juillet Août Septembre Octobre Novembre Décembre
V/Λ2018 > Janvier Février Mars Avril Mai Juin Juillet Août Septembre Octobre Novembre Décembre
V/Λ2017 > Janvier Février Mars Avril Mai Juin Juillet Août Septembre Octobre Novembre Décembre
V/Λ2016 > Janvier Février Mars Avril Mai Juin Juillet Août Septembre Octobre Novembre Décembre
V/Λ2015 > Janvier Février Mars Avril Mai Juin Juillet Août Septembre Octobre Novembre Décembre
V/Λ2014 > Janvier Février Mars Avril Mai Juin Juillet Août Septembre Octobre Novembre Décembre
V/Λ2013 > Janvier Février Mars Avril Mai Juin Juillet Août Septembre Octobre Novembre Décembre
V/Λ2012 > Janvier Février Mars Avril Mai Juin Juillet Août Septembre Octobre Novembre Décembre
V/Λ2011 > Janvier Février Mars Avril Mai Juin Juillet Août Septembre Octobre Novembre Décembre
V/Λ2010 > Janvier Février Mars Avril Mai Juin Juillet Août Septembre Octobre Novembre Décembre
V/Λ2009 > Janvier Février Mars Avril Mai Juin Juillet Août Septembre Octobre Novembre Décembre
V/Λ2008 > Janvier Février Mars Avril Mai Juin Juillet Août Septembre Octobre Novembre Décembre
V/Λ2007 > Janvier Février Mars Avril Mai Juin Juillet Août Septembre Octobre Novembre Décembre
V/Λ2006 > Janvier Février Mars Avril Mai Juin Juillet Août Septembre Octobre Novembre Décembre
V/Λ2005 > Janvier Février Mars Avril Mai Juin Juillet Août Septembre Octobre Novembre Décembre
V/Λ2004 > Janvier Février Mars Avril Mai Juin Juillet Août Septembre Octobre Novembre Décembre
V/Λ2003 > Janvier Février Mars Avril Mai Juin Juillet Août Septembre Octobre Novembre Décembre
V/Λ2002 > Janvier Février Mars Avril Mai Juin Juillet Août Septembre Octobre Novembre Décembre

Rapport pour Juillet 2020
                   Monthly Climatological Summary for juil. 2020

Name:     City: Meyenheim   State: Alsace, FR
Elevation: 210 m  Lat: N 47° 54' 42"   Lon: E 007° 21' 20"

                  Temperature (°C), Rain (mm), Wind Speed (km/h)

                                      Heat  Cool        Avg
    Mean                              Deg   Deg         Wind                 Dom
Day Temp  High   Time   Low    Time   Days  Days  Rain  Speed High   Time    Dir
----------------------------------------------------------------------------------
01  21.8  30.9   16:16  13.8   05:47   1.1   4.6   2.9   4.7  36.8   19:52    SO
02  20.7  27.2   16:06  18.0   03:49   0.0   2.5   0.0   4.8  26.0   15:20   OSO
03  20.0  26.3   17:14  15.3   06:47   0.5   2.2   0.0   1.8  13.0   16:10   NNO
04  19.8  27.2   16:13  11.4   05:57   1.8   3.3   0.0   4.2  36.0   20:49   SSO
05  22.7  28.8   16:43  17.9   05:48   0.0   4.4   0.0   7.9  38.2   09:29    SO
06  20.3  25.9   14:35  12.4   23:56   0.4   2.4   0.0   4.6  26.7   17:58    NO
07  17.2  25.9   16:56   8.8   05:19   3.2   2.0   0.0   1.6  15.9   14:05   NNE
08  19.7  30.0   17:34  10.2   06:18   2.3   3.7   0.0   2.7  36.0   15:18    SO
09  23.4  32.8   16:14  13.9   05:37   0.9   6.0   0.0   3.9  28.1   15:30    SO
10  23.6  30.9   14:32  17.6   05:43   0.0   5.3   0.0   6.2  33.9   12:41   OSO
11  19.6  26.2   15:58  14.7   23:52   1.0   2.3   0.2   4.2  21.6   11:15     N
12  19.6  28.0   16:25  11.7   05:24   1.8   3.2   0.0   7.4  26.7   14:12     N
13  20.1  28.5   17:23  11.8   06:17   1.5   3.3   0.0   3.2  30.3   15:43     N
14  20.5  29.6   13:18  12.6   03:55   1.7   4.0   0.0   1.9  19.5   15:27   SSO
15  17.6  21.7   18:45  15.5   05:28   1.1   0.5   3.1   2.1  26.0   13:44   ONO
16  16.9  19.2   14:09  14.9   05:40   1.5   0.1   0.2   1.7  18.7   12:15    SO
17  18.3  24.9   17:09  14.6   23:57   1.5   1.5   0.0   2.8  19.5   12:53     N
18  19.5  28.6   16:54  10.9   06:04   2.2   3.4   0.0   2.2  19.5   17:32     N
19  20.8  30.6   15:34  11.1   06:35   1.9   4.5   0.0   1.0  12.3   13:31    NE
20  22.8  33.6   16:07  13.1   05:57   1.3   5.8   0.0   2.8  26.7   17:19   SSO
21  22.3  30.0   16:46  15.7   06:41   0.3   4.3   0.0   4.8  18.7   12:21     N
22  22.0  30.4   16:06  15.3   07:08   0.5   4.2   0.0   3.4  15.1   01:01     N
23  21.5  30.2   15:57  13.6   05:39   0.9   4.1   0.0   2.6  17.3   08:30   NNE
24  19.1  28.4   13:01  15.2   04:50   0.8   1.6   3.7   1.7  22.4   13:34    SO
25  21.9  30.7   15:08  14.2   06:26   1.0   4.6   0.0   2.8  23.1   15:56    SO
26  21.6  27.9   13:30  16.4   06:22   0.2   3.6   0.6   3.8  28.1   12:16   OSO
27  23.5  33.8   17:14  13.2   05:40   1.1   6.4   0.0   3.9  31.0   13:41    SO
28  23.6  30.3   16:12  17.0   06:14   0.1   5.4   0.0   5.0  36.8   15:53   OSO
29  21.8  30.0   16:24  13.6   06:13   0.8   4.3   0.0   2.4  14.4   15:23   NNE
30  22.3  33.2   17:25  12.1   05:21   1.6   5.5   0.0   2.1  14.4   09:16   NNE
31  25.4  37.2   17:00  15.1   05:53   0.6   7.7   0.0   1.5  13.0   20:16   NNE
----------------------------------------------------------------------------------
    21.0  37.2    31     8.8     7    33.6 116.7  10.7   3.4  38.2     5       O

Max >=  27.0 24
Max <=   0.0  0
Min <= -10.0  0
Min <= -18.0  0
Max Rain: 3.7 on day 24
Days of Rain: 6 (>= 0.2 mm)  3 (>= 2.0 mm)  0 (>= 20.0 mm)
Heat Base: 18.3  Cool Base: 18.3  Method: Integration


Mise à jour :
powered by Cumulus v ()