METEO Meyenheim

 Latitude N 47° 54' 42"    Longitude E 07° 21' 22"    Altitude 210 m

Rapports de type NOAA
Selectionner un rapport Annuel ou mensuel
V/Λ2020 > Janvier Février Mars Avril Mai Juin Juillet Août Septembre Octobre Novembre Décembre
V/Λ2019 > Janvier Février Mars Avril Mai Juin Juillet Août Septembre Octobre Novembre Décembre
V/Λ2018 > Janvier Février Mars Avril Mai Juin Juillet Août Septembre Octobre Novembre Décembre
V/Λ2017 > Janvier Février Mars Avril Mai Juin Juillet Août Septembre Octobre Novembre Décembre
V/Λ2016 > Janvier Février Mars Avril Mai Juin Juillet Août Septembre Octobre Novembre Décembre
V/Λ2015 > Janvier Février Mars Avril Mai Juin Juillet Août Septembre Octobre Novembre Décembre
V/Λ2014 > Janvier Février Mars Avril Mai Juin Juillet Août Septembre Octobre Novembre Décembre
V/Λ2013 > Janvier Février Mars Avril Mai Juin Juillet Août Septembre Octobre Novembre Décembre
V/Λ2012 > Janvier Février Mars Avril Mai Juin Juillet Août Septembre Octobre Novembre Décembre
V/Λ2011 > Janvier Février Mars Avril Mai Juin Juillet Août Septembre Octobre Novembre Décembre
V/Λ2010 > Janvier Février Mars Avril Mai Juin Juillet Août Septembre Octobre Novembre Décembre
V/Λ2009 > Janvier Février Mars Avril Mai Juin Juillet Août Septembre Octobre Novembre Décembre
V/Λ2008 > Janvier Février Mars Avril Mai Juin Juillet Août Septembre Octobre Novembre Décembre
V/Λ2007 > Janvier Février Mars Avril Mai Juin Juillet Août Septembre Octobre Novembre Décembre
V/Λ2006 > Janvier Février Mars Avril Mai Juin Juillet Août Septembre Octobre Novembre Décembre
V/Λ2005 > Janvier Février Mars Avril Mai Juin Juillet Août Septembre Octobre Novembre Décembre
V/Λ2004 > Janvier Février Mars Avril Mai Juin Juillet Août Septembre Octobre Novembre Décembre
V/Λ2003 > Janvier Février Mars Avril Mai Juin Juillet Août Septembre Octobre Novembre Décembre
V/Λ2002 > Janvier Février Mars Avril Mai Juin Juillet Août Septembre Octobre Novembre Décembre

Rapport pour Août 2020
                   Monthly Climatological Summary for août 2020

Name:     City: Meyenheim   State: Alsace, FR
Elevation: 210 m  Lat: N 47° 54' 42"   Lon: E 007° 21' 20"

                  Temperature (°C), Rain (mm), Wind Speed (km/h)

                                      Heat  Cool        Avg
    Mean                              Deg   Deg         Wind                 Dom
Day Temp  High   Time   Low    Time   Days  Days  Rain  Speed High   Time    Dir
----------------------------------------------------------------------------------
01  25.9  35.8   13:59  18.0   21:33   0.0   7.6  11.4   2.9  73.5   21:10   ONO
02  19.4  22.2   11:58  17.7   01:42   0.1   1.2  25.2   1.4  15.1   13:10   SSO
03  17.0  23.4   12:33  14.2   04:48   1.9   0.6   3.5   1.3  26.7   00:50     N
04  16.8  24.6   16:56  12.8   23:57   2.4   0.9   0.0   1.9  23.8   18:03   OSO
05  18.0  28.0   17:24   9.3   06:06   3.1   2.9   0.0   2.9  33.9   14:42     N
06  19.8  28.7   17:23  10.9   05:37   2.2   3.7   0.0   1.8  14.4   12:07     N
07  22.6  31.6   17:59  14.3   06:48   0.9   5.2   0.0   1.5  13.7   16:01     N
08  24.3  32.9   15:52  16.4   05:41   0.3   6.3   0.0   1.4  13.0   13:54     N
09  24.5  33.2   18:10  15.7   06:43   0.3   6.5   0.0   1.2  12.3   16:07   NNO
10  23.9  33.1   16:28  16.7   06:40   0.2   5.8   0.0   1.4  19.5   16:02   NNE
11  25.0  34.4   14:17  17.9   05:44   0.0   6.7   0.0   2.5  15.9   16:15    SO
12  24.6  33.8   15:53  17.6   06:26   0.0   6.3   0.0   1.6  26.0   10:20   OSO
13  24.4  32.5   14:28  19.7   23:55   0.0   6.1   0.0   3.0  22.4   16:08    SO
14  20.6  25.6   14:17  17.7   23:55   0.0   2.4   3.1   2.5  19.5   01:11    SO
15  21.7  30.2   17:25  14.6   06:13   0.9   4.3   0.0   1.4  12.3   16:01   NNO
16  22.3  32.1   16:09  14.9   06:27   0.7   4.8   0.0   1.4  16.6   14:26   ONO
17  20.9  27.8   15:46  16.5   05:31   0.5   3.0   2.5   2.5  30.3   00:03    SO
18  19.5  26.6   15:14  14.2   06:35   1.0   2.2   2.1   2.3  26.0   12:51   SSO
19  21.2  29.0   16:49  14.5   04:23   1.0   3.9   0.0   2.0  19.5   04:42   SSO
20  25.5  34.6   16:50  18.4   06:57   0.0   7.2   0.0   2.2  20.2   15:59   SSO
21  26.3  35.5   16:35  19.2   04:30   0.0   8.0   0.0   4.4  33.9   10:41    SO
22  22.4  27.7   15:18  17.7   23:57   0.0   4.1   0.0   4.6  28.8   12:18   OSO
23  19.8  25.9   13:46  15.6   03:50   0.8   2.3   0.0   4.5  39.7   16:05   OSO
24  19.1  26.1   15:34  14.0   07:06   1.4   2.2   0.0   2.1  19.5   15:37   OSO
25  18.8  27.8   16:41   9.9   06:40   2.4   3.0   0.0   2.2  18.0   23:21   SSO
26  22.4  26.1   15:49  15.9   23:57   0.1   4.2   0.0   7.9  41.8   13:16   OSO
27  18.4  27.1   18:04  10.3   06:47   2.4   2.4   0.0   1.6  18.7   18:24   SSO
28  17.1  23.2   10:29  14.2   22:27   1.7   0.5   5.2   6.1  31.7   19:55   SSO
29  15.9  18.7   13:27  13.4   23:56   2.5   0.0   0.0   4.0  27.4   01:55   SSO
30  13.6  14.6   15:05  12.9   04:46   4.7   0.0  14.1   0.5  13.7   16:11   SSO
31  14.9  19.0   12:49  10.7   07:07   3.4   0.0   0.6   1.6  13.7   18:03     O
----------------------------------------------------------------------------------
    20.9  35.8     1     9.3     5    34.9 114.3  67.7   2.5  73.5     1     OSO

Max >=  27.0 19
Max <=   0.0  0
Min <= -10.0  0
Min <= -18.0  0
Max Rain: 25.2 on day 2
Days of Rain: 9 (>= 0.2 mm)  8 (>= 2.0 mm)  1 (>= 20.0 mm)
Heat Base: 18.3  Cool Base: 18.3  Method: Integration


Mise à jour :
powered by Cumulus v ()