METEO Meyenheim

 Latitude N 47° 54' 42"    Longitude E 07° 21' 22"    Altitude 210 m

Rapports de type NOAA
Selectionner un rapport Annuel ou mensuel
V/Λ2020 > Janvier Février Mars Avril Mai Juin Juillet Août Septembre Octobre Novembre Décembre
V/Λ2019 > Janvier Février Mars Avril Mai Juin Juillet Août Septembre Octobre Novembre Décembre
V/Λ2018 > Janvier Février Mars Avril Mai Juin Juillet Août Septembre Octobre Novembre Décembre
V/Λ2017 > Janvier Février Mars Avril Mai Juin Juillet Août Septembre Octobre Novembre Décembre
V/Λ2016 > Janvier Février Mars Avril Mai Juin Juillet Août Septembre Octobre Novembre Décembre
V/Λ2015 > Janvier Février Mars Avril Mai Juin Juillet Août Septembre Octobre Novembre Décembre
V/Λ2014 > Janvier Février Mars Avril Mai Juin Juillet Août Septembre Octobre Novembre Décembre
V/Λ2013 > Janvier Février Mars Avril Mai Juin Juillet Août Septembre Octobre Novembre Décembre
V/Λ2012 > Janvier Février Mars Avril Mai Juin Juillet Août Septembre Octobre Novembre Décembre
V/Λ2011 > Janvier Février Mars Avril Mai Juin Juillet Août Septembre Octobre Novembre Décembre
V/Λ2010 > Janvier Février Mars Avril Mai Juin Juillet Août Septembre Octobre Novembre Décembre
V/Λ2009 > Janvier Février Mars Avril Mai Juin Juillet Août Septembre Octobre Novembre Décembre
V/Λ2008 > Janvier Février Mars Avril Mai Juin Juillet Août Septembre Octobre Novembre Décembre
V/Λ2007 > Janvier Février Mars Avril Mai Juin Juillet Août Septembre Octobre Novembre Décembre
V/Λ2006 > Janvier Février Mars Avril Mai Juin Juillet Août Septembre Octobre Novembre Décembre
V/Λ2005 > Janvier Février Mars Avril Mai Juin Juillet Août Septembre Octobre Novembre Décembre
V/Λ2004 > Janvier Février Mars Avril Mai Juin Juillet Août Septembre Octobre Novembre Décembre
V/Λ2003 > Janvier Février Mars Avril Mai Juin Juillet Août Septembre Octobre Novembre Décembre
V/Λ2002 > Janvier Février Mars Avril Mai Juin Juillet Août Septembre Octobre Novembre Décembre

Rapport pour Octobre 2020
                   Monthly Climatological Summary for oct. 2020

Name:     City: Meyenheim   State: Alsace, FR
Elevation: 210 m  Lat: N 47° 54' 42"   Lon: E 007° 21' 20"

                  Temperature (°C), Rain (mm), Wind Speed (km/h)

                                      Heat  Cool        Avg
    Mean                              Deg   Deg         Wind                 Dom
Day Temp  High   Time   Low    Time   Days  Days  Rain  Speed High   Time    Dir
----------------------------------------------------------------------------------
01  11.8  17.7   13:05   7.8   03:07   6.5   0.0   0.2   4.2  33.9   13:12   SSO
02  12.2  16.4   17:16   8.7   08:03   6.1   0.0   0.2   2.6  31.0   21:42   NNO
03  10.7  15.4   16:58   6.9   10:24   7.6   0.0  10.4   5.0  54.8   22:53   SSO
04  12.0  16.9   14:30   8.7   06:51   6.3   0.0   1.5   8.5  59.1   05:35   SSO
05  10.7  13.7   13:24   8.5   08:24   7.6   0.0   0.2   7.9  53.4   14:50   SSO
06  12.3  16.2   15:49  10.3   08:41   6.0   0.0   4.0   8.9  47.6   00:54   SSO
07  11.9  15.8   16:00   9.2   03:31   6.4   0.0   2.5   6.9  41.8   04:18    SO
08  13.5  18.0   14:23  10.5   01:59   4.8   0.0   0.0   7.3  34.6   11:21   SSO
09  14.0  18.6   14:08  10.3   07:29   4.3   0.0   0.0   4.6  29.6   14:54   SSO
10  11.2  14.3   00:37   4.5   23:57   7.1   0.0   0.8   1.9  31.0   01:04   OSO
11   6.5  11.0   15:17   2.9   05:27  11.8   0.0   1.9   0.9  20.9   07:01    SO
12   6.6  11.4   12:39   3.1   03:13  11.7   0.0   2.5   0.8  20.9   18:01   SSO
13   6.4  12.3   17:17   1.3   04:28  11.9   0.0   0.0   0.6   8.7   12:35   ONO
14   8.2  13.2   14:53   5.6   05:48  10.1   0.0   0.0   6.5  31.0   13:27     N
15   8.1   9.7   13:04   6.8   01:35  10.2   0.0   0.0   7.8  28.8   16:38     N
16   9.4  10.9   16:29   8.4   05:32   8.9   0.0   0.0   7.6  28.1   03:38     N
17   8.5  11.7   13:31   6.3   04:20   9.8   0.0   0.0   2.9  32.4   12:05     N
18   8.7  12.8   13:55   6.2   07:28   9.6   0.0   0.0   0.4  11.5   13:19   SSO
19   7.8  14.3   16:22   3.4   08:15  10.5   0.0   0.0   0.6  26.7   12:33   SSO
20  10.2  16.9   15:15   3.1   01:51   8.1   0.0   0.0   3.4  25.2   15:14   SSO
21  13.8  19.8   16:06   9.0   07:24   4.6   0.1   0.0   3.9  31.0   10:29   SSO
22  15.0  20.3   15:30  11.3   05:46   3.6   0.2   0.2   5.1  28.1   07:02   SSO
23  13.6  14.3   12:47  12.6   23:42   4.8   0.0   6.9   4.2  31.7   18:28   SSO
24  12.3  16.1   13:02   7.5   23:34   6.0   0.0   1.0   4.9  40.4   17:14   SSO
25  12.6  18.9   14:02   6.9   07:00   6.0   0.0   0.6   4.9  33.9   12:10   SSO
26   8.6  11.8   00:00   6.8   23:59   9.7   0.0  10.8   5.2  27.4   12:53   SSO
27   9.1  12.3   14:54   6.3   03:36   9.2   0.0   0.0   6.5  39.7   22:30   SSO
28  12.0  15.4   12:05   9.1   06:16   6.3   0.0   0.2   9.8  45.4   23:14   SSO
29  12.0  14.0   13:40  10.6   06:10   6.3   0.0   1.0   8.9  46.1   00:09    SO
30  12.1  16.1   13:07   5.6   23:59   6.2   0.0   0.0   6.0  31.7   01:41   SSO
31   9.1  16.8   15:34   2.3   07:24   9.2   0.0   0.0   2.8  40.4   12:12   SSO
----------------------------------------------------------------------------------
    10.7  20.3    22     1.3    13   237.2   0.3  44.9   4.9  59.1     4      SO

Max >=  27.0  0
Max <=   0.0  0
Min <= -10.0  0
Min <= -18.0  0
Max Rain: 10.8 on day 26
Days of Rain: 17 (>= 0.2 mm)  6 (>= 2.0 mm)  0 (>= 20.0 mm)
Heat Base: 18.3  Cool Base: 18.3  Method: Integration


Mise à jour :
powered by Cumulus v ()