METEO Meyenheim

 Latitude N 47° 54' 42"    Longitude E 07° 21' 22"    Altitude 210 m

Rapports de type NOAA
Selectionner un rapport Annuel ou mensuel
V/Λ2021 > Janvier Février Mars Avril Mai Juin Juillet Août Septembre Octobre Novembre Décembre
V/Λ2020 > Janvier Février Mars Avril Mai Juin Juillet Août Septembre Octobre Novembre Décembre
V/Λ2019 > Janvier Février Mars Avril Mai Juin Juillet Août Septembre Octobre Novembre Décembre
V/Λ2018 > Janvier Février Mars Avril Mai Juin Juillet Août Septembre Octobre Novembre Décembre
V/Λ2017 > Janvier Février Mars Avril Mai Juin Juillet Août Septembre Octobre Novembre Décembre
V/Λ2016 > Janvier Février Mars Avril Mai Juin Juillet Août Septembre Octobre Novembre Décembre
V/Λ2015 > Janvier Février Mars Avril Mai Juin Juillet Août Septembre Octobre Novembre Décembre
V/Λ2014 > Janvier Février Mars Avril Mai Juin Juillet Août Septembre Octobre Novembre Décembre
V/Λ2013 > Janvier Février Mars Avril Mai Juin Juillet Août Septembre Octobre Novembre Décembre
V/Λ2012 > Janvier Février Mars Avril Mai Juin Juillet Août Septembre Octobre Novembre Décembre
V/Λ2011 > Janvier Février Mars Avril Mai Juin Juillet Août Septembre Octobre Novembre Décembre
V/Λ2010 > Janvier Février Mars Avril Mai Juin Juillet Août Septembre Octobre Novembre Décembre
V/Λ2009 > Janvier Février Mars Avril Mai Juin Juillet Août Septembre Octobre Novembre Décembre
V/Λ2008 > Janvier Février Mars Avril Mai Juin Juillet Août Septembre Octobre Novembre Décembre
V/Λ2007 > Janvier Février Mars Avril Mai Juin Juillet Août Septembre Octobre Novembre Décembre
V/Λ2006 > Janvier Février Mars Avril Mai Juin Juillet Août Septembre Octobre Novembre Décembre
V/Λ2005 > Janvier Février Mars Avril Mai Juin Juillet Août Septembre Octobre Novembre Décembre
V/Λ2004 > Janvier Février Mars Avril Mai Juin Juillet Août Septembre Octobre Novembre Décembre
V/Λ2003 > Janvier Février Mars Avril Mai Juin Juillet Août Septembre Octobre Novembre Décembre
V/Λ2002 > Janvier Février Mars Avril Mai Juin Juillet Août Septembre Octobre Novembre Décembre

Rapport pour Décembre 2020
                   Monthly Climatological Summary for déc. 2020

Name:     City: Meyenheim   State: Alsace, FR
Elevation: 210 m  Lat: N 47° 54' 42"   Lon: E 007° 21' 20"

                  Temperature (°C), Rain (mm), Wind Speed (km/h)

                                      Heat  Cool        Avg
    Mean                              Deg   Deg         Wind                 Dom
Day Temp  High   Time   Low    Time   Days  Days  Rain  Speed High   Time    Dir
----------------------------------------------------------------------------------
01   2.4   4.7   13:03   0.5   01:48  15.9   0.0   1.7   4.2  36.0   04:59   SSO
02   2.0   3.4   14:37   0.5   21:28  16.3   0.0   0.0   4.3  36.0   08:27     N
03   2.4   5.4   13:48   0.2   03:21  15.9   0.0   0.0   4.2  23.1   10:05   SSO
04   3.2   4.4   12:33   2.4   18:15  15.1   0.0  12.7   3.6  27.4   13:16   SSO
05   2.6   4.9   14:16   0.5   09:16  15.7   0.0   2.9   1.7  20.2   05:39   SSO
06   3.3   4.5   13:35   2.1   01:02  15.0   0.0   0.2   0.1   9.4   12:12   OSO
07   2.6   6.8   13:49  -1.3   21:35  15.7   0.0   0.0   3.1  26.0   11:18   SSO
08   0.8   3.3   14:37  -0.8   08:14  17.5   0.0   0.0   1.1  28.8   23:22   NNO
09   2.0   3.5   13:16   0.9   23:23  16.4   0.0   0.0   0.6  30.3   03:50   SSO
10   1.3   3.1   14:16  -0.6   23:49  17.0   0.0   0.0   0.8  24.5   15:39     O
11   1.8   4.2   22:43  -2.1   01:55  16.4   0.0   2.7   5.1  35.3   23:06   SSO
12   6.3   9.0   12:39   3.4   00:00  12.0   0.0   0.0   5.6  25.2   09:32   SSO
13   5.9   8.7   13:35   2.9   23:17  12.4   0.0   0.6   3.7  31.0   09:01    SO
14   4.7   9.0   13:57   1.2   05:18  13.6   0.0   0.0   3.8  33.9   00:34    SO
15   6.3   9.4   13:36   4.2   23:50  12.0   0.0   2.1   3.3  35.3   14:11   SSO
16   6.3   9.8   14:33   4.4   00:00  12.0   0.0   0.4   0.7  28.8   04:33   SSO
17   6.3  10.2   14:38   2.8   04:59  12.0   0.0   0.2   2.5  26.0   11:17   SSO
18   5.4  10.4   15:04   1.6   07:52  12.9   0.0   0.0   1.0  19.5   21:25   SSO
19   5.4   8.3   15:38   1.9   05:47  12.9   0.0   0.0   2.2  13.0   16:22    SO
20   6.9   9.0   14:41   5.4   23:02  11.4   0.0   1.0   2.7  20.9   01:06   SSO
21   7.1   9.5   16:08   5.0   01:09  11.2   0.0   0.0   5.1  40.4   21:15     S
22  12.0  13.7   13:33   8.7   00:00   6.3   0.0   0.0  10.2  53.4   07:42    SO
23  12.3  15.2   12:19  10.0   23:32   6.0   0.0   0.4   6.0  33.9   15:15   SSO
24   7.3  10.2   00:13   4.2   23:50  11.0   0.0   0.8   9.5  60.6   08:19    SO
25   2.4   4.5   14:07  -0.2   21:57  15.9   0.0   0.4   2.8  26.7   16:18     N
26   1.0   4.9   13:49  -0.9   02:13  17.3   0.0   0.0   2.6  25.2   13:01   SSO
27   1.7   6.6   20:13  -0.8   01:03  16.6   0.0   5.6  10.0  50.5   20:33     S
28   3.9   5.6   13:57   1.0   18:46  14.4   0.0   8.3   7.2  39.7   23:00   SSO
29   4.3   7.1   12:37   2.3   20:02  14.0   0.0   6.7   9.0  62.7   01:50   SSO
30   3.1   6.1   14:44   1.0   04:16  15.2   0.0   0.0   6.0  36.0   09:44   SSO
31   2.3   5.4   12:32  -0.1   04:28  16.0   0.0   2.3   5.0  33.2   07:34   SSO
----------------------------------------------------------------------------------
     4.4  15.2    23    -2.1    11   432.0   0.0  49.0   4.1  62.7    29     SSO

Max >=  27.0  0
Max <=   0.0  0
Min <= -10.0  0
Min <= -18.0  0
Max Rain: 12.7 on day 4
Days of Rain: 17 (>= 0.2 mm)  8 (>= 2.0 mm)  0 (>= 20.0 mm)
Heat Base: 18.3  Cool Base: 18.3  Method: Integration


Mise à jour :
powered by Cumulus v ()