METEO Meyenheim

 Latitude N 47° 54' 42"    Longitude E 07° 21' 22"    Altitude 210 m

Rapports de type NOAA
Selectionner un rapport Annuel ou mensuel
V/Λ2021 > Janvier Février Mars Avril Mai Juin Juillet Août Septembre Octobre Novembre Décembre
V/Λ2020 > Janvier Février Mars Avril Mai Juin Juillet Août Septembre Octobre Novembre Décembre
V/Λ2019 > Janvier Février Mars Avril Mai Juin Juillet Août Septembre Octobre Novembre Décembre
V/Λ2018 > Janvier Février Mars Avril Mai Juin Juillet Août Septembre Octobre Novembre Décembre
V/Λ2017 > Janvier Février Mars Avril Mai Juin Juillet Août Septembre Octobre Novembre Décembre
V/Λ2016 > Janvier Février Mars Avril Mai Juin Juillet Août Septembre Octobre Novembre Décembre
V/Λ2015 > Janvier Février Mars Avril Mai Juin Juillet Août Septembre Octobre Novembre Décembre
V/Λ2014 > Janvier Février Mars Avril Mai Juin Juillet Août Septembre Octobre Novembre Décembre
V/Λ2013 > Janvier Février Mars Avril Mai Juin Juillet Août Septembre Octobre Novembre Décembre
V/Λ2012 > Janvier Février Mars Avril Mai Juin Juillet Août Septembre Octobre Novembre Décembre
V/Λ2011 > Janvier Février Mars Avril Mai Juin Juillet Août Septembre Octobre Novembre Décembre
V/Λ2010 > Janvier Février Mars Avril Mai Juin Juillet Août Septembre Octobre Novembre Décembre
V/Λ2009 > Janvier Février Mars Avril Mai Juin Juillet Août Septembre Octobre Novembre Décembre
V/Λ2008 > Janvier Février Mars Avril Mai Juin Juillet Août Septembre Octobre Novembre Décembre
V/Λ2007 > Janvier Février Mars Avril Mai Juin Juillet Août Septembre Octobre Novembre Décembre
V/Λ2006 > Janvier Février Mars Avril Mai Juin Juillet Août Septembre Octobre Novembre Décembre
V/Λ2005 > Janvier Février Mars Avril Mai Juin Juillet Août Septembre Octobre Novembre Décembre
V/Λ2004 > Janvier Février Mars Avril Mai Juin Juillet Août Septembre Octobre Novembre Décembre
V/Λ2003 > Janvier Février Mars Avril Mai Juin Juillet Août Septembre Octobre Novembre Décembre
V/Λ2002 > Janvier Février Mars Avril Mai Juin Juillet Août Septembre Octobre Novembre Décembre

Rapport pour Janvier 2021
                   Monthly Climatological Summary for janv. 2021

Name:     City: Meyenheim   State: Alsace, FR
Elevation: 210 m  Lat: N 47° 54' 42"   Lon: E 007° 21' 20"

                  Temperature (°C), Rain (mm), Wind Speed (km/h)

                                      Heat  Cool        Avg
    Mean                              Deg   Deg         Wind                 Dom
Day Temp  High   Time   Low    Time   Days  Days  Rain  Speed High   Time    Dir
----------------------------------------------------------------------------------
01   2.6   4.0   14:27   1.8   08:04  15.7   0.0   0.2   1.4  17.3   15:57     N
02   1.7   2.1   13:29   1.0   09:13  16.6   0.0   0.0   8.5  41.1   02:28     N
03   1.0   2.2   13:59  -0.1   07:30  17.3   0.0   0.2   2.9  41.8   00:41     N
04   1.0   2.1   13:04  -0.2   02:50  17.3   0.0   0.0   3.8  32.4   21:10     N
05   0.7   1.2   00:00   0.2   21:46  17.6   0.0   0.0   1.7  12.3   00:04     N
06   0.8   1.3   15:06   0.1   23:49  17.5   0.0   0.8   0.3  27.4   10:32    SO
07   1.1   3.3   13:44  -0.2   23:46  17.2   0.0   0.4   0.4   8.7   16:55    SO
08   0.2   4.2   14:18  -2.7   23:46  18.1   0.0   0.0   0.6   8.7   12:16     S
09  -0.8   2.2   15:14  -4.0   02:57  19.1   0.0   0.0   5.4  35.3   21:56     N
10  -0.8   1.6   13:42  -2.5   23:41  19.1   0.0   0.0   8.2  40.4   02:40     N
11  -3.3   1.0   13:49  -7.5   08:08  21.6   0.0   0.0   1.6  13.0   11:32   SSO
12   1.1   3.1   18:25  -4.9   00:01  17.2   0.0   0.6  10.0  44.7   07:14   SSO
13   2.7   6.4   23:52  -0.6   08:03  15.6   0.0   0.6   3.9  31.0   23:41   SSO
14   1.6   6.8   02:50   0.0   17:32  16.7   0.0   7.5   1.9  23.8   00:07   OSO
15  -1.5   0.1   04:00  -7.8   23:51  19.8   0.0   4.0   0.0   0.0   00:00     N
16  -3.3  -1.7   12:26  -7.7   00:00  21.6   0.0   0.2   0.0   0.0   00:00     N
17   0.3   2.9   13:22  -1.9   00:01  18.0   0.0   4.6   0.3   7.9   14:48   SSO
18   0.9   3.9   13:40  -2.0   04:13  17.4   0.0  11.4   2.4  17.3   14:31    SO
19   1.4   6.2   16:11  -3.2   04:02  16.9   0.0   9.2   6.1  36.0   13:30   SSO
20   3.3   7.1   15:28  -0.6   04:53  15.0   0.0   3.3   5.1  32.4   15:34   SSO
21   7.4  11.2   11:31   2.6   00:00  10.9   0.0   0.4   5.8  36.0   12:14   SSO
22   7.7  11.6   11:54   2.3   23:49  10.6   0.0  17.5   6.9  27.4   18:14    SO
23   3.1   6.2   14:29   1.1   03:26  15.2   0.0   5.2   4.9  33.2   06:25   SSO
24   2.1   4.8   13:49   0.4   08:10  16.2   0.0   0.0   5.7  36.0   19:48    SO
25   1.7   4.6   13:03   0.2   01:29  16.6   0.0   0.6   3.1  40.4   00:13    SO
26   1.5   4.2   13:26  -1.4   02:06  16.8   0.0   0.0   4.9  38.9   12:54   SSO
27   0.9   3.1   18:34  -0.9   01:30  17.4   0.0   2.1   4.1  31.0   14:46   SSO
28   7.7  12.3   19:16   1.3   00:43  10.6   0.0   2.3   7.8  44.7   14:06   SSO
29   9.0  11.2   06:50   6.3   19:17   9.3   0.0   7.5   6.5  46.1   14:52    SO
30   7.3   8.3   19:24   6.1   03:53  11.0   0.0   0.0   5.6  29.6   17:05   SSO
31   3.5   7.5   00:08   2.0   07:55  14.8   0.0   1.0   2.0  23.8   20:05     N
----------------------------------------------------------------------------------
     2.0  12.3    28    -7.8    15   504.7   0.0  79.6   3.9  46.1    29      SO

Max >=  27.0  0
Max <=   0.0  1
Min <= -10.0  0
Min <= -18.0  0
Max Rain: 17.5 on day 22
Days of Rain: 21 (>= 0.2 mm)  11 (>= 2.0 mm)  0 (>= 20.0 mm)
Heat Base: 18.3  Cool Base: 18.3  Method: Integration


Mise à jour :
powered by Cumulus v ()