METEO Meyenheim

 Latitude N 47° 54' 42"    Longitude E 07° 21' 22"    Altitude 210 m

Rapports de type NOAA
Selectionner un rapport Annuel ou mensuel
V/Λ2022 > Janvier Février Mars Avril Mai Juin Juillet Août Septembre Octobre Novembre Décembre
V/Λ2021 > Janvier Février Mars Avril Mai Juin Juillet Août Septembre Octobre Novembre Décembre
V/Λ2020 > Janvier Février Mars Avril Mai Juin Juillet Août Septembre Octobre Novembre Décembre
V/Λ2019 > Janvier Février Mars Avril Mai Juin Juillet Août Septembre Octobre Novembre Décembre
V/Λ2018 > Janvier Février Mars Avril Mai Juin Juillet Août Septembre Octobre Novembre Décembre
V/Λ2017 > Janvier Février Mars Avril Mai Juin Juillet Août Septembre Octobre Novembre Décembre
V/Λ2016 > Janvier Février Mars Avril Mai Juin Juillet Août Septembre Octobre Novembre Décembre
V/Λ2015 > Janvier Février Mars Avril Mai Juin Juillet Août Septembre Octobre Novembre Décembre
V/Λ2014 > Janvier Février Mars Avril Mai Juin Juillet Août Septembre Octobre Novembre Décembre
V/Λ2013 > Janvier Février Mars Avril Mai Juin Juillet Août Septembre Octobre Novembre Décembre
V/Λ2012 > Janvier Février Mars Avril Mai Juin Juillet Août Septembre Octobre Novembre Décembre
V/Λ2011 > Janvier Février Mars Avril Mai Juin Juillet Août Septembre Octobre Novembre Décembre
V/Λ2010 > Janvier Février Mars Avril Mai Juin Juillet Août Septembre Octobre Novembre Décembre
V/Λ2009 > Janvier Février Mars Avril Mai Juin Juillet Août Septembre Octobre Novembre Décembre
V/Λ2008 > Janvier Février Mars Avril Mai Juin Juillet Août Septembre Octobre Novembre Décembre
V/Λ2007 > Janvier Février Mars Avril Mai Juin Juillet Août Septembre Octobre Novembre Décembre
V/Λ2006 > Janvier Février Mars Avril Mai Juin Juillet Août Septembre Octobre Novembre Décembre
V/Λ2005 > Janvier Février Mars Avril Mai Juin Juillet Août Septembre Octobre Novembre Décembre
V/Λ2004 > Janvier Février Mars Avril Mai Juin Juillet Août Septembre Octobre Novembre Décembre
V/Λ2003 > Janvier Février Mars Avril Mai Juin Juillet Août Septembre Octobre Novembre Décembre
V/Λ2002 > Janvier Février Mars Avril Mai Juin Juillet Août Septembre Octobre Novembre Décembre

Rapport pour Février 2021
                   Monthly Climatological Summary for févr. 2021

Name:     City: Meyenheim   State: Alsace, FR
Elevation: 210 m  Lat: N 47° 54' 42"   Lon: E 007° 21' 20"

                  Temperature (°C), Rain (mm), Wind Speed (km/h)

                                      Heat  Cool        Avg
    Mean                              Deg   Deg         Wind                 Dom
Day Temp  High   Time   Low    Time   Days  Days  Rain  Speed High   Time    Dir
----------------------------------------------------------------------------------
01   7.6  11.8   14:34   3.6   00:05  10.7   0.0   4.0   4.7  24.5   08:29   SSO
02   9.7  12.0   19:49   6.8   02:29   8.6   0.0   0.2   9.6  39.7   07:38   SSO
03  10.7  12.5   13:49   8.7   22:31   7.6   0.0   5.8   9.4  46.1   19:09   SSO
04   7.5  10.9   13:58   3.5   08:06  10.8   0.0   0.0   2.0  31.7   01:03   SSO
05   8.4  13.5   13:01   5.8   03:30   9.9   0.0   1.2   2.7  33.9   22:11   NNO
06   7.4   7.9   14:56   6.5   23:50  10.9   0.0   1.9   1.1  15.1   16:51   NNE
07   6.5   9.4   10:15   3.9   23:54  11.8   0.0   0.0   4.9  33.9   19:55   SSO
08   1.7   4.0   00:05   0.3   19:13  16.6   0.0   0.2   4.3  23.1   13:06   SSO
09   0.0   1.7   14:43  -3.4   23:58  18.3   0.0   0.2   4.0  23.8   22:16     N
10  -5.0  -3.4   00:00  -5.8   19:56  23.2   0.0   0.0   7.9  39.7   10:34     N
11  -4.9  -2.0   14:59  -7.2   09:05  23.3   0.0   0.8   7.2  29.6   09:06     N
12  -4.9  -1.3   15:58  -8.2   06:55  23.1   0.0   0.2   8.0  31.0   09:07     N
13  -4.8  -0.8   15:46  -8.1   07:06  23.1   0.0   0.0   9.4  36.0   00:45     N
14  -4.6   1.5   14:22 -10.8   07:52  22.9   0.0   0.2   1.8  33.9   00:41     N
15   0.6   4.8   23:50  -4.8   05:21  17.7   0.0   0.6   4.9  33.9   08:09   SSO
16   7.7  13.2   14:14   3.3   06:08  10.6   0.0   0.0   6.5  26.0   03:32   SSO
17   8.7  12.9   13:38   2.5   22:28   9.6   0.0   0.0   5.4  40.4   14:01   SSO
18   5.3  10.8   22:41  -0.2   07:13  13.0   0.0   0.0   3.2  35.3   22:41    SO
19   9.0  14.5   14:52   4.3   23:44   9.3   0.0   0.4   2.3  18.0   00:16   SSO
20   8.9  17.9   14:26   2.5   07:36   9.4   0.0   0.0   2.6  28.8   22:14   SSO
21   9.1  18.0   14:39   1.3   07:09   9.2   0.0   0.0   1.9  17.3   10:06    SO
22   7.9  16.7   14:40   1.7   02:32  10.4   0.0   0.0   1.0   7.9   09:12     E
23   9.5  19.0   14:41   2.8   06:10   8.8   0.0   0.0   1.1  30.3   10:39     S
24  11.5  20.5   14:35   4.9   07:55   7.1   0.3   0.0   2.0  15.1   11:15   SSO
25  11.2  21.3   14:30   3.4   06:09   7.5   0.4   0.0   3.0  21.6   18:01   SSO
26   8.9  16.1   14:17   3.9   08:03   9.4   0.0   0.0   5.3  38.2   23:55     N
27   6.9  10.9   15:48   3.4   07:54  11.4   0.0   0.0  12.0  41.8   14:50     N
28   5.2  11.2   16:42   0.8   07:30  13.1   0.0   0.0   7.1  41.1   01:21     N
----------------------------------------------------------------------------------
     5.2  21.3    25   -10.8    14   367.3   0.7  15.7   4.8  46.1     3       O

Max >=  27.0  0
Max <=   0.0  4
Min <= -10.0  1
Min <= -18.0  0
Max Rain: 5.8 on day 3
Days of Rain: 12 (>= 0.2 mm)  2 (>= 2.0 mm)  0 (>= 20.0 mm)
Heat Base: 18.3  Cool Base: 18.3  Method: Integration


Mise à jour :
powered by Cumulus v ()