METEO Meyenheim

 Latitude N 47° 54' 42"    Longitude E 07° 21' 22"    Altitude 210 m

Rapports de type NOAA
Selectionner un rapport Annuel ou mensuel
V/Λ2021 > Janvier Février Mars Avril Mai Juin Juillet Août Septembre Octobre Novembre Décembre
V/Λ2020 > Janvier Février Mars Avril Mai Juin Juillet Août Septembre Octobre Novembre Décembre
V/Λ2019 > Janvier Février Mars Avril Mai Juin Juillet Août Septembre Octobre Novembre Décembre
V/Λ2018 > Janvier Février Mars Avril Mai Juin Juillet Août Septembre Octobre Novembre Décembre
V/Λ2017 > Janvier Février Mars Avril Mai Juin Juillet Août Septembre Octobre Novembre Décembre
V/Λ2016 > Janvier Février Mars Avril Mai Juin Juillet Août Septembre Octobre Novembre Décembre
V/Λ2015 > Janvier Février Mars Avril Mai Juin Juillet Août Septembre Octobre Novembre Décembre
V/Λ2014 > Janvier Février Mars Avril Mai Juin Juillet Août Septembre Octobre Novembre Décembre
V/Λ2013 > Janvier Février Mars Avril Mai Juin Juillet Août Septembre Octobre Novembre Décembre
V/Λ2012 > Janvier Février Mars Avril Mai Juin Juillet Août Septembre Octobre Novembre Décembre
V/Λ2011 > Janvier Février Mars Avril Mai Juin Juillet Août Septembre Octobre Novembre Décembre
V/Λ2010 > Janvier Février Mars Avril Mai Juin Juillet Août Septembre Octobre Novembre Décembre
V/Λ2009 > Janvier Février Mars Avril Mai Juin Juillet Août Septembre Octobre Novembre Décembre
V/Λ2008 > Janvier Février Mars Avril Mai Juin Juillet Août Septembre Octobre Novembre Décembre
V/Λ2007 > Janvier Février Mars Avril Mai Juin Juillet Août Septembre Octobre Novembre Décembre
V/Λ2006 > Janvier Février Mars Avril Mai Juin Juillet Août Septembre Octobre Novembre Décembre
V/Λ2005 > Janvier Février Mars Avril Mai Juin Juillet Août Septembre Octobre Novembre Décembre
V/Λ2004 > Janvier Février Mars Avril Mai Juin Juillet Août Septembre Octobre Novembre Décembre
V/Λ2003 > Janvier Février Mars Avril Mai Juin Juillet Août Septembre Octobre Novembre Décembre
V/Λ2002 > Janvier Février Mars Avril Mai Juin Juillet Août Septembre Octobre Novembre Décembre

Rapport pour Mars 2021
                   Monthly Climatological Summary for mars 2021

Name:     City: Meyenheim   State: Alsace, FR
Elevation: 210 m  Lat: N 47° 54' 42"   Lon: E 007° 21' 20"

                  Temperature (°C), Rain (mm), Wind Speed (km/h)

                                      Heat  Cool        Avg
    Mean                              Deg   Deg         Wind                 Dom
Day Temp  High   Time   Low    Time   Days  Days  Rain  Speed High   Time    Dir
----------------------------------------------------------------------------------
01   4.4  12.8   16:39  -2.1   07:13  13.9   0.0   0.0   1.5  11.5   14:15     N
02   6.3  16.2   16:27  -1.9   07:26  12.0   0.0   0.0   1.3  10.1   10:36   NNO
03   7.2  13.8   15:40   2.4   04:13  11.1   0.0   0.0   1.0  33.9   13:22   OSO
04   9.1  15.9   13:28   5.4   07:09   9.2   0.0   1.7   3.2  36.0   11:35    SO
05   5.0   6.6   13:15   2.4   23:48  13.3   0.0   0.0   6.5  45.4   18:55     N
06   3.2   8.8   16:08  -0.4   07:33  15.1   0.0   0.0   7.3  31.0   06:37     N
07   4.6  11.7   14:07  -1.3   07:30  13.7   0.0   0.0   2.6  17.3   11:47   NNO
08   3.6   9.7   15:44  -1.4   07:36  14.7   0.0   0.0   4.9  33.2   13:55     N
09   3.2   9.8   15:38  -3.0   06:42  15.1   0.0   0.0   1.4  10.8   09:42     N
10   6.4  12.8   14:08  -1.1   06:12  11.9   0.0   0.0   3.7  25.2   23:56   SSO
11  10.2  13.3   14:19   6.6   23:59   8.1   0.0   4.0  11.5  57.0   06:40    SO
12   7.8  11.4   12:11   5.2   04:10  10.5   0.0   2.5   9.4  48.3   22:07    SO
13   6.9  11.4   12:10   3.6   17:12  11.4   0.0  10.6  12.3  63.4   12:32    SO
14   4.6   8.3   16:37   2.7   07:25  13.7   0.0   5.6   7.0  41.8   13:07    SO
15   5.9  11.3   14:37   3.1   00:06  12.4   0.0   0.6   6.0  44.0   10:43   OSO
16   5.4   8.5   14:19   3.0   23:59  12.9   0.0   0.4   4.1  22.4   19:52   OSO
17   4.2   9.9   15:51   2.1   04:20  14.1   0.0   1.7   4.0  30.3   01:11   NNO
18   3.6   8.3   16:03   0.9   06:46  14.7   0.0   0.0   3.7  20.2   11:33     N
19   2.0   5.3   16:03  -0.8   05:01  16.3   0.0   0.6   5.2  36.0   16:12     N
20   2.4   6.2   16:26  -1.2   07:19  15.9   0.0   0.0   6.4  32.4   09:49     N
21   3.1   6.5   14:48  -1.3   04:17  15.2   0.0   0.0   1.6  25.2   11:53   SSO
22   4.2   7.6   13:23  -0.1   06:29  14.1   0.0   0.0   3.7  22.4   13:26     N
23   6.5  12.0   13:58   1.6   23:59  11.8   0.0   0.0   4.0  25.2   16:38     N
24   7.0  17.9   17:01  -1.3   06:38  11.3   0.0   0.0   1.2  11.5   10:29     S
25   9.8  18.8   15:21   2.3   05:27   8.5   0.0   0.0   3.9  24.5   14:45    SO
26  10.4  17.6   14:53   1.9   06:38   7.9   0.0   1.5   3.8  38.2   23:48   SSO
27   9.0  12.3   12:24   5.4   23:58   9.3   0.0   3.7   6.8  37.5   12:40   OSO
28   9.0  17.6   16:53  -0.1   07:36   8.9   0.0   0.0   3.8  23.1   15:31   SSO
29  11.7  22.7   17:50   2.6   07:08   7.2   0.6   0.0   2.1  14.4   05:24    SO
30  12.6  24.1   16:42   2.2   07:07   6.9   1.2   0.0   1.3  10.8   16:14     N
31  14.6  27.1   16:43   3.8   07:24   5.7   2.1   0.0   1.7  33.9   11:37   SSO
----------------------------------------------------------------------------------
     6.6  27.1    31    -3.0     9   366.8   3.9  32.9   4.4  63.4    13       O

Max >=  27.0  1
Max <=   0.0  0
Min <= -10.0  0
Min <= -18.0  0
Max Rain: 10.6 on day 13
Days of Rain: 11 (>= 0.2 mm)  5 (>= 2.0 mm)  0 (>= 20.0 mm)
Heat Base: 18.3  Cool Base: 18.3  Method: Integration


Mise à jour :
powered by Cumulus v ()