METEO Meyenheim

 Latitude N 47° 54' 42"    Longitude E 07° 21' 22"    Altitude 210 m

Rapports de type NOAA
Selectionner un rapport Annuel ou mensuel
V/Λ2021 > Janvier Février Mars Avril Mai Juin Juillet Août Septembre Octobre Novembre Décembre
V/Λ2020 > Janvier Février Mars Avril Mai Juin Juillet Août Septembre Octobre Novembre Décembre
V/Λ2019 > Janvier Février Mars Avril Mai Juin Juillet Août Septembre Octobre Novembre Décembre
V/Λ2018 > Janvier Février Mars Avril Mai Juin Juillet Août Septembre Octobre Novembre Décembre
V/Λ2017 > Janvier Février Mars Avril Mai Juin Juillet Août Septembre Octobre Novembre Décembre
V/Λ2016 > Janvier Février Mars Avril Mai Juin Juillet Août Septembre Octobre Novembre Décembre
V/Λ2015 > Janvier Février Mars Avril Mai Juin Juillet Août Septembre Octobre Novembre Décembre
V/Λ2014 > Janvier Février Mars Avril Mai Juin Juillet Août Septembre Octobre Novembre Décembre
V/Λ2013 > Janvier Février Mars Avril Mai Juin Juillet Août Septembre Octobre Novembre Décembre
V/Λ2012 > Janvier Février Mars Avril Mai Juin Juillet Août Septembre Octobre Novembre Décembre
V/Λ2011 > Janvier Février Mars Avril Mai Juin Juillet Août Septembre Octobre Novembre Décembre
V/Λ2010 > Janvier Février Mars Avril Mai Juin Juillet Août Septembre Octobre Novembre Décembre
V/Λ2009 > Janvier Février Mars Avril Mai Juin Juillet Août Septembre Octobre Novembre Décembre
V/Λ2008 > Janvier Février Mars Avril Mai Juin Juillet Août Septembre Octobre Novembre Décembre
V/Λ2007 > Janvier Février Mars Avril Mai Juin Juillet Août Septembre Octobre Novembre Décembre
V/Λ2006 > Janvier Février Mars Avril Mai Juin Juillet Août Septembre Octobre Novembre Décembre
V/Λ2005 > Janvier Février Mars Avril Mai Juin Juillet Août Septembre Octobre Novembre Décembre
V/Λ2004 > Janvier Février Mars Avril Mai Juin Juillet Août Septembre Octobre Novembre Décembre
V/Λ2003 > Janvier Février Mars Avril Mai Juin Juillet Août Septembre Octobre Novembre Décembre
V/Λ2002 > Janvier Février Mars Avril Mai Juin Juillet Août Septembre Octobre Novembre Décembre

Rapport pour Avril 2021
                   Monthly Climatological Summary for avr. 2021

Name:     City: Meyenheim   State: Alsace, FR
Elevation: 210 m  Lat: N 47° 54' 42"   Lon: E 007° 21' 20"

                  Temperature (°C), Rain (mm), Wind Speed (km/h)

                                      Heat  Cool        Avg
    Mean                              Deg   Deg         Wind                 Dom
Day Temp  High   Time   Low    Time   Days  Days  Rain  Speed High   Time    Dir
----------------------------------------------------------------------------------
01  16.0  26.8   16:30   6.9   07:33   4.4   2.1   0.0   2.0  19.5   18:23   SSO
02  12.3  16.2   15:50   6.9   23:23   6.0   0.0   0.0   8.7  36.0   08:57     N
03   7.9  12.3   16:18   4.6   04:22  10.4   0.0   0.0   8.8  42.5   14:04     N
04   8.1  15.3   16:34   1.7   06:46  10.2   0.0   0.0   5.2  26.0   12:38     N
05   6.4  14.2   14:45   1.2   06:33  11.9   0.0   0.4   6.7  45.4   16:25   OSO
06   1.9   7.2   16:38  -3.1   07:01  16.4   0.0   0.0   3.6  37.5   13:53   ONO
07   2.8   5.9   19:21  -0.6   04:19  15.5   0.0   0.0   4.3  36.0   13:37   OSO
08   6.2  12.8   17:29   0.7   05:36  12.1   0.0   0.0   3.4  28.8   18:40   SSO
09   9.5  18.6   15:09   0.1   04:53   8.8   0.0   0.0   5.9  37.5   12:42    SO
10  13.8  18.8   17:52   9.2   09:07   4.5   0.0   0.0   8.2  38.2   06:47   SSO
11  12.5  18.5   13:24   7.0   23:58   5.8   0.0   2.3   6.3  36.8   15:36    SO
12   5.3   9.9   17:39   1.3   23:59  13.0   0.0  11.6   3.2  38.2   04:17     N
13   4.3  10.4   17:00  -0.4   02:39  14.0   0.0   0.0   4.1  43.3   16:31     N
14   4.9  11.5   15:50   0.0   01:54  13.4   0.0   0.0   7.5  36.8   20:00     N
15   5.0  10.9   14:34   0.0   05:21  13.3   0.0   0.0   6.9  33.9   09:48     N
16   5.4  10.8   15:20   1.2   06:27  12.9   0.0   0.0  10.7  40.4   07:19     N
17   6.9  13.1   16:12   1.4   06:42  11.4   0.0   0.0   7.0  31.7   18:15     N
18   8.0  12.1   15:10   5.2   06:54  10.3   0.0   0.0   5.3  31.0   20:09     N
19   7.3  13.5   16:45   2.3   07:18  11.0   0.0   0.8   1.3  12.3   11:16   SSO
20   9.4  17.5   17:48   1.4   07:07   8.9   0.0   0.0   1.5  15.9   15:04   NNE
21  10.9  20.6   15:21   1.9   06:21   7.6   0.2   0.0   1.8  31.0   15:43    NO
22  11.4  17.9   15:38   4.3   06:19   6.9   0.0   0.0   6.2  31.0   09:07     N
23  11.9  19.5   16:35   4.2   06:39   6.5   0.1   0.0   6.4  23.8   19:09     N
24  12.8  21.9   17:17   2.5   06:31   6.1   0.7   0.0   4.0  25.2   01:56     N
25  12.9  19.9   15:56   5.9   07:08   5.5   0.1   0.0   8.4  33.9   04:31     N
26  12.1  19.5   16:44   5.7   06:37   6.3   0.1   0.0   8.8  41.1   14:20     N
27  12.1  20.0   17:10   4.3   07:04   6.4   0.2   0.0   5.7  38.2   00:43     N
28  12.1  21.9   14:33   2.7   06:24   6.6   0.4   0.2   3.9  32.4   14:45   SSO
29  13.2  18.1   17:44   9.9   05:08   5.1   0.0   0.0   7.7  36.0   00:59    SO
30   7.3  10.8   00:00   5.3   11:19  11.0   0.0  10.0   4.0  23.1   10:33     N
----------------------------------------------------------------------------------
     9.0  26.8     1    -3.1     6   282.2   3.9  25.3   5.6  45.4     5     NNO

Max >=  27.0  0
Max <=   0.0  0
Min <= -10.0  0
Min <= -18.0  0
Max Rain: 11.6 on day 12
Days of Rain: 6 (>= 0.2 mm)  3 (>= 2.0 mm)  0 (>= 20.0 mm)
Heat Base: 18.3  Cool Base: 18.3  Method: Integration


Mise à jour :
powered by Cumulus v ()