METEO Meyenheim

 Latitude N 47° 54' 42"    Longitude E 07° 21' 22"    Altitude 210 m

Rapports de type NOAA
Selectionner un rapport Annuel ou mensuel
V/Λ2021 > Janvier Février Mars Avril Mai Juin Juillet Août Septembre Octobre Novembre Décembre
V/Λ2020 > Janvier Février Mars Avril Mai Juin Juillet Août Septembre Octobre Novembre Décembre
V/Λ2019 > Janvier Février Mars Avril Mai Juin Juillet Août Septembre Octobre Novembre Décembre
V/Λ2018 > Janvier Février Mars Avril Mai Juin Juillet Août Septembre Octobre Novembre Décembre
V/Λ2017 > Janvier Février Mars Avril Mai Juin Juillet Août Septembre Octobre Novembre Décembre
V/Λ2016 > Janvier Février Mars Avril Mai Juin Juillet Août Septembre Octobre Novembre Décembre
V/Λ2015 > Janvier Février Mars Avril Mai Juin Juillet Août Septembre Octobre Novembre Décembre
V/Λ2014 > Janvier Février Mars Avril Mai Juin Juillet Août Septembre Octobre Novembre Décembre
V/Λ2013 > Janvier Février Mars Avril Mai Juin Juillet Août Septembre Octobre Novembre Décembre
V/Λ2012 > Janvier Février Mars Avril Mai Juin Juillet Août Septembre Octobre Novembre Décembre
V/Λ2011 > Janvier Février Mars Avril Mai Juin Juillet Août Septembre Octobre Novembre Décembre
V/Λ2010 > Janvier Février Mars Avril Mai Juin Juillet Août Septembre Octobre Novembre Décembre
V/Λ2009 > Janvier Février Mars Avril Mai Juin Juillet Août Septembre Octobre Novembre Décembre
V/Λ2008 > Janvier Février Mars Avril Mai Juin Juillet Août Septembre Octobre Novembre Décembre
V/Λ2007 > Janvier Février Mars Avril Mai Juin Juillet Août Septembre Octobre Novembre Décembre
V/Λ2006 > Janvier Février Mars Avril Mai Juin Juillet Août Septembre Octobre Novembre Décembre
V/Λ2005 > Janvier Février Mars Avril Mai Juin Juillet Août Septembre Octobre Novembre Décembre
V/Λ2004 > Janvier Février Mars Avril Mai Juin Juillet Août Septembre Octobre Novembre Décembre
V/Λ2003 > Janvier Février Mars Avril Mai Juin Juillet Août Septembre Octobre Novembre Décembre
V/Λ2002 > Janvier Février Mars Avril Mai Juin Juillet Août Septembre Octobre Novembre Décembre

Rapport pour Mai 2021
                   Monthly Climatological Summary for mai 2021

Name:     City: Meyenheim   State: Alsace, FR
Elevation: 210 m  Lat: N 47° 54' 42"   Lon: E 007° 21' 20"

                  Temperature (°C), Rain (mm), Wind Speed (km/h)

                                      Heat  Cool        Avg
    Mean                              Deg   Deg         Wind                 Dom
Day Temp  High   Time   Low    Time   Days  Days  Rain  Speed High   Time    Dir
----------------------------------------------------------------------------------
01   7.0   9.8   13:36   3.9   03:44  11.3   0.0   4.2   3.0  19.5   13:00     N
02   8.2  12.7   14:46   4.9   23:50  10.1   0.0   6.9   2.3  23.8   15:08   SSO
03   9.3  17.3   17:25   1.4   05:38   9.0   0.0   0.0   3.7  28.8   20:43   SSO
04  11.4  16.8   13:48   6.5   02:25   6.9   0.0   0.8  12.0  60.6   12:47    SO
05   9.7  13.5   18:11   6.3   05:54   8.6   0.0  12.5   6.7  48.3   14:51   OSO
06   8.7  11.5   17:47   5.4   03:54   9.6   0.0  10.2   4.9  43.3   18:47   SSO
07  10.0  15.7   16:51   6.0   23:55   8.3   0.0   6.2   3.7  36.0   01:13    SO
08  11.9  21.5   18:10   1.8   06:08   6.9   0.5   0.0   3.5  28.8   13:51   SSO
09  19.3  29.4   17:43   9.3   03:41   2.5   3.5   0.0   4.3  25.2   13:19   SSO
10  15.0  18.5   00:10  12.1   22:06   3.3   0.0  11.6   2.8  36.0   15:26    SO
11  12.2  13.7   13:15  10.3   23:39   6.1   0.0  15.4   3.6  30.3   09:07   SSO
12  12.5  18.1   16:35   9.0   08:07   5.8   0.0   0.0   4.4  35.3   04:38    SO
13  11.3  16.1   17:23   8.3   04:50   7.0   0.0   0.0   5.8  40.4   10:51    SO
14  11.6  17.7   15:57   5.8   06:03   6.7   0.0   0.0   4.6  33.9   21:49    SO
15  10.5  14.9   14:09   8.2   21:28   7.8   0.0   6.4   7.3  37.5   19:41   SSO
16  11.3  15.1   11:32   8.6   00:34   7.0   0.0   7.1   7.4  31.0   15:55   SSO
17  10.6  15.1   15:42   8.4   02:13   7.7   0.0  11.2   8.6  41.8   16:26   SSO
18  11.1  16.6   16:12   8.2   23:06   7.2   0.0   4.6   6.3  36.0   04:03    SO
19  10.3  17.0   15:32   6.5   06:01   8.0   0.0   2.5   3.7  33.9   13:05    SO
20  12.2  18.0   16:46   7.6   01:06   6.1   0.0   0.2   3.6  18.0   18:05    SO
21  11.7  13.9   08:56   8.8   23:47   6.6   0.0   0.8   8.8  38.9   11:57   SSO
22  12.7  18.6   17:04   8.1   03:14   5.6   0.0   0.0   9.9  42.5   10:44    SO
23  13.0  18.5   17:24   8.5   06:42   5.3   0.0   0.0   6.5  40.4   10:02    SO
24  11.8  20.4   15:10   5.8   06:09   6.6   0.2   1.2   5.2  46.1   20:58    SO
25  11.4  16.7   17:00   6.3   03:44   6.9   0.0   0.2   8.2  39.7   16:50    SO
26  11.4  14.1   17:39   9.5   02:29   6.9   0.0   0.0   9.9  59.1   10:01    SO
27  12.5  19.3   18:17   8.9   05:46   5.8   0.0   2.9   2.4  28.8   10:04   SSO
28  13.8  21.0   16:24   5.5   05:50   5.0   0.5   0.0   5.3  22.4   13:02     N
29  16.7  22.9   16:24  11.8   05:25   2.7   1.1   0.0   7.0  33.9   11:32     N
30  16.3  22.9   17:19   9.5   04:33   3.2   1.2   0.0   7.8  33.2   13:37     N
31  16.8  24.3   17:07   8.5   05:56   3.1   1.6   0.0   5.4  32.4   06:18     N
----------------------------------------------------------------------------------
    12.0  29.4     9     1.4     3   203.6   8.6 104.9   5.8  60.6     4      SO

Max >=  27.0  1
Max <=   0.0  0
Min <= -10.0  0
Min <= -18.0  0
Max Rain: 15.4 on day 11
Days of Rain: 18 (>= 0.2 mm)  13 (>= 2.0 mm)  0 (>= 20.0 mm)
Heat Base: 18.3  Cool Base: 18.3  Method: Integration


Mise à jour :
powered by Cumulus v ()