METEO Meyenheim

 Latitude N 47° 54' 42"    Longitude E 07° 21' 22"    Altitude 210 m

Rapports de type NOAA
Selectionner un rapport Annuel ou mensuel
V/Λ2022 > Janvier Février Mars Avril Mai Juin Juillet Août Septembre Octobre Novembre Décembre
V/Λ2021 > Janvier Février Mars Avril Mai Juin Juillet Août Septembre Octobre Novembre Décembre
V/Λ2020 > Janvier Février Mars Avril Mai Juin Juillet Août Septembre Octobre Novembre Décembre
V/Λ2019 > Janvier Février Mars Avril Mai Juin Juillet Août Septembre Octobre Novembre Décembre
V/Λ2018 > Janvier Février Mars Avril Mai Juin Juillet Août Septembre Octobre Novembre Décembre
V/Λ2017 > Janvier Février Mars Avril Mai Juin Juillet Août Septembre Octobre Novembre Décembre
V/Λ2016 > Janvier Février Mars Avril Mai Juin Juillet Août Septembre Octobre Novembre Décembre
V/Λ2015 > Janvier Février Mars Avril Mai Juin Juillet Août Septembre Octobre Novembre Décembre
V/Λ2014 > Janvier Février Mars Avril Mai Juin Juillet Août Septembre Octobre Novembre Décembre
V/Λ2013 > Janvier Février Mars Avril Mai Juin Juillet Août Septembre Octobre Novembre Décembre
V/Λ2012 > Janvier Février Mars Avril Mai Juin Juillet Août Septembre Octobre Novembre Décembre
V/Λ2011 > Janvier Février Mars Avril Mai Juin Juillet Août Septembre Octobre Novembre Décembre
V/Λ2010 > Janvier Février Mars Avril Mai Juin Juillet Août Septembre Octobre Novembre Décembre
V/Λ2009 > Janvier Février Mars Avril Mai Juin Juillet Août Septembre Octobre Novembre Décembre
V/Λ2008 > Janvier Février Mars Avril Mai Juin Juillet Août Septembre Octobre Novembre Décembre
V/Λ2007 > Janvier Février Mars Avril Mai Juin Juillet Août Septembre Octobre Novembre Décembre
V/Λ2006 > Janvier Février Mars Avril Mai Juin Juillet Août Septembre Octobre Novembre Décembre
V/Λ2005 > Janvier Février Mars Avril Mai Juin Juillet Août Septembre Octobre Novembre Décembre
V/Λ2004 > Janvier Février Mars Avril Mai Juin Juillet Août Septembre Octobre Novembre Décembre
V/Λ2003 > Janvier Février Mars Avril Mai Juin Juillet Août Septembre Octobre Novembre Décembre
V/Λ2002 > Janvier Février Mars Avril Mai Juin Juillet Août Septembre Octobre Novembre Décembre

Rapport pour Juin 2021
                   Monthly Climatological Summary for juin 2021

Name:     City: Meyenheim   State: Alsace, FR
Elevation: 210 m  Lat: N 47° 54' 42"   Lon: E 007° 21' 20"

                  Temperature (°C), Rain (mm), Wind Speed (km/h)

                                      Heat  Cool        Avg
    Mean                              Deg   Deg         Wind                 Dom
Day Temp  High   Time   Low    Time   Days  Days  Rain  Speed High   Time    Dir
----------------------------------------------------------------------------------
01  18.0  27.2   16:47   7.8   05:44   3.0   2.7   0.0   2.7  17.3   13:12     N
02  18.2  27.5   16:03  10.5   05:30   2.3   2.2  14.1   2.2  39.7   18:10   OSO
03  20.7  27.9   17:57  13.8   06:01   1.2   3.6   0.0   3.3  20.9   13:18   SSO
04  21.0  27.5   17:55  15.4   05:44   0.7   3.4  24.5   4.1  46.1   21:26   SSO
05  16.9  19.8   14:20  15.3   23:56   1.5   0.1   1.7   5.2  39.7   11:30   SSO
06  16.2  19.5   16:23  14.1   05:33   2.1   0.0   0.0   1.4  13.7   15:08   NNE
07  17.4  21.0   14:57  14.7   04:37   1.4   0.4   0.0   4.5  23.1   13:12     N
08  17.8  23.1   17:27  15.1   06:31   1.3   0.8   2.5   2.9  25.2   21:15     N
09  19.0  25.8   15:12  14.6   06:10   1.2   1.9   6.7   2.1  29.6   09:25     N
10  19.1  27.3   15:47  13.6   05:39   1.4   2.2   0.0   2.3  23.1   16:45    NO
11  20.5  28.7   15:59  13.0   05:26   1.5   3.7   0.0   1.8  16.6   18:29     N
12  21.4  29.2   15:44  14.0   05:23   1.1   4.2   0.0   3.2  22.4   22:30    NO
13  20.7  26.6   16:33  14.7   04:47   0.5   2.9   0.0   6.3  31.0   07:51     N
14  20.9  29.6   16:52  11.4   06:05   1.3   3.9   0.0   3.4  15.9   13:41     N
15  21.9  30.3   17:03  13.0   05:53   1.2   4.8   0.0   1.9  14.4   13:48     N
16  23.4  32.3   16:10  14.2   05:51   0.8   5.9   0.0   2.2  15.1   16:22   SSO
17  24.8  32.9   18:09  16.8   05:51   0.2   6.7   0.0   3.3  29.6   11:40   SSO
18  25.7  32.5   17:21  19.9   05:54   0.0   7.4   0.0   2.9  17.3   19:20    SO
19  25.2  32.1   16:29  18.3   06:00   0.0   6.9   0.0   2.0  33.9   22:32   OSO
20  21.2  28.6   14:07  15.7   23:01   0.4   3.3  28.1   4.2  59.8   19:08    SO
21  19.3  27.1   15:19  15.2   05:41   1.3   2.3   5.6   3.8  56.2   20:22   SSO
22  18.5  24.1   17:23  15.2   01:06   1.2   1.5   4.2   2.2  20.2   16:27   SSO
23  19.4  25.6   16:38  15.2   05:38   0.7   1.8   0.2   3.7  28.1   00:15     N
24  17.9  22.9   17:32  14.7   06:10   1.4   1.0   1.9   4.3  31.7   00:21   SSO
25  17.8  22.6   17:40  13.8   05:56   1.5   1.0   2.5   3.5  18.0   11:06    SO
26  19.5  26.1   17:04  13.1   05:47   1.3   2.5   0.0   2.1  15.9   10:08     N
27  19.8  26.8   13:11  14.3   06:16   1.0   2.5   1.2   1.8  15.9   18:26     N
28  20.1  28.2   15:25  16.3   06:57   0.5   2.4   6.2   2.5  35.3   16:59    SO
29  17.7  22.1   17:21  14.9   13:06   1.3   0.7  12.3   3.4  25.2   12:23    SO
30  14.7  19.7   13:14  12.7   05:26   3.6   0.0   1.7   7.7  51.9   11:18    SO
----------------------------------------------------------------------------------
    19.8  32.9    17     7.8     1    36.9  82.7 113.4   3.2  59.8    20       O

Max >=  27.0 16
Max <=   0.0  0
Min <= -10.0  0
Min <= -18.0  0
Max Rain: 28.1 on day 20
Days of Rain: 15 (>= 0.2 mm)  10 (>= 2.0 mm)  2 (>= 20.0 mm)
Heat Base: 18.3  Cool Base: 18.3  Method: Integration


Mise à jour :
powered by Cumulus v ()