METEO Meyenheim

 Latitude N 47° 54' 42"    Longitude E 07° 21' 22"    Altitude 210 m

Rapports de type NOAA
Selectionner un rapport Annuel ou mensuel
V/Λ2021 > Janvier Février Mars Avril Mai Juin Juillet Août Septembre Octobre Novembre Décembre
V/Λ2020 > Janvier Février Mars Avril Mai Juin Juillet Août Septembre Octobre Novembre Décembre
V/Λ2019 > Janvier Février Mars Avril Mai Juin Juillet Août Septembre Octobre Novembre Décembre
V/Λ2018 > Janvier Février Mars Avril Mai Juin Juillet Août Septembre Octobre Novembre Décembre
V/Λ2017 > Janvier Février Mars Avril Mai Juin Juillet Août Septembre Octobre Novembre Décembre
V/Λ2016 > Janvier Février Mars Avril Mai Juin Juillet Août Septembre Octobre Novembre Décembre
V/Λ2015 > Janvier Février Mars Avril Mai Juin Juillet Août Septembre Octobre Novembre Décembre
V/Λ2014 > Janvier Février Mars Avril Mai Juin Juillet Août Septembre Octobre Novembre Décembre
V/Λ2013 > Janvier Février Mars Avril Mai Juin Juillet Août Septembre Octobre Novembre Décembre
V/Λ2012 > Janvier Février Mars Avril Mai Juin Juillet Août Septembre Octobre Novembre Décembre
V/Λ2011 > Janvier Février Mars Avril Mai Juin Juillet Août Septembre Octobre Novembre Décembre
V/Λ2010 > Janvier Février Mars Avril Mai Juin Juillet Août Septembre Octobre Novembre Décembre
V/Λ2009 > Janvier Février Mars Avril Mai Juin Juillet Août Septembre Octobre Novembre Décembre
V/Λ2008 > Janvier Février Mars Avril Mai Juin Juillet Août Septembre Octobre Novembre Décembre
V/Λ2007 > Janvier Février Mars Avril Mai Juin Juillet Août Septembre Octobre Novembre Décembre
V/Λ2006 > Janvier Février Mars Avril Mai Juin Juillet Août Septembre Octobre Novembre Décembre
V/Λ2005 > Janvier Février Mars Avril Mai Juin Juillet Août Septembre Octobre Novembre Décembre
V/Λ2004 > Janvier Février Mars Avril Mai Juin Juillet Août Septembre Octobre Novembre Décembre
V/Λ2003 > Janvier Février Mars Avril Mai Juin Juillet Août Septembre Octobre Novembre Décembre
V/Λ2002 > Janvier Février Mars Avril Mai Juin Juillet Août Septembre Octobre Novembre Décembre

Rapport pour Juillet 2021
                   Monthly Climatological Summary for juil. 2021

Name:     City: Meyenheim   State: Alsace, FR
Elevation: 210 m  Lat: N 47° 54' 42"   Lon: E 007° 21' 20"

                  Temperature (°C), Rain (mm), Wind Speed (km/h)

                                      Heat  Cool        Avg
    Mean                              Deg   Deg         Wind                 Dom
Day Temp  High   Time   Low    Time   Days  Days  Rain  Speed High   Time    Dir
----------------------------------------------------------------------------------
01  16.9  22.0   13:47  12.9   00:07   2.3   0.9   0.0   4.6  28.8   13:32   OSO
02  17.5  24.3   14:49  10.7   05:53   2.4   1.7   0.0   1.4  13.0   14:37     E
03  17.7  25.3   14:03  12.2   04:53   2.0   1.4   1.2   1.9  25.2   23:24   SSO
04  18.2  24.0   15:01  15.7   05:40   1.0   0.9   7.5   4.7  32.4   15:36   SSO
05  18.7  24.8   18:12  15.2   03:23   1.1   1.5   0.8   4.8  35.3   09:24   SSO
06  16.3  20.2   09:05  12.8   19:50   2.2   0.2  15.0   3.7  33.2   09:26   SSO
07  17.7  24.9   18:07  12.8   02:16   2.3   1.7   0.0   1.6  18.0   16:02   SSO
08  17.1  20.1   16:11  15.0   01:48   1.4   0.2   0.0   1.9  15.1   14:42   NNO
09  18.1  24.1   16:46  14.5   00:48   1.5   1.3   0.0   2.9  18.0   13:54    SO
10  18.4  26.9   16:48  11.8   06:22   2.4   2.5   1.0   3.0  31.7   20:05   SSO
11  18.4  24.6   17:19  13.4   06:32   1.6   1.7   0.4   2.7  15.9   00:27   SSO
12  18.2  25.2   16:12  12.3   05:22   1.9   1.8   8.5   0.9  11.5   22:19    NO
13  15.8  19.6   17:50  13.4   23:46   2.5   0.0  44.3   3.8  27.4   06:24   SSO
14  15.5  19.5   14:35  12.4   03:46   2.9   0.1   9.4   6.6  33.9   15:51   SSO
15  17.0  22.1   13:08  13.7   00:01   1.8   0.5  15.4   4.3  34.6   19:54   SSO
16  17.6  23.7   13:55  14.2   15:53   1.4   0.7  20.6   1.6  44.7   15:36     N
17  19.4  23.9   14:58  16.4   00:00   0.7   1.7   0.0   5.4  28.1   14:18     N
18  21.2  26.8   17:35  16.5   05:14   0.3   3.2   0.0   7.6  33.9   13:26     N
19  21.9  28.5   16:11  15.7   06:04   0.5   4.1   0.0   5.8  31.0   15:01     N
20  20.4  26.2   17:03  14.7   06:12   0.7   2.8   0.0   5.2  30.3   08:59     N
21  19.8  27.0   16:46  12.3   06:03   1.5   3.0   0.0   3.2  19.5   14:15     N
22  20.5  27.6   16:19  13.2   05:49   1.2   3.4   0.0   2.3  20.9   18:20     N
23  20.9  27.9   16:28  13.2   06:11   1.2   3.8   0.0   2.1  15.9   14:15     N
24  20.3  25.6   17:28  17.0   03:40   0.2   2.2   1.2   3.0  29.6   13:15   SSO
25  19.7  25.6   13:30  15.9   05:37   0.7   2.1   1.7   3.5  21.6   19:13   SSO
26  20.4  26.6   14:54  15.4   04:41   0.8   2.9   0.0   4.5  27.4   12:04    SO
27  19.9  26.1   15:47  14.5   05:30   1.1   2.6   0.0   3.0  16.6   21:48   SSO
28  19.7  25.2   17:05  15.3   05:50   0.8   2.2   0.2   5.5  35.3   16:27    SO
29  19.7  26.3   18:20  14.0   05:30   1.2   2.6   0.0   5.5  33.9   13:10   SSO
30  19.3  28.6   14:50  12.1   05:05   1.9   2.9   0.0   4.5  31.0   16:20   SSO
31  19.6  25.9   17:03  14.2   04:58   1.0   2.3   0.4   3.5  28.8   13:45    SO
----------------------------------------------------------------------------------
    18.8  28.6    30    10.7     2    44.5  58.9 127.6   3.7  44.7    16      SO

Max >=  27.0  5
Max <=   0.0  0
Min <= -10.0  0
Min <= -18.0  0
Max Rain: 44.3 on day 13
Days of Rain: 15 (>= 0.2 mm)  7 (>= 2.0 mm)  2 (>= 20.0 mm)
Heat Base: 18.3  Cool Base: 18.3  Method: Integration


Mise à jour :
powered by Cumulus v ()