METEO Meyenheim

 Latitude N 47° 54' 42"    Longitude E 07° 21' 22"    Altitude 210 m

Rapports de type NOAA
Selectionner un rapport Annuel ou mensuel
V/Λ2021 > Janvier Février Mars Avril Mai Juin Juillet Août Septembre Octobre Novembre Décembre
V/Λ2020 > Janvier Février Mars Avril Mai Juin Juillet Août Septembre Octobre Novembre Décembre
V/Λ2019 > Janvier Février Mars Avril Mai Juin Juillet Août Septembre Octobre Novembre Décembre
V/Λ2018 > Janvier Février Mars Avril Mai Juin Juillet Août Septembre Octobre Novembre Décembre
V/Λ2017 > Janvier Février Mars Avril Mai Juin Juillet Août Septembre Octobre Novembre Décembre
V/Λ2016 > Janvier Février Mars Avril Mai Juin Juillet Août Septembre Octobre Novembre Décembre
V/Λ2015 > Janvier Février Mars Avril Mai Juin Juillet Août Septembre Octobre Novembre Décembre
V/Λ2014 > Janvier Février Mars Avril Mai Juin Juillet Août Septembre Octobre Novembre Décembre
V/Λ2013 > Janvier Février Mars Avril Mai Juin Juillet Août Septembre Octobre Novembre Décembre
V/Λ2012 > Janvier Février Mars Avril Mai Juin Juillet Août Septembre Octobre Novembre Décembre
V/Λ2011 > Janvier Février Mars Avril Mai Juin Juillet Août Septembre Octobre Novembre Décembre
V/Λ2010 > Janvier Février Mars Avril Mai Juin Juillet Août Septembre Octobre Novembre Décembre
V/Λ2009 > Janvier Février Mars Avril Mai Juin Juillet Août Septembre Octobre Novembre Décembre
V/Λ2008 > Janvier Février Mars Avril Mai Juin Juillet Août Septembre Octobre Novembre Décembre
V/Λ2007 > Janvier Février Mars Avril Mai Juin Juillet Août Septembre Octobre Novembre Décembre
V/Λ2006 > Janvier Février Mars Avril Mai Juin Juillet Août Septembre Octobre Novembre Décembre
V/Λ2005 > Janvier Février Mars Avril Mai Juin Juillet Août Septembre Octobre Novembre Décembre
V/Λ2004 > Janvier Février Mars Avril Mai Juin Juillet Août Septembre Octobre Novembre Décembre
V/Λ2003 > Janvier Février Mars Avril Mai Juin Juillet Août Septembre Octobre Novembre Décembre
V/Λ2002 > Janvier Février Mars Avril Mai Juin Juillet Août Septembre Octobre Novembre Décembre

Rapport pour Août 2021
                   Monthly Climatological Summary for août 2021

Name:     City: Meyenheim   State: Alsace, FR
Elevation: 210 m  Lat: N 47° 54' 42"   Lon: E 007° 21' 20"

                  Temperature (°C), Rain (mm), Wind Speed (km/h)

                                      Heat  Cool        Avg
    Mean                              Deg   Deg         Wind                 Dom
Day Temp  High   Time   Low    Time   Days  Days  Rain  Speed High   Time    Dir
----------------------------------------------------------------------------------
01  15.2  18.1   10:50  13.7   02:29   3.2   0.0  21.2   3.7  22.4   15:54   SSO
02  16.4  23.4   14:48  11.1   04:49   2.8   0.9   0.0   3.2  33.2   17:35   SSO
03  15.2  18.1   15:36  13.0   06:20   3.1   0.0   4.2   5.0  28.8   15:49   SSO
04  15.6  18.6   13:50  12.8   06:14   2.7   0.0   0.8   1.9  20.2   00:02   SSO
05  16.3  20.0   11:30  12.8   05:54   2.2   0.2   1.5   4.6  39.7   13:42    SO
06  18.4  23.9   15:33  15.0   02:26   1.3   1.4   0.8   5.6  31.7   09:38    SO
07  15.6  17.2   09:54  14.5   06:52   2.7   0.0  11.2   4.1  35.3   14:46   SSO
08  16.8  21.8   14:57  13.5   03:16   2.1   0.6   0.0   7.1  33.9   13:33    SO
09  17.4  24.0   14:14  11.7   06:00   2.4   1.5   0.0   4.8  32.4   00:25   SSO
10  18.9  27.4   17:30  11.1   06:09   2.3   2.9   0.0   3.2  23.1   15:53    SO
11  20.7  29.0   14:34  13.2   06:36   1.4   3.8   0.0   1.7  13.0   12:33   NNO
12  21.8  29.7   16:55  14.3   06:05   0.9   4.4   0.0   1.1  20.9   23:19   ENE
13  24.3  32.0   17:21  18.4   02:47   0.0   6.0   0.0   3.3  22.4   16:03    SO
14  23.5  30.9   17:19  16.6   06:10   0.2   5.4   0.0   1.2  12.3   14:33    NE
15  22.8  30.0   15:14  17.3   06:33   0.1   4.6   0.0   2.0  15.9   17:10     N
16  19.9  22.9   11:14  15.9   23:54   0.2   1.8   0.2   6.4  36.0   13:53   OSO
17  16.8  22.0   16:07  11.7   06:51   2.1   0.6   0.0   2.1  16.6   20:16   OSO
18  17.6  22.2   15:51  14.7   07:43   1.5   0.8   0.0   4.0  20.9   13:29    SO
19  18.2  22.7   17:02  15.2   05:53   1.1   0.9   0.0   1.2  13.0   10:56    SO
20  19.7  25.8   16:52  15.4   06:47   0.9   2.3   0.0   1.8  15.9   13:17   NNE
21  20.1  28.6   16:43  12.5   06:43   1.7   3.5   0.0   2.5  26.0   19:30   SSO
22  18.4  21.4   18:53  14.4   23:44   0.6   0.7   3.1   4.2  20.2   12:08    SO
23  16.4  21.7   17:40  11.8   06:46   2.5   0.5   0.0   2.1  16.6   16:29   ONO
24  17.4  22.1   16:59  14.5   06:40   1.7   0.8   0.0  10.1  34.6   13:04     N
25  17.0  23.9   17:21  12.0   07:03   2.6   1.2   0.0   7.0  23.8   10:55     N
26  14.9  21.6   13:11   9.9   06:12   3.8   0.4   0.0   1.7  25.2   14:28   ESE
27  14.9  20.9   15:04  10.7   05:28   3.8   0.4   0.0   2.7  22.4   16:57     N
28  14.1  19.7   13:56  10.4   03:23   4.2   0.0   5.0   0.8  15.9   08:30   NNE
29  13.6  16.9   18:18  10.2   05:27   4.7   0.0   0.4   0.5   8.7   10:10   OSO
30  15.4  20.9   14:32  13.1   23:51   3.0   0.1   1.9   1.6  19.5   14:44   NNE
31  15.7  21.9   16:21  11.0   03:53   3.2   0.6   0.0   4.0  29.6   23:12     N
----------------------------------------------------------------------------------
    17.7  32.0    13     9.9    26    65.0  46.3  50.3   3.4  39.7     5     OSO

Max >=  27.0  7
Max <=   0.0  0
Min <= -10.0  0
Min <= -18.0  0
Max Rain: 21.2 on day 1
Days of Rain: 11 (>= 0.2 mm)  5 (>= 2.0 mm)  1 (>= 20.0 mm)
Heat Base: 18.3  Cool Base: 18.3  Method: Integration


Mise à jour :
powered by Cumulus v ()