METEO Meyenheim

 Latitude N 47° 54' 42"    Longitude E 07° 21' 22"    Altitude 210 m

Rapports de type NOAA
Selectionner un rapport Annuel ou mensuel
V/Λ2022 > Janvier Février Mars Avril Mai Juin Juillet Août Septembre Octobre Novembre Décembre
V/Λ2021 > Janvier Février Mars Avril Mai Juin Juillet Août Septembre Octobre Novembre Décembre
V/Λ2020 > Janvier Février Mars Avril Mai Juin Juillet Août Septembre Octobre Novembre Décembre
V/Λ2019 > Janvier Février Mars Avril Mai Juin Juillet Août Septembre Octobre Novembre Décembre
V/Λ2018 > Janvier Février Mars Avril Mai Juin Juillet Août Septembre Octobre Novembre Décembre
V/Λ2017 > Janvier Février Mars Avril Mai Juin Juillet Août Septembre Octobre Novembre Décembre
V/Λ2016 > Janvier Février Mars Avril Mai Juin Juillet Août Septembre Octobre Novembre Décembre
V/Λ2015 > Janvier Février Mars Avril Mai Juin Juillet Août Septembre Octobre Novembre Décembre
V/Λ2014 > Janvier Février Mars Avril Mai Juin Juillet Août Septembre Octobre Novembre Décembre
V/Λ2013 > Janvier Février Mars Avril Mai Juin Juillet Août Septembre Octobre Novembre Décembre
V/Λ2012 > Janvier Février Mars Avril Mai Juin Juillet Août Septembre Octobre Novembre Décembre
V/Λ2011 > Janvier Février Mars Avril Mai Juin Juillet Août Septembre Octobre Novembre Décembre
V/Λ2010 > Janvier Février Mars Avril Mai Juin Juillet Août Septembre Octobre Novembre Décembre
V/Λ2009 > Janvier Février Mars Avril Mai Juin Juillet Août Septembre Octobre Novembre Décembre
V/Λ2008 > Janvier Février Mars Avril Mai Juin Juillet Août Septembre Octobre Novembre Décembre
V/Λ2007 > Janvier Février Mars Avril Mai Juin Juillet Août Septembre Octobre Novembre Décembre
V/Λ2006 > Janvier Février Mars Avril Mai Juin Juillet Août Septembre Octobre Novembre Décembre
V/Λ2005 > Janvier Février Mars Avril Mai Juin Juillet Août Septembre Octobre Novembre Décembre
V/Λ2004 > Janvier Février Mars Avril Mai Juin Juillet Août Septembre Octobre Novembre Décembre
V/Λ2003 > Janvier Février Mars Avril Mai Juin Juillet Août Septembre Octobre Novembre Décembre
V/Λ2002 > Janvier Février Mars Avril Mai Juin Juillet Août Septembre Octobre Novembre Décembre

Rapport pour Octobre 2021
                   Monthly Climatological Summary for oct. 2021

Name:     City: Meyenheim   State: Alsace, FR
Elevation: 210 m  Lat: N 47° 54' 42"   Lon: E 007° 21' 20"

                  Temperature (°C), Rain (mm), Wind Speed (km/h)

                                      Heat  Cool        Avg
    Mean                              Deg   Deg         Wind                 Dom
Day Temp  High   Time   Low    Time   Days  Days  Rain  Speed High   Time    Dir
----------------------------------------------------------------------------------
01  12.1  22.1   17:00   3.2   06:38   6.7   0.5   0.0   3.4  31.7   14:41   SSO
02  15.8  21.3   16:20  10.1   07:34   3.0   0.5   0.0   4.3  26.7   10:08   SSO
03  16.0  21.4   12:36  11.5   23:57   2.5   0.2   4.6   4.1  22.4   23:33   SSO
04  11.3  12.8   16:23  10.3   07:33   7.0   0.0   8.3   1.2  16.6   12:46   SSO
05  12.6  17.7   15:06  10.4   06:31   5.7   0.0   4.6   4.8  38.9   18:45   SSO
06  11.2  15.7   14:00   8.3   07:48   7.1   0.0   0.4   5.4  23.1   14:09   SSO
07  11.3  15.7   14:56   8.9   04:55   7.0   0.0   0.2   3.8  31.7   22:23     N
08  11.7  17.0   15:39   8.3   05:44   6.6   0.0   0.0  10.0  39.7   02:34     N
09  11.1  16.5   15:41   7.0   06:32   7.2   0.0   0.0   5.9  24.5   15:27     N
10   8.5  14.6   16:56   4.0   08:13   9.8   0.0   0.0   1.4  26.0   05:09   NNE
11   7.8  14.5   15:38   1.2   07:38  10.5   0.0   0.0   1.4  15.1   16:19     N
12   9.3  13.4   16:40   5.8   05:59   9.0   0.0   1.9   0.8  10.8   14:25   SSO
13   8.3  12.8   14:46   3.6   23:49  10.0   0.0   0.6   2.1  17.3   14:40     N
14   6.5  14.4   14:59   0.7   07:55  11.8   0.0   0.0   0.8   9.4   15:12    NE
15   7.8  16.0   15:20   1.9   06:03  10.5   0.0   0.0   1.8  25.2   12:35   ONO
16   6.7  12.0   16:51   1.9   07:21  11.6   0.0   0.0   1.1  12.3   15:08     N
17   8.1  10.4   16:40   6.8   07:06  10.2   0.0   0.0   0.8  18.7   16:44    NO
18   8.7  13.8   15:56   5.8   23:33   9.6   0.0   0.0   0.8   7.9   14:53    NO
19  13.2  21.2   15:48   5.8   00:02   5.5   0.4   0.0   4.2  29.6   12:55   SSO
20  15.5  20.3   15:37  10.0   06:31   3.0   0.3   0.0   6.4  44.7   10:11   SSO
21  13.9  18.1   00:47  10.5   23:56   4.4   0.0   4.2  13.1  69.2   04:42    SO
22   8.6  12.9   14:41   4.0   23:56   9.7   0.0   0.2   1.2  13.7   02:13   OSO
23   7.1  13.9   15:07   3.2   08:37  11.2   0.0   0.0   2.3  28.1   03:50     N
24   6.0  15.2   15:55  -0.5   08:36  12.3   0.0   0.0   1.0  13.7   13:55   SSO
25   8.4  17.6   14:50   1.7   02:04   9.9   0.0   0.0   2.7  31.7   23:42   SSO
26  10.7  16.2   15:16   5.6   23:57   7.5   0.0   0.0   1.5  27.4   12:46    SO
27   6.8  14.2   16:23   2.0   06:56  11.5   0.0   0.0   0.3   7.2   15:22   ESE
28   7.9  17.6   16:00   1.9   05:41  10.4   0.0   0.0   1.3  22.4   13:25   SSO
29   7.9  16.5   16:03   2.3   06:32  10.4   0.0   0.0   1.5  10.8   11:51   SSO
30   7.4   9.9   18:47   4.0   02:20  10.9   0.0   4.4   1.3  22.4   23:15    SO
31  13.2  18.6   15:07   9.2   01:16   5.4   0.0   0.0   3.2  20.9   21:16   SSO
----------------------------------------------------------------------------------
    10.0  22.1     1    -0.5    24   257.9   1.9  29.4   3.0  69.2    21     OSO

Max >=  27.0  0
Max <=   0.0  0
Min <= -10.0  0
Min <= -18.0  0
Max Rain: 8.3 on day 4
Days of Rain: 10 (>= 0.2 mm)  5 (>= 2.0 mm)  0 (>= 20.0 mm)
Heat Base: 18.3  Cool Base: 18.3  Method: Integration


Mise à jour :
powered by Cumulus v ()