METEO Meyenheim

 Latitude N 47° 54' 42"    Longitude E 07° 21' 22"    Altitude 210 m

Rapports de type NOAA
Selectionner un rapport Annuel ou mensuel
V/Λ2022 > Janvier Février Mars Avril Mai Juin Juillet Août Septembre Octobre Novembre Décembre
V/Λ2021 > Janvier Février Mars Avril Mai Juin Juillet Août Septembre Octobre Novembre Décembre
V/Λ2020 > Janvier Février Mars Avril Mai Juin Juillet Août Septembre Octobre Novembre Décembre
V/Λ2019 > Janvier Février Mars Avril Mai Juin Juillet Août Septembre Octobre Novembre Décembre
V/Λ2018 > Janvier Février Mars Avril Mai Juin Juillet Août Septembre Octobre Novembre Décembre
V/Λ2017 > Janvier Février Mars Avril Mai Juin Juillet Août Septembre Octobre Novembre Décembre
V/Λ2016 > Janvier Février Mars Avril Mai Juin Juillet Août Septembre Octobre Novembre Décembre
V/Λ2015 > Janvier Février Mars Avril Mai Juin Juillet Août Septembre Octobre Novembre Décembre
V/Λ2014 > Janvier Février Mars Avril Mai Juin Juillet Août Septembre Octobre Novembre Décembre
V/Λ2013 > Janvier Février Mars Avril Mai Juin Juillet Août Septembre Octobre Novembre Décembre
V/Λ2012 > Janvier Février Mars Avril Mai Juin Juillet Août Septembre Octobre Novembre Décembre
V/Λ2011 > Janvier Février Mars Avril Mai Juin Juillet Août Septembre Octobre Novembre Décembre
V/Λ2010 > Janvier Février Mars Avril Mai Juin Juillet Août Septembre Octobre Novembre Décembre
V/Λ2009 > Janvier Février Mars Avril Mai Juin Juillet Août Septembre Octobre Novembre Décembre
V/Λ2008 > Janvier Février Mars Avril Mai Juin Juillet Août Septembre Octobre Novembre Décembre
V/Λ2007 > Janvier Février Mars Avril Mai Juin Juillet Août Septembre Octobre Novembre Décembre
V/Λ2006 > Janvier Février Mars Avril Mai Juin Juillet Août Septembre Octobre Novembre Décembre
V/Λ2005 > Janvier Février Mars Avril Mai Juin Juillet Août Septembre Octobre Novembre Décembre
V/Λ2004 > Janvier Février Mars Avril Mai Juin Juillet Août Septembre Octobre Novembre Décembre
V/Λ2003 > Janvier Février Mars Avril Mai Juin Juillet Août Septembre Octobre Novembre Décembre
V/Λ2002 > Janvier Février Mars Avril Mai Juin Juillet Août Septembre Octobre Novembre Décembre

Rapport pour Novembre 2021
                   Monthly Climatological Summary for nov. 2021

Name:     City: Meyenheim   State: Alsace, FR
Elevation: 210 m  Lat: N 47° 54' 42"   Lon: E 007° 21' 20"

                  Temperature (°C), Rain (mm), Wind Speed (km/h)

                                      Heat  Cool        Avg
    Mean                              Deg   Deg         Wind                 Dom
Day Temp  High   Time   Low    Time   Days  Days  Rain  Speed High   Time    Dir
----------------------------------------------------------------------------------
01  10.3  14.6   01:13   6.5   19:52   8.0   0.0   7.3   4.2  27.4   05:38   SSO
02   8.0  11.7   13:07   4.8   22:21  10.3   0.0   0.2   5.0  44.7   13:09   SSO
03   7.1   9.0   14:40   5.7   00:00  11.2   0.0   7.7   4.4  30.3   19:24   SSO
04   6.6   9.4   13:57   5.0   23:31  11.7   0.0   0.0   5.0  31.0   09:57    SO
05   6.5  11.0   13:12   2.4   23:59  11.8   0.0   4.6   1.8  15.9   13:35    SO
06   3.2   7.0   15:06   0.2   23:55  15.1   0.0   0.0   0.4  13.7   04:12     N
07   5.2  10.0   15:22   0.0   00:39  13.1   0.0   0.0   2.2  28.8   07:25   SSO
08   5.3  10.7   14:27   0.6   07:32  13.0   0.0   0.0   2.3  25.2   17:27     N
09   3.8   9.8   14:17   0.3   23:03  14.4   0.0   0.0   1.5  21.6   13:36     N
10   1.8   6.2   14:02  -1.0   05:42  16.5   0.0   0.0   0.1   5.8   13:49   NNO
11   1.7   3.2   14:12  -1.2   03:36  16.6   0.0   0.0   0.1   7.2   04:37    NO
12   2.0   3.3   21:53   0.8   06:45  16.3   0.0   0.0   0.5  14.4   23:38   SSO
13   6.6  10.9   13:36   1.6   03:38  11.7   0.0   0.0   3.8  41.1   11:54   SSO
14   8.2  10.0   14:11   7.0   06:32  10.1   0.0   0.8   3.2  36.8   20:10     N
15   7.5   8.1   00:00   6.4   23:06  10.8   0.0   0.0   5.1  18.7   10:32     N
16   6.1   7.0   13:53   5.5   22:12  12.2   0.0   0.0   0.0   5.0   13:41   ENE
17   5.8   7.2   14:00   4.7   06:04  12.5   0.0   0.2   0.2   8.7   19:29   SSO
18   5.3  10.1   14:41   0.4   23:58  13.0   0.0   0.0   0.1   5.8   01:35     S
19   2.4   5.2   21:30  -1.1   06:12  15.9   0.0   0.0   0.5  23.1   14:52     N
20   3.7   5.8   14:13   0.2   22:20  14.6   0.0   0.0   0.6  12.3   11:47     S
21   2.2   3.3   22:42   0.8   02:36  16.1   0.0   0.4   0.3  10.8   00:17    NO
22   5.0   7.1   13:05   3.1   00:00  13.3   0.0   0.4   7.9  46.9   13:24     N
23   2.5   6.1   14:22  -0.5   22:54  15.8   0.0   0.0   8.7  33.9   05:57     N
24  -0.1   3.4   15:10  -3.2   07:12  18.4   0.0   0.0   0.8  12.3   10:41     N
25  -0.9   1.2   16:22  -4.3   06:13  19.2   0.0   0.0   0.8  11.5   19:29     N
26   1.7   4.1   13:31   0.0   00:00  16.6   0.0   0.2   4.7  35.3   20:44   SSO
27   2.2   5.9   12:52  -0.3   19:41  16.1   0.0   5.6   4.8  35.3   11:23   SSO
28   1.8   3.8   11:50   0.0   08:16  16.5   0.0   0.4   1.8  28.8   03:18   SSO
29   1.8   5.5   14:49  -0.9   04:41  16.5   0.0   0.2   2.4  35.3   20:36   OSO
30   2.7   4.2   13:46   1.4   00:49  15.6   0.0   0.0  11.4  49.7   16:43   SSO
----------------------------------------------------------------------------------
     4.2  14.6     1    -4.3    25   422.9   0.0  28.0   2.8  49.7    30     OSO

Max >=  27.0  0
Max <=   0.0  0
Min <= -10.0  0
Min <= -18.0  0
Max Rain: 7.7 on day 3
Days of Rain: 12 (>= 0.2 mm)  4 (>= 2.0 mm)  0 (>= 20.0 mm)
Heat Base: 18.3  Cool Base: 18.3  Method: Integration


Mise à jour :
powered by Cumulus v ()