METEO Meyenheim

 Latitude N 47° 54' 42"    Longitude E 07° 21' 22"    Altitude 210 m

Rapports de type NOAA
Selectionner un rapport Annuel ou mensuel
V/Λ2022 > Janvier Février Mars Avril Mai Juin Juillet Août Septembre Octobre Novembre Décembre
V/Λ2021 > Janvier Février Mars Avril Mai Juin Juillet Août Septembre Octobre Novembre Décembre
V/Λ2020 > Janvier Février Mars Avril Mai Juin Juillet Août Septembre Octobre Novembre Décembre
V/Λ2019 > Janvier Février Mars Avril Mai Juin Juillet Août Septembre Octobre Novembre Décembre
V/Λ2018 > Janvier Février Mars Avril Mai Juin Juillet Août Septembre Octobre Novembre Décembre
V/Λ2017 > Janvier Février Mars Avril Mai Juin Juillet Août Septembre Octobre Novembre Décembre
V/Λ2016 > Janvier Février Mars Avril Mai Juin Juillet Août Septembre Octobre Novembre Décembre
V/Λ2015 > Janvier Février Mars Avril Mai Juin Juillet Août Septembre Octobre Novembre Décembre
V/Λ2014 > Janvier Février Mars Avril Mai Juin Juillet Août Septembre Octobre Novembre Décembre
V/Λ2013 > Janvier Février Mars Avril Mai Juin Juillet Août Septembre Octobre Novembre Décembre
V/Λ2012 > Janvier Février Mars Avril Mai Juin Juillet Août Septembre Octobre Novembre Décembre
V/Λ2011 > Janvier Février Mars Avril Mai Juin Juillet Août Septembre Octobre Novembre Décembre
V/Λ2010 > Janvier Février Mars Avril Mai Juin Juillet Août Septembre Octobre Novembre Décembre
V/Λ2009 > Janvier Février Mars Avril Mai Juin Juillet Août Septembre Octobre Novembre Décembre
V/Λ2008 > Janvier Février Mars Avril Mai Juin Juillet Août Septembre Octobre Novembre Décembre
V/Λ2007 > Janvier Février Mars Avril Mai Juin Juillet Août Septembre Octobre Novembre Décembre
V/Λ2006 > Janvier Février Mars Avril Mai Juin Juillet Août Septembre Octobre Novembre Décembre
V/Λ2005 > Janvier Février Mars Avril Mai Juin Juillet Août Septembre Octobre Novembre Décembre
V/Λ2004 > Janvier Février Mars Avril Mai Juin Juillet Août Septembre Octobre Novembre Décembre
V/Λ2003 > Janvier Février Mars Avril Mai Juin Juillet Août Septembre Octobre Novembre Décembre
V/Λ2002 > Janvier Février Mars Avril Mai Juin Juillet Août Septembre Octobre Novembre Décembre

Rapport pour Décembre 2021
                   Monthly Climatological Summary for déc. 2021

Name:     City: Meyenheim   State: Alsace, FR
Elevation: 210 m  Lat: N 47° 54' 42"   Lon: E 007° 21' 20"

                  Temperature (°C), Rain (mm), Wind Speed (km/h)

                                      Heat  Cool        Avg
    Mean                              Deg   Deg         Wind                 Dom
Day Temp  High   Time   Low    Time   Days  Days  Rain  Speed High   Time    Dir
----------------------------------------------------------------------------------
01   6.4   8.8   12:33   3.5   00:16  11.9   0.0   1.2  11.2  49.0   02:48   SSO
02   3.8   5.6   00:00   0.9   23:50  14.5   0.0   0.6   3.1  31.0   06:09    SO
03   0.8   3.6   12:47  -3.6   07:29  17.5   0.0   0.0   4.2  38.2   18:29   SSO
04   6.6   9.9   11:32   1.7   00:37  11.7   0.0   5.6   8.8  51.2   11:47   SSO
05   3.3   6.3   12:11   0.9   18:57  15.0   0.0   0.6   4.0  35.3   04:56   SSO
06   2.7   5.2   14:04   1.4   00:34  15.6   0.0   0.0   2.4  45.4   22:56   SSO
07   3.9   7.0   13:29   1.6   07:26  14.4   0.0   0.0   4.0  33.9   09:12   SSO
08   4.0   5.5   13:30   2.2   23:59  14.3   0.0   0.4   1.5  25.2   01:23   SSO
09   3.3   6.2   12:26   0.4   23:53  15.0   0.0   0.0   4.0  39.7   18:42   SSO
10   1.8   3.9   15:14   0.0   00:45  16.5   0.0   4.6   5.4  34.6   07:37   SSO
11   2.7   5.0   14:31  -1.2   23:08  15.6   0.0   0.0   3.4  37.5   02:52    SO
12   1.8   5.6   14:36  -2.1   05:41  16.5   0.0   0.0   1.8  23.8   11:05   SSO
13   2.6   7.7   14:38  -0.8   23:44  15.7   0.0   0.0   0.3   7.9   15:57    NO
14   1.6   6.9   14:42  -2.5   07:34  16.7   0.0   0.0   0.8  14.4   12:36    SO
15   3.3   4.3   16:28   2.0   07:55  15.0   0.0   0.2   0.0   9.4   16:15     N
16   4.0   5.5   14:10   1.6   23:25  14.3   0.0   0.2   0.4  22.4   20:50     N
17   2.8   5.4   14:20   0.2   06:50  15.5   0.0   0.0   0.7  20.2   02:45   NNO
18   2.2   3.3   16:55   1.2   04:50  16.1   0.0   0.0   4.9  28.1   14:05     N
19   1.2   2.5   00:00   0.3   21:20  17.1   0.0   0.0   0.8  28.1   04:15   NNE
20   1.6   4.9   14:35  -1.1   23:56  16.6   0.0   0.2   1.4  17.3   00:35     N
21  -2.0  -0.9   00:18  -3.4   23:58  20.3   0.0   0.0   0.0   9.4   11:41     N
22  -2.8  -0.1   15:16  -4.4   23:05  21.1   0.0   0.0   0.4  15.1   15:15   SSE
23   1.4   6.2   13:34  -4.3   00:00  16.9   0.0   0.0   4.1  38.2   06:06   SSO
24   7.1   9.7   13:47   4.4   02:20  11.2   0.0   2.3   3.6  25.2   02:53     S
25   7.4   9.8   13:48   5.3   01:08  10.9   0.0   1.5   0.8  17.3   03:50   SSE
26   5.5   7.7   21:19   3.3   07:40  12.8   0.0   1.2   0.8  31.0   21:24    NO
27   7.1   9.3   22:21   4.3   07:38  11.2   0.0   0.8   4.9  38.2   23:02   SSO
28   9.6  12.7   11:47   6.5   02:33   8.7   0.0   2.3   9.8  48.3   05:29   SSO
29   9.8  13.1   20:54   7.9   11:57   8.5   0.0   1.5   8.0  32.4   13:36   SSO
30  12.6  15.9   12:19   8.3   23:49   5.7   0.0   0.0   6.2  30.3   13:19   SSO
31   8.1  16.1   14:40   3.2   08:57  10.2   0.0   0.0   1.9  20.9   14:58   SSO
----------------------------------------------------------------------------------
     4.0  16.1    31    -4.4    22   443.0   0.0  23.2   3.3  51.2     4     SSO

Max >=  27.0  0
Max <=   0.0  2
Min <= -10.0  0
Min <= -18.0  0
Max Rain: 5.6 on day 4
Days of Rain: 15 (>= 0.2 mm)  4 (>= 2.0 mm)  0 (>= 20.0 mm)
Heat Base: 18.3  Cool Base: 18.3  Method: Integration


Mise à jour :
powered by Cumulus v ()