METEO Meyenheim

 Latitude N 47° 54' 42"    Longitude E 07° 21' 22"    Altitude 210 m

Rapports de type NOAA
Selectionner un rapport Annuel ou mensuel
V/Λ2022 > Janvier Février Mars Avril Mai Juin Juillet Août Septembre Octobre Novembre Décembre
V/Λ2021 > Janvier Février Mars Avril Mai Juin Juillet Août Septembre Octobre Novembre Décembre
V/Λ2020 > Janvier Février Mars Avril Mai Juin Juillet Août Septembre Octobre Novembre Décembre
V/Λ2019 > Janvier Février Mars Avril Mai Juin Juillet Août Septembre Octobre Novembre Décembre
V/Λ2018 > Janvier Février Mars Avril Mai Juin Juillet Août Septembre Octobre Novembre Décembre
V/Λ2017 > Janvier Février Mars Avril Mai Juin Juillet Août Septembre Octobre Novembre Décembre
V/Λ2016 > Janvier Février Mars Avril Mai Juin Juillet Août Septembre Octobre Novembre Décembre
V/Λ2015 > Janvier Février Mars Avril Mai Juin Juillet Août Septembre Octobre Novembre Décembre
V/Λ2014 > Janvier Février Mars Avril Mai Juin Juillet Août Septembre Octobre Novembre Décembre
V/Λ2013 > Janvier Février Mars Avril Mai Juin Juillet Août Septembre Octobre Novembre Décembre
V/Λ2012 > Janvier Février Mars Avril Mai Juin Juillet Août Septembre Octobre Novembre Décembre
V/Λ2011 > Janvier Février Mars Avril Mai Juin Juillet Août Septembre Octobre Novembre Décembre
V/Λ2010 > Janvier Février Mars Avril Mai Juin Juillet Août Septembre Octobre Novembre Décembre
V/Λ2009 > Janvier Février Mars Avril Mai Juin Juillet Août Septembre Octobre Novembre Décembre
V/Λ2008 > Janvier Février Mars Avril Mai Juin Juillet Août Septembre Octobre Novembre Décembre
V/Λ2007 > Janvier Février Mars Avril Mai Juin Juillet Août Septembre Octobre Novembre Décembre
V/Λ2006 > Janvier Février Mars Avril Mai Juin Juillet Août Septembre Octobre Novembre Décembre
V/Λ2005 > Janvier Février Mars Avril Mai Juin Juillet Août Septembre Octobre Novembre Décembre
V/Λ2004 > Janvier Février Mars Avril Mai Juin Juillet Août Septembre Octobre Novembre Décembre
V/Λ2003 > Janvier Février Mars Avril Mai Juin Juillet Août Septembre Octobre Novembre Décembre
V/Λ2002 > Janvier Février Mars Avril Mai Juin Juillet Août Septembre Octobre Novembre Décembre

Rapport pour Février 2022
                   Monthly Climatological Summary for févr. 2022

Name:     City: Meyenheim   State: Alsace, FR
Elevation: 210 m  Lat: N 47° 54' 42"   Lon: E 007° 21' 20"

                  Temperature (°C), Rain (mm), Wind Speed (km/h)

                                      Heat  Cool        Avg
    Mean                              Deg   Deg         Wind                 Dom
Day Temp  High   Time   Low    Time   Days  Days  Rain  Speed High   Time    Dir
----------------------------------------------------------------------------------
01   3.5   4.6   01:10   2.5   07:00  14.8   0.0   0.0   9.7  47.6   15:00   SSO
02   7.7  11.2   13:20   4.6   00:00  10.6   0.0   0.0   5.6  36.0   01:35   SSO
03   6.0  10.4   14:10   1.6   07:52  12.3   0.0   0.0   2.1  21.6   12:29   SSO
04   5.4   8.6   14:12   0.0   01:50  12.9   0.0   0.8   7.5  37.5   16:38   SSO
05   3.4   9.3   15:05  -1.2   07:39  14.9   0.0   0.0   1.7  23.8   15:34   OSO
06   5.0   7.6   23:26   1.4   00:10  13.3   0.0   2.5   9.0  59.1   13:30   SSO
07   4.9   8.8   14:35  -0.4   23:44  13.4   0.0   4.8   2.4  49.7   01:40    NO
08   4.1  11.8   14:38  -0.5   00:16  14.2   0.0   0.0   0.7  29.6   11:52     S
09   4.8  14.4   15:09  -1.8   07:39  13.5   0.0   0.0   1.1  36.0   23:48   SSO
10   7.6  12.9   11:40   2.8   07:50  10.7   0.0   0.2   1.6  37.5   11:06   SSO
11   4.9   8.7   15:15  -0.3   23:50  13.4   0.0   0.4   0.4  23.8   17:23     N
12   1.1   6.8   15:16  -2.5   03:13  17.2   0.0   0.0   0.1  13.7   05:32     N
13   4.7  13.1   15:10  -1.7   08:07  13.5   0.0   0.0   1.4  22.4   11:24     S
14   5.7  10.9   12:05   1.9   03:27  12.6   0.0   0.0   1.7  46.1   13:19   SSO
15   6.0  10.5   12:26   4.1   19:28  12.3   0.0   0.0   1.3  26.0   20:49   SSO
16   8.4  12.3   23:44   4.9   04:02   9.8   0.0   0.0   5.2  54.8   22:04   SSO
17  11.9  15.1   14:18   9.0   23:06   6.4   0.0   0.0   9.6  59.1   03:35   SSO
18  11.1  17.6   14:14   6.8   23:39   7.2   0.0   0.0   8.0  58.4   17:34    SO
19   7.0  10.2   14:47   4.6   22:36  11.3   0.0   0.0   5.1  29.6   21:11    SO
20   7.2  10.2   14:42   4.4   04:03  11.1   0.0   0.0  11.5  49.0   21:42    SO
21   6.6   9.9   01:02   3.4   08:17  11.7   0.0   3.3   7.5  57.0   00:25    SO
22   6.9   9.9   14:22   3.6   03:01  11.4   0.0   0.2   6.3  42.5   21:19    SO
23   7.8  12.7   15:33   3.2   23:52  10.5   0.0   0.0   1.8  33.9   14:04   OSO
24   7.4  13.2   14:48   2.1   07:07  10.9   0.0   0.4   6.1  55.5   14:08    SO
25   4.1   8.7   14:32  -0.1   05:58  14.2   0.0   1.7   3.4  29.6   10:11    SO
26   3.2   8.2   14:13  -0.1   05:20  15.1   0.0   0.0   3.5  37.5   17:22     N
27   4.1  11.3   14:53  -0.2   06:03  14.2   0.0   0.0   4.9  27.4   17:10     N
28   2.4   9.9   16:10  -3.6   07:16  15.9   0.0   0.0   1.2  23.1   19:24     N
----------------------------------------------------------------------------------
     5.8  17.6    18    -3.6    28   349.3   0.0  14.3   4.3  59.1     6      SO

Max >=  27.0  0
Max <=   0.0  0
Min <= -10.0  0
Min <= -18.0  0
Max Rain: 4.8 on day 7
Days of Rain: 9 (>= 0.2 mm)  3 (>= 2.0 mm)  0 (>= 20.0 mm)
Heat Base: 18.3  Cool Base: 18.3  Method: Integration


Mise à jour :
powered by Cumulus v ()