METEO Meyenheim

 Latitude N 47° 54' 42"    Longitude E 07° 21' 22"    Altitude 210 m

Rapports de type NOAA
Selectionner un rapport Annuel ou mensuel
V/Λ2022 > Janvier Février Mars Avril Mai Juin Juillet Août Septembre Octobre Novembre Décembre
V/Λ2021 > Janvier Février Mars Avril Mai Juin Juillet Août Septembre Octobre Novembre Décembre
V/Λ2020 > Janvier Février Mars Avril Mai Juin Juillet Août Septembre Octobre Novembre Décembre
V/Λ2019 > Janvier Février Mars Avril Mai Juin Juillet Août Septembre Octobre Novembre Décembre
V/Λ2018 > Janvier Février Mars Avril Mai Juin Juillet Août Septembre Octobre Novembre Décembre
V/Λ2017 > Janvier Février Mars Avril Mai Juin Juillet Août Septembre Octobre Novembre Décembre
V/Λ2016 > Janvier Février Mars Avril Mai Juin Juillet Août Septembre Octobre Novembre Décembre
V/Λ2015 > Janvier Février Mars Avril Mai Juin Juillet Août Septembre Octobre Novembre Décembre
V/Λ2014 > Janvier Février Mars Avril Mai Juin Juillet Août Septembre Octobre Novembre Décembre
V/Λ2013 > Janvier Février Mars Avril Mai Juin Juillet Août Septembre Octobre Novembre Décembre
V/Λ2012 > Janvier Février Mars Avril Mai Juin Juillet Août Septembre Octobre Novembre Décembre
V/Λ2011 > Janvier Février Mars Avril Mai Juin Juillet Août Septembre Octobre Novembre Décembre
V/Λ2010 > Janvier Février Mars Avril Mai Juin Juillet Août Septembre Octobre Novembre Décembre
V/Λ2009 > Janvier Février Mars Avril Mai Juin Juillet Août Septembre Octobre Novembre Décembre
V/Λ2008 > Janvier Février Mars Avril Mai Juin Juillet Août Septembre Octobre Novembre Décembre
V/Λ2007 > Janvier Février Mars Avril Mai Juin Juillet Août Septembre Octobre Novembre Décembre
V/Λ2006 > Janvier Février Mars Avril Mai Juin Juillet Août Septembre Octobre Novembre Décembre
V/Λ2005 > Janvier Février Mars Avril Mai Juin Juillet Août Septembre Octobre Novembre Décembre
V/Λ2004 > Janvier Février Mars Avril Mai Juin Juillet Août Septembre Octobre Novembre Décembre
V/Λ2003 > Janvier Février Mars Avril Mai Juin Juillet Août Septembre Octobre Novembre Décembre
V/Λ2002 > Janvier Février Mars Avril Mai Juin Juillet Août Septembre Octobre Novembre Décembre

Rapport pour Mars 2022
                   Monthly Climatological Summary for mars 2022

Name:     City: Meyenheim   State: Alsace, FR
Elevation: 210 m  Lat: N 47° 54' 42"   Lon: E 007° 21' 20"

                  Temperature (°C), Rain (mm), Wind Speed (km/h)

                                      Heat  Cool        Avg
    Mean                              Deg   Deg         Wind                 Dom
Day Temp  High   Time   Low    Time   Days  Days  Rain  Speed High   Time    Dir
----------------------------------------------------------------------------------
01   2.5   9.5   15:59  -4.2   07:31  15.8   0.0   0.0   1.8  15.9   12:42     N
02   2.8   8.7   15:25  -3.6   07:16  15.5   0.0   0.0   1.5  12.3   16:01     N
03   4.3  12.4   14:26  -3.0   07:28  14.0   0.0   0.0   2.4  24.5   14:54     N
04   3.8  10.7   15:58  -2.1   06:56  14.5   0.0   0.0   3.6  32.4   21:39     N
05   2.7   8.7   14:57  -3.3   06:01  15.6   0.0   0.0   4.0  37.5   14:45     N
06   2.7   8.1   14:58  -2.5   06:55  15.6   0.0   0.0   6.6  35.3   17:29     N
07   2.3   7.5   16:18  -1.4   06:46  16.0   0.0   0.0   7.4  43.3   16:20     N
08   1.7   9.8   16:34  -5.8   07:04  16.6   0.0   0.0   1.3  20.2   12:28   NNO
09   4.2  15.5   16:45  -4.4   07:15  14.1   0.0   0.0   1.4  23.8   23:48     S
10   4.8  15.2   16:31  -3.6   06:58  13.5   0.0   0.0   0.9  10.8   14:06     N
11   5.4  15.1   16:22  -2.4   04:24  12.9   0.0   0.0   1.0  15.9   07:00   NNO
12   9.1  15.2   14:28   4.0   23:58   9.2   0.0   0.0   1.6  12.3   14:25     N
13   8.7  15.7   14:19   2.4   01:57   9.6   0.0   0.0   1.6  18.7   16:03     N
14   9.6  15.7   16:13   4.1   06:59   8.7   0.0   0.0   4.6  31.0   02:34   SSO
15   8.4  10.8   17:47   6.0   07:25   9.9   0.0   0.0   3.5  28.1   01:08   SSO
16   7.8  10.1   15:35   5.9   23:53  10.5   0.0   0.0   2.3  15.9   03:37     N
17   9.0  15.2   13:34   5.7   03:34   9.3   0.0   0.0   6.3  45.4   21:07     N
18   8.3  12.1   14:09   5.9   03:34   9.9   0.0   0.2  12.5  38.2   10:27     N
19   8.7  14.3   14:26   4.7   06:16   9.6   0.0   0.0  12.1  45.4   09:16     N
20   9.8  19.0   16:23   3.6   05:50   8.6   0.0   1.5   2.5  22.4   19:30    SO
21  10.1  18.1   15:50   1.7   06:49   8.2   0.0   0.0   2.6  18.0   15:27     N
22   9.1  18.1   16:34   1.0   07:00   9.2   0.0   0.0   1.4  10.8   15:14     N
23   8.9  19.1   16:22  -0.3   05:56   9.4   0.0   0.0   1.9  17.3   12:52     N
24   9.7  20.4   15:54   0.0   06:54   8.8   0.2   0.0   2.3  17.3   14:43     N
25  11.2  19.8   15:30   1.7   06:13   7.3   0.2   0.0   4.4  21.6   10:07     N
26  12.8  19.9   15:38   6.1   07:17   5.6   0.2   0.0   9.0  38.9   12:16     N
27  12.7  21.0   18:04   3.6   08:09   5.8   0.4   0.0   3.5  18.0   16:13     N
28  11.8  23.2   15:31   1.3   07:19   7.5   0.9   0.0   2.9  26.0   17:42   SSO
29   8.7  11.6   09:31   7.5   01:29   3.8   0.0   0.0   4.3  28.1   03:46   SSO
30  10.5  14.0   16:54   8.0   22:47   7.7   0.0   2.9   4.2  31.0   13:05    SO
31   7.7  12.0   14:36   5.7   23:19  10.6   0.0  13.7   1.2  20.2   20:02     N
----------------------------------------------------------------------------------
     7.4  23.2    28    -5.8     8   333.3   1.9  18.3   3.8  45.4    17       N

Max >=  27.0  0
Max <=   0.0  0
Min <= -10.0  0
Min <= -18.0  0
Max Rain: 13.7 on day 31
Days of Rain: 4 (>= 0.2 mm)  2 (>= 2.0 mm)  0 (>= 20.0 mm)
Heat Base: 18.3  Cool Base: 18.3  Method: Integration


Mise à jour :
powered by Cumulus v ()