METEO Meyenheim

 Latitude N 47° 54' 42"    Longitude E 07° 21' 22"    Altitude 210 m

Rapports de type NOAA
Selectionner un rapport Annuel ou mensuel
V/Λ2022 > Janvier Février Mars Avril Mai Juin Juillet Août Septembre Octobre Novembre Décembre
V/Λ2021 > Janvier Février Mars Avril Mai Juin Juillet Août Septembre Octobre Novembre Décembre
V/Λ2020 > Janvier Février Mars Avril Mai Juin Juillet Août Septembre Octobre Novembre Décembre
V/Λ2019 > Janvier Février Mars Avril Mai Juin Juillet Août Septembre Octobre Novembre Décembre
V/Λ2018 > Janvier Février Mars Avril Mai Juin Juillet Août Septembre Octobre Novembre Décembre
V/Λ2017 > Janvier Février Mars Avril Mai Juin Juillet Août Septembre Octobre Novembre Décembre
V/Λ2016 > Janvier Février Mars Avril Mai Juin Juillet Août Septembre Octobre Novembre Décembre
V/Λ2015 > Janvier Février Mars Avril Mai Juin Juillet Août Septembre Octobre Novembre Décembre
V/Λ2014 > Janvier Février Mars Avril Mai Juin Juillet Août Septembre Octobre Novembre Décembre
V/Λ2013 > Janvier Février Mars Avril Mai Juin Juillet Août Septembre Octobre Novembre Décembre
V/Λ2012 > Janvier Février Mars Avril Mai Juin Juillet Août Septembre Octobre Novembre Décembre
V/Λ2011 > Janvier Février Mars Avril Mai Juin Juillet Août Septembre Octobre Novembre Décembre
V/Λ2010 > Janvier Février Mars Avril Mai Juin Juillet Août Septembre Octobre Novembre Décembre
V/Λ2009 > Janvier Février Mars Avril Mai Juin Juillet Août Septembre Octobre Novembre Décembre
V/Λ2008 > Janvier Février Mars Avril Mai Juin Juillet Août Septembre Octobre Novembre Décembre
V/Λ2007 > Janvier Février Mars Avril Mai Juin Juillet Août Septembre Octobre Novembre Décembre
V/Λ2006 > Janvier Février Mars Avril Mai Juin Juillet Août Septembre Octobre Novembre Décembre
V/Λ2005 > Janvier Février Mars Avril Mai Juin Juillet Août Septembre Octobre Novembre Décembre
V/Λ2004 > Janvier Février Mars Avril Mai Juin Juillet Août Septembre Octobre Novembre Décembre
V/Λ2003 > Janvier Février Mars Avril Mai Juin Juillet Août Septembre Octobre Novembre Décembre
V/Λ2002 > Janvier Février Mars Avril Mai Juin Juillet Août Septembre Octobre Novembre Décembre

Rapport pour Avril 2022
                   Monthly Climatological Summary for avr. 2022

Name:     City: Meyenheim   State: Alsace, FR
Elevation: 210 m  Lat: N 47° 54' 42"   Lon: E 007° 21' 20"

                  Temperature (°C), Rain (mm), Wind Speed (km/h)

                                      Heat  Cool        Avg
    Mean                              Deg   Deg         Wind                 Dom
Day Temp  High   Time   Low    Time   Days  Days  Rain  Speed High   Time    Dir
----------------------------------------------------------------------------------
01   3.5   5.8   00:00   0.3   23:53  14.8   0.0   6.2   2.5  28.8   19:45     N
02   0.9   2.1   12:28   0.3   00:00  17.4   0.0   1.9   9.6  34.6   13:00     N
03   2.2   4.7   16:41   0.1   01:17  16.1   0.0   0.0   6.7  34.6   11:23     N
04   3.9  10.3   16:50  -3.4   07:06  14.4   0.0   0.0   5.5  38.2   22:23   SSO
05   8.9  14.0   15:54   5.8   06:56   9.4   0.0   0.0   9.4  46.1   11:30   SSO
06  11.4  16.5   15:10   8.0   06:29   6.9   0.0   0.2   7.2  31.0   22:59   SSO
07  10.4  13.0   15:43   8.5   05:49   7.9   0.0   2.9  12.6  64.2   16:40   SSO
08  10.5  13.3   17:55   7.3   08:10   7.8   0.0  13.4   9.8  58.4   14:50    SO
09   6.9  11.6   16:07   3.2   07:24  11.4   0.0   1.7   3.7  37.5   00:07   NNO
10   6.8  13.7   16:05   0.3   07:08  11.5   0.0   0.0   2.4  12.3   11:34   SSO
11   8.9  18.1   16:26   0.5   07:19   9.4   0.0   0.0   1.2   8.7   15:47   NNO
12  13.2  22.6   14:47   3.4   06:33   5.9   0.8   0.0   1.4  10.8   09:57   SSO
13  16.7  24.5   16:07  10.2   07:31   3.2   1.5   0.0   1.4  13.0   14:51   NNO
14  15.7  22.8   16:08   9.1   06:58   3.5   0.9   0.0   3.6  21.6   16:33     N
15  16.7  22.1   15:47  11.8   07:35   2.5   0.9   0.0   5.4  23.1   12:31     N
16  12.7  17.6   16:01   7.9   06:45   5.6   0.0   0.0   9.1  33.2   15:21     N
17  11.1  18.5   17:00   5.2   07:05   7.2   0.0   0.0   9.3  42.5   17:10     N
18  11.9  20.2   16:15   4.4   06:46   6.6   0.2   0.0   3.2  15.9   14:31     N
19  11.9  20.4   16:30   2.7   06:44   6.6   0.3   0.0   3.0  18.7   17:09     N
20  12.7  18.5   16:23   7.0   07:20   5.6   0.0   0.0   8.1  35.3   02:41     N
21  12.3  19.4   16:20   5.0   05:08   6.1   0.1   0.0   7.3  36.8   18:32     N
22  12.9  19.9   16:28   7.2   06:44   5.6   0.2   0.0   5.7  25.2   12:49     N
23  11.6  16.2   15:45   7.2   05:40   6.7   0.0   0.6   4.0  33.9   18:55     N
24   9.6  12.2   00:00   7.5   06:03   8.7   0.0   7.1   5.7  34.6   04:47   SSO
25  10.3  16.7   14:15   7.8   06:48   8.0   0.0  10.6   1.5  20.2   15:36   SSO
26  11.0  16.5   16:43   7.6   07:33   7.3   0.0   0.2   2.9  30.3   08:42    NO
27  11.3  17.7   17:13   4.8   05:49   7.0   0.0   0.0   5.9  28.1   03:11     N
28  14.0  21.6   17:47   7.0   06:36   4.9   0.6   0.0   6.1  29.6   13:39     N
29  13.3  19.3   14:38   6.3   06:15   5.1   0.1   0.0   2.4  15.9   14:35     N
30  11.8  17.1   13:29   8.3   06:55   6.5   0.0   3.1   3.1  26.7   23:01     N
----------------------------------------------------------------------------------
    10.5  24.5    13    -3.4     4   239.6   5.6  47.9   5.3  64.2     7      NO

Max >=  27.0  0
Max <=   0.0  0
Min <= -10.0  0
Min <= -18.0  0
Max Rain: 13.4 on day 8
Days of Rain: 11 (>= 0.2 mm)  6 (>= 2.0 mm)  0 (>= 20.0 mm)
Heat Base: 18.3  Cool Base: 18.3  Method: Integration


Mise à jour :
powered by Cumulus v ()