METEO Meyenheim

 Latitude N 47° 54' 42"    Longitude E 07° 21' 22"    Altitude 210 m

Rapports de type NOAA
Selectionner un rapport Annuel ou mensuel
V/Λ2022 > Janvier Février Mars Avril Mai Juin Juillet Août Septembre Octobre Novembre Décembre
V/Λ2021 > Janvier Février Mars Avril Mai Juin Juillet Août Septembre Octobre Novembre Décembre
V/Λ2020 > Janvier Février Mars Avril Mai Juin Juillet Août Septembre Octobre Novembre Décembre
V/Λ2019 > Janvier Février Mars Avril Mai Juin Juillet Août Septembre Octobre Novembre Décembre
V/Λ2018 > Janvier Février Mars Avril Mai Juin Juillet Août Septembre Octobre Novembre Décembre
V/Λ2017 > Janvier Février Mars Avril Mai Juin Juillet Août Septembre Octobre Novembre Décembre
V/Λ2016 > Janvier Février Mars Avril Mai Juin Juillet Août Septembre Octobre Novembre Décembre
V/Λ2015 > Janvier Février Mars Avril Mai Juin Juillet Août Septembre Octobre Novembre Décembre
V/Λ2014 > Janvier Février Mars Avril Mai Juin Juillet Août Septembre Octobre Novembre Décembre
V/Λ2013 > Janvier Février Mars Avril Mai Juin Juillet Août Septembre Octobre Novembre Décembre
V/Λ2012 > Janvier Février Mars Avril Mai Juin Juillet Août Septembre Octobre Novembre Décembre
V/Λ2011 > Janvier Février Mars Avril Mai Juin Juillet Août Septembre Octobre Novembre Décembre
V/Λ2010 > Janvier Février Mars Avril Mai Juin Juillet Août Septembre Octobre Novembre Décembre
V/Λ2009 > Janvier Février Mars Avril Mai Juin Juillet Août Septembre Octobre Novembre Décembre
V/Λ2008 > Janvier Février Mars Avril Mai Juin Juillet Août Septembre Octobre Novembre Décembre
V/Λ2007 > Janvier Février Mars Avril Mai Juin Juillet Août Septembre Octobre Novembre Décembre
V/Λ2006 > Janvier Février Mars Avril Mai Juin Juillet Août Septembre Octobre Novembre Décembre
V/Λ2005 > Janvier Février Mars Avril Mai Juin Juillet Août Septembre Octobre Novembre Décembre
V/Λ2004 > Janvier Février Mars Avril Mai Juin Juillet Août Septembre Octobre Novembre Décembre
V/Λ2003 > Janvier Février Mars Avril Mai Juin Juillet Août Septembre Octobre Novembre Décembre
V/Λ2002 > Janvier Février Mars Avril Mai Juin Juillet Août Septembre Octobre Novembre Décembre

Rapport pour Mai 2022
                   Monthly Climatological Summary for mai 2022

Name:     City: Meyenheim   State: Alsace, FR
Elevation: 210 m  Lat: N 47° 54' 42"   Lon: E 007° 21' 20"

                  Temperature (°C), Rain (mm), Wind Speed (km/h)

                                      Heat  Cool        Avg
    Mean                              Deg   Deg         Wind                 Dom
Day Temp  High   Time   Low    Time   Days  Days  Rain  Speed High   Time    Dir
----------------------------------------------------------------------------------
01  11.3  17.6   16:56   4.6   06:48   7.0   0.0   0.0   3.3  21.6   16:53     N
02  12.8  20.5   15:23   4.9   06:02   5.8   0.3   0.0   2.8  25.2   09:50     N
03  14.5  22.1   15:33   7.1   06:05   4.4   0.7   0.0   1.9  26.0   14:21   NNE
04  13.2  20.7   12:41   8.7   06:38   5.2   0.1   1.2   2.9  23.8   13:31   OSO
05  11.9  14.0   13:42  10.5   05:43   6.4   0.0   2.1   1.3  15.1   13:05   NNE
06  13.6  19.0   16:16  10.1   03:29   4.7   0.0   1.7   5.0  28.8   11:22     N
07  14.8  22.9   16:17   6.2   06:13   4.6   1.1   0.0   4.3  34.6   18:29     N
08  16.1  22.1   13:08   9.3   03:25   3.0   0.8   0.0   4.2  33.2   22:23     N
09  18.1  25.3   17:16  10.7   07:02   2.2   1.9   0.0   4.1  17.3   13:59     N
10  18.7  26.3   16:48  11.0   04:13   2.2   2.6   0.0   3.5  20.2   16:24   SSO
11  20.8  28.6   16:41  12.8   03:31   1.5   4.0   0.0   6.6  44.0   11:24    SO
12  20.9  27.2   14:44  16.6   07:08   0.2   2.8   0.2   5.0  28.8   13:24    SO
13  17.7  22.9   17:56  13.7   23:55   1.3   0.7   2.9   2.7  18.0   00:39     S
14  17.6  25.9   17:34   9.3   06:15   2.9   2.2   0.0   1.8  15.9   17:53   NNE
15  19.4  29.4   18:28   9.9   05:35   2.6   3.6   0.0   1.4  30.3   10:14    NO
16  20.3  26.6   16:56  15.9   04:54   0.4   2.4   1.2   4.2  31.0   09:07    SO
17  20.0  27.9   16:56  11.8   05:57   1.8   3.5   0.0   1.5  15.9   16:47   NNE
18  21.6  31.0   17:31  12.3   06:10   1.5   4.7   0.0   1.2  24.5   19:08   NNE
19  23.0  30.5   14:16  14.6   05:15   0.6   5.3   0.0   4.5  36.8   13:24    SO
20  25.1  31.6   14:43  17.6   06:06   0.0   6.8   0.0   6.2  38.2   16:12    SO
21  20.0  26.4   17:57  13.9   06:19   0.8   2.5   0.0   2.6  19.5   00:18   NNE
22  18.8  26.3   16:33  10.8   05:32   2.0   2.4   0.0   2.2  14.4   10:54     N
23  18.5  26.5   16:11  14.2   02:47   1.3   1.6   1.5   5.1  50.5   17:54    SO
24  17.1  22.0   17:43  12.9   23:00   1.9   0.7   0.0   6.1  33.9   07:19    SO
25  17.0  24.9   17:08  10.4   05:46   2.8   1.5   0.0   2.5  31.0   12:11   OSO
26  16.4  23.5   17:51   9.9   05:36   2.8   1.0   0.0   2.8  16.6   15:51   OSO
27  16.4  23.9   14:58   9.5   05:53   3.1   1.2   0.0   3.0  27.4   16:29     O
28  14.8  20.9   17:41   8.4   05:42   3.9   0.4   0.0   4.7  26.0   12:25     N
29  14.1  18.6   17:46  10.1   04:04   4.2   0.0   0.0   6.3  32.4   19:02     N
30  14.6  22.5   17:28   7.1   06:03   4.5   0.8   0.0   3.8  29.6   00:34     N
31  15.9  23.9   12:57   8.3   06:35   3.6   1.2   0.0   3.9  33.2   13:21   OSO
----------------------------------------------------------------------------------
    17.3  31.6    20     4.6     1    89.2  56.8  10.8   3.6  50.5    23     ONO

Max >=  27.0  7
Max <=   0.0  0
Min <= -10.0  0
Min <= -18.0  0
Max Rain: 2.9 on day 13
Days of Rain: 7 (>= 0.2 mm)  2 (>= 2.0 mm)  0 (>= 20.0 mm)
Heat Base: 18.3  Cool Base: 18.3  Method: Integration


Mise à jour :
powered by Cumulus v ()