METEO Meyenheim

 Latitude N 47° 54' 42"    Longitude E 07° 21' 22"    Altitude 210 m

Rapports de type NOAA
Selectionner un rapport Annuel ou mensuel
V/Λ2023 > Janvier Février Mars Avril Mai Juin Juillet Août Septembre Octobre Novembre Décembre
V/Λ2022 > Janvier Février Mars Avril Mai Juin Juillet Août Septembre Octobre Novembre Décembre
V/Λ2021 > Janvier Février Mars Avril Mai Juin Juillet Août Septembre Octobre Novembre Décembre
V/Λ2020 > Janvier Février Mars Avril Mai Juin Juillet Août Septembre Octobre Novembre Décembre
V/Λ2019 > Janvier Février Mars Avril Mai Juin Juillet Août Septembre Octobre Novembre Décembre
V/Λ2018 > Janvier Février Mars Avril Mai Juin Juillet Août Septembre Octobre Novembre Décembre
V/Λ2017 > Janvier Février Mars Avril Mai Juin Juillet Août Septembre Octobre Novembre Décembre
V/Λ2016 > Janvier Février Mars Avril Mai Juin Juillet Août Septembre Octobre Novembre Décembre
V/Λ2015 > Janvier Février Mars Avril Mai Juin Juillet Août Septembre Octobre Novembre Décembre
V/Λ2014 > Janvier Février Mars Avril Mai Juin Juillet Août Septembre Octobre Novembre Décembre
V/Λ2013 > Janvier Février Mars Avril Mai Juin Juillet Août Septembre Octobre Novembre Décembre
V/Λ2012 > Janvier Février Mars Avril Mai Juin Juillet Août Septembre Octobre Novembre Décembre
V/Λ2011 > Janvier Février Mars Avril Mai Juin Juillet Août Septembre Octobre Novembre Décembre
V/Λ2010 > Janvier Février Mars Avril Mai Juin Juillet Août Septembre Octobre Novembre Décembre
V/Λ2009 > Janvier Février Mars Avril Mai Juin Juillet Août Septembre Octobre Novembre Décembre
V/Λ2008 > Janvier Février Mars Avril Mai Juin Juillet Août Septembre Octobre Novembre Décembre
V/Λ2007 > Janvier Février Mars Avril Mai Juin Juillet Août Septembre Octobre Novembre Décembre
V/Λ2006 > Janvier Février Mars Avril Mai Juin Juillet Août Septembre Octobre Novembre Décembre
V/Λ2005 > Janvier Février Mars Avril Mai Juin Juillet Août Septembre Octobre Novembre Décembre
V/Λ2004 > Janvier Février Mars Avril Mai Juin Juillet Août Septembre Octobre Novembre Décembre
V/Λ2003 > Janvier Février Mars Avril Mai Juin Juillet Août Septembre Octobre Novembre Décembre
V/Λ2002 > Janvier Février Mars Avril Mai Juin Juillet Août Septembre Octobre Novembre Décembre

Rapport pour Juin 2022
                   Monthly Climatological Summary for juin 2022

Name:     City: Meyenheim   State: Alsace, FR
Elevation: 210 m  Lat: N 47° 54' 42"   Lon: E 007° 21' 20"

                  Temperature (°C), Rain (mm), Wind Speed (km/h)

                                      Heat  Cool        Avg
    Mean                              Deg   Deg         Wind                 Dom
Day Temp  High   Time   Low    Time   Days  Days  Rain  Speed High   Time    Dir
----------------------------------------------------------------------------------
01  17.2  22.4   17:58  11.7   05:40   2.1   1.0   0.0   5.2  32.4   16:49   SSO
02  17.4  23.5   19:05  12.8   06:11   2.0   1.1   1.0   2.9  25.2   17:26     N
03  18.8  28.1   17:19  12.0   06:00   1.8   2.4   1.7   2.2  17.3   18:01   OSO
04  21.7  28.5   17:56  16.3   04:45   0.5   3.9   1.7   3.5  26.7   05:53     N
05  20.4  26.8   16:05  15.0   23:48   0.3   2.4   1.9   5.1  34.6   12:09   OSO
06  19.5  26.6   17:11  13.2   05:42   1.4   2.6   0.0   5.5  32.4   13:32   OSO
07  17.3  22.6   13:32  12.4   23:57   1.8   0.8   2.3   2.9  29.6   14:13    SO
08  15.7  22.6   13:29  10.4   06:05   3.2   0.5   0.2   4.9  41.8   18:13    SO
09  16.4  21.5   13:24  11.6   06:36   2.4   0.5   0.2   3.3  28.1   12:14   ONO
10  18.2  26.8   17:44  11.8   00:07   2.6   2.5   0.0   1.5  29.6   08:40     S
11  20.4  30.3   17:39  10.0   05:52   2.3   4.4   0.0   1.7  14.4   12:41     S
12  22.1  31.6   16:17  12.4   05:38   1.3   5.1   0.6   2.0  21.6   17:43     N
13  21.2  27.4   16:59  17.1   06:51   0.2   3.1   0.0   2.7  20.9   18:05   NNE
14  20.4  29.0   17:46  11.8   06:19   1.6   3.7   0.0   3.6  23.1   05:17     N
15  23.0  33.2   17:57  12.7   04:35   1.4   6.1   0.0   1.7  13.7   15:59    NE
16  24.6  32.6   15:14  17.5   04:15   0.1   6.3   0.0   2.2  18.7   16:48   NNE
17  23.7  31.8   16:55  15.8   05:47   0.2   5.7   0.0   2.9  18.0   02:38     N
18  25.7  37.2   17:57  14.4   05:53   0.6   8.1   0.0   1.9  31.0   18:10     S
19  28.0  36.0   15:35  18.8   04:55   0.0   9.7   0.0   4.6  34.6   10:04   SSO
20  25.6  31.6   13:46  18.1   23:57   0.0   7.3   4.6   7.4  51.9   04:30   ONO
21  21.2  31.0   16:53  14.0   05:18   1.2   4.1   0.0   3.6  41.1   02:34     N
22  19.5  23.4   13:51  15.9   23:30   0.3   1.5  10.4   1.7  22.4   19:11   OSO
23  21.3  32.2   17:25  14.4   05:02   1.3   4.2   4.0   2.7  49.7   19:39   SSO
24  18.2  22.9   10:32  15.5   23:57   0.9   0.8   0.6   5.1  30.3   15:53   SSO
25  21.0  29.3   16:23  14.2   05:11   1.2   3.9   1.5   3.1  21.6   10:28   SSO
26  19.9  25.8   18:16  15.3   04:40   0.8   2.4  13.7   4.1  24.5   14:35     N
27  18.1  21.6   16:43  15.9   23:12   0.9   0.7  17.3   1.5  24.5   00:34   OSO
28  18.8  24.6   15:10  13.1   05:39   1.5   2.0   0.0   4.0  25.2   15:31     N
29  22.1  28.5   17:10  17.0   05:39   0.2   4.0   0.0   1.7  13.7   15:29   ENE
30  20.3  30.1   14:00  14.6   05:26   1.0   3.1   6.4   1.8  26.0   21:19   SSO
----------------------------------------------------------------------------------
    20.6  37.2    18    10.0    11    35.1 103.9  68.1   3.2  51.9    20       O

Max >=  27.0 17
Max <=   0.0  0
Min <= -10.0  0
Min <= -18.0  0
Max Rain: 17.3 on day 27
Days of Rain: 16 (>= 0.2 mm)  7 (>= 2.0 mm)  0 (>= 20.0 mm)
Heat Base: 18.3  Cool Base: 18.3  Method: Integration


Mise à jour :
powered by Cumulus v ()