METEO Meyenheim

 Latitude N 47° 54' 42"    Longitude E 07° 21' 22"    Altitude 210 m

Rapports de type NOAA
Selectionner un rapport Annuel ou mensuel
V/Λ2022 > Janvier Février Mars Avril Mai Juin Juillet Août Septembre Octobre Novembre Décembre
V/Λ2021 > Janvier Février Mars Avril Mai Juin Juillet Août Septembre Octobre Novembre Décembre
V/Λ2020 > Janvier Février Mars Avril Mai Juin Juillet Août Septembre Octobre Novembre Décembre
V/Λ2019 > Janvier Février Mars Avril Mai Juin Juillet Août Septembre Octobre Novembre Décembre
V/Λ2018 > Janvier Février Mars Avril Mai Juin Juillet Août Septembre Octobre Novembre Décembre
V/Λ2017 > Janvier Février Mars Avril Mai Juin Juillet Août Septembre Octobre Novembre Décembre
V/Λ2016 > Janvier Février Mars Avril Mai Juin Juillet Août Septembre Octobre Novembre Décembre
V/Λ2015 > Janvier Février Mars Avril Mai Juin Juillet Août Septembre Octobre Novembre Décembre
V/Λ2014 > Janvier Février Mars Avril Mai Juin Juillet Août Septembre Octobre Novembre Décembre
V/Λ2013 > Janvier Février Mars Avril Mai Juin Juillet Août Septembre Octobre Novembre Décembre
V/Λ2012 > Janvier Février Mars Avril Mai Juin Juillet Août Septembre Octobre Novembre Décembre
V/Λ2011 > Janvier Février Mars Avril Mai Juin Juillet Août Septembre Octobre Novembre Décembre
V/Λ2010 > Janvier Février Mars Avril Mai Juin Juillet Août Septembre Octobre Novembre Décembre
V/Λ2009 > Janvier Février Mars Avril Mai Juin Juillet Août Septembre Octobre Novembre Décembre
V/Λ2008 > Janvier Février Mars Avril Mai Juin Juillet Août Septembre Octobre Novembre Décembre
V/Λ2007 > Janvier Février Mars Avril Mai Juin Juillet Août Septembre Octobre Novembre Décembre
V/Λ2006 > Janvier Février Mars Avril Mai Juin Juillet Août Septembre Octobre Novembre Décembre
V/Λ2005 > Janvier Février Mars Avril Mai Juin Juillet Août Septembre Octobre Novembre Décembre
V/Λ2004 > Janvier Février Mars Avril Mai Juin Juillet Août Septembre Octobre Novembre Décembre
V/Λ2003 > Janvier Février Mars Avril Mai Juin Juillet Août Septembre Octobre Novembre Décembre
V/Λ2002 > Janvier Février Mars Avril Mai Juin Juillet Août Septembre Octobre Novembre Décembre

Rapport pour Août 2022
                   Monthly Climatological Summary for août 2022

Name:     City: Meyenheim   State: Alsace, FR
Elevation: 210 m  Lat: N 47° 54' 42"   Lon: E 007° 21' 20"

                  Temperature (°C), Rain (mm), Wind Speed (km/h)

                                      Heat  Cool        Avg
    Mean                              Deg   Deg         Wind                 Dom
Day Temp  High   Time   Low    Time   Days  Days  Rain  Speed High   Time    Dir
----------------------------------------------------------------------------------
01  21.8  31.3   14:44  15.1   06:18   0.5   4.0   2.5   2.1  29.6   19:21    NE
02  22.0  30.1   17:28  15.2   05:44   0.8   4.5   0.0   1.7  21.6   08:18   NNE
03  24.6  34.5   16:45  15.2   06:33   0.5   6.8   0.0   1.4  13.0   16:59   ENE
04  27.3  37.6   16:43  17.0   05:57   0.1   9.1   0.0   2.1  15.9   10:21    SE
05  25.3  33.4   16:15  19.7   04:25   0.0   7.0   0.0   4.4  33.2   12:21     N
06  22.0  27.1   17:46  18.1   07:24   0.0   3.7   0.0   8.4  31.7   02:24     N
07  21.4  28.7   16:46  14.2   06:19   0.8   3.8   0.0   7.1  27.4   19:06     N
08  22.2  30.4   16:57  13.1   06:25   0.9   4.8   0.0   6.1  28.1   18:49     N
09  23.5  31.5   16:48  14.2   07:03   0.4   5.5   0.0   7.5  31.0   18:11     N
10  23.8  31.6   16:56  18.3   04:30   0.0   5.5   0.0   8.5  31.7   16:23     N
11  23.6  31.7   16:44  16.7   06:29   0.2   5.5   0.0   6.3  23.8   17:37     N
12  23.0  31.3   17:21  14.3   06:37   0.4   5.1   0.0   5.9  26.7   17:37     N
13  22.6  31.1   17:54  15.2   04:40   0.7   5.0   0.0   5.2  32.4   18:13     N
14  20.7  28.7   13:14  12.7   07:03   1.3   3.7   0.0   3.5  34.6   14:56    SO
15  19.7  26.4   13:02  15.8   14:33   0.6   2.0   5.6   5.5  50.5   13:32   SSO
16  22.3  30.7   17:08  15.2   06:28   0.7   4.7   0.0   3.1  14.4   09:41   SSO
17  20.3  25.9   14:28  16.5   23:59   0.2   2.2   9.4   2.3  21.6   01:56   SSO
18  18.5  22.6   16:44  15.9   05:19   0.9   1.1   1.2   1.4  13.0   15:19   NNO
19  19.7  23.6   18:52  15.8   23:55   0.3   1.6   0.2   1.8  16.6   19:13   SSO
20  19.3  24.3   17:38  15.2   02:14   0.8   1.8  17.1   1.4  13.0   17:20   SSE
21  19.7  27.1   17:02  12.8   07:00   1.5   2.9   0.0   1.2  14.4   15:51    NE
22  20.7  29.1   18:00  13.5   06:59   1.1   3.5   0.0   1.5  31.7   08:29    SO
23  21.3  30.3   17:18  13.5   06:58   1.2   4.2   0.0   1.6  12.3   16:28   SSO
24  22.1  31.0   17:10  13.4   06:50   1.0   4.8   0.0   2.8  20.2   13:25     N
25  22.1  31.4   17:00  13.7   07:01   0.9   4.7   0.0   1.3  11.5   13:27    NE
26  20.8  29.6   14:39  15.1   06:55   0.8   3.3  40.0   3.0  33.9   19:56   OSO
27  19.3  25.4   14:21  16.5   00:43   0.5   1.4   2.3   1.5  16.6   14:39   NNO
28  20.2  27.8   17:26  15.3   03:10   0.9   2.8   0.0   2.4  20.9   13:47     N
29  21.3  29.1   17:34  15.1   07:29   0.5   3.6   0.0   2.7  15.1   08:49     N
30  20.7  28.6   15:41  14.6   06:02   0.9   3.3   4.6   2.6  29.6   23:48   ONO
31  19.1  24.9   17:14  16.2   06:39   0.7   1.4  14.1   2.8  19.5   00:00     N
----------------------------------------------------------------------------------
    21.6  37.6     4    12.7    14    20.1 123.3  97.0   3.5  50.5    15       N

Max >=  27.0 24
Max <=   0.0  0
Min <= -10.0  0
Min <= -18.0  0
Max Rain: 40.0 on day 26
Days of Rain: 10 (>= 0.2 mm)  8 (>= 2.0 mm)  1 (>= 20.0 mm)
Heat Base: 18.3  Cool Base: 18.3  Method: Integration


Mise à jour :
powered by Cumulus v ()