METEO Meyenheim

 Latitude N 47° 54' 42"    Longitude E 07° 21' 22"    Altitude 210 m   Station

Rapports de type NOAA
Selectionner un rapport Annuel ou mensuel
V/Λ2022 > Janvier Février Mars Avril Mai Juin Juillet Août Septembre Octobre Novembre Décembre
V/Λ2021 > Janvier Février Mars Avril Mai Juin Juillet Août Septembre Octobre Novembre Décembre
V/Λ2020 > Janvier Février Mars Avril Mai Juin Juillet Août Septembre Octobre Novembre Décembre
V/Λ2019 > Janvier Février Mars Avril Mai Juin Juillet Août Septembre Octobre Novembre Décembre
V/Λ2018 > Janvier Février Mars Avril Mai Juin Juillet Août Septembre Octobre Novembre Décembre
V/Λ2017 > Janvier Février Mars Avril Mai Juin Juillet Août Septembre Octobre Novembre Décembre
V/Λ2016 > Janvier Février Mars Avril Mai Juin Juillet Août Septembre Octobre Novembre Décembre
V/Λ2015 > Janvier Février Mars Avril Mai Juin Juillet Août Septembre Octobre Novembre Décembre
V/Λ2014 > Janvier Février Mars Avril Mai Juin Juillet Août Septembre Octobre Novembre Décembre
V/Λ2013 > Janvier Février Mars Avril Mai Juin Juillet Août Septembre Octobre Novembre Décembre
V/Λ2012 > Janvier Février Mars Avril Mai Juin Juillet Août Septembre Octobre Novembre Décembre
V/Λ2011 > Janvier Février Mars Avril Mai Juin Juillet Août Septembre Octobre Novembre Décembre
V/Λ2010 > Janvier Février Mars Avril Mai Juin Juillet Août Septembre Octobre Novembre Décembre
V/Λ2009 > Janvier Février Mars Avril Mai Juin Juillet Août Septembre Octobre Novembre Décembre
V/Λ2008 > Janvier Février Mars Avril Mai Juin Juillet Août Septembre Octobre Novembre Décembre
V/Λ2007 > Janvier Février Mars Avril Mai Juin Juillet Août Septembre Octobre Novembre Décembre
V/Λ2006 > Janvier Février Mars Avril Mai Juin Juillet Août Septembre Octobre Novembre Décembre
V/Λ2005 > Janvier Février Mars Avril Mai Juin Juillet Août Septembre Octobre Novembre Décembre
V/Λ2004 > Janvier Février Mars Avril Mai Juin Juillet Août Septembre Octobre Novembre Décembre
V/Λ2003 > Janvier Février Mars Avril Mai Juin Juillet Août Septembre Octobre Novembre Décembre
V/Λ2002 > Janvier Février Mars Avril Mai Juin Juillet Août Septembre Octobre Novembre Décembre

Rapport pour Janvier 2022
                   Monthly Climatological Summary for janv. 2022

Name:     City: Meyenheim   State: Alsace, FR
Elevation: 210 m  Lat: N 47° 54' 42"   Lon: E 007° 21' 20"

                  Temperature (°C), Rain (mm), Wind Speed (km/h)

                                      Heat  Cool        Avg
    Mean                              Deg   Deg         Wind                 Dom
Day Temp  High   Time   Low    Time   Days  Days  Rain  Speed High   Time    Dir
----------------------------------------------------------------------------------
01   5.6  12.3   14:58   1.7   05:16  12.7   0.0   0.0   0.4  22.4   12:44   SSO
02   8.2  12.8   20:20   2.0   02:33  10.1   0.0   0.0   4.4  36.8   20:03   SSO
03  11.1  12.5   13:26  10.1   08:44   7.2   0.0   0.0   9.0  40.4   22:23   SSO
04  10.2  15.2   11:50   4.7   23:56   8.1   0.0  10.4   8.8  54.8   12:00   SSO
05   3.8   5.5   13:56   1.9   17:52  14.5   0.0   0.8   4.0  40.4   02:48   OSO
06   2.6   5.7   13:44   0.5   23:02  15.7   0.0   0.4   0.2  29.6   13:35     S
07   1.5   4.0   14:49  -0.9   01:11  16.8   0.0   0.0   8.5  40.4   12:50   SSO
08   3.5   4.9   12:51   1.2   08:41  14.8   0.0   5.4   8.8  40.4   03:04   SSO
09   3.9   6.4   13:48   0.8   22:31  14.4   0.0   7.9   6.9  47.6   01:14   SSO
10   1.7   4.9   13:40  -0.3   04:11  16.6   0.0   0.2   3.0  20.2   12:32     N
11   0.2   3.8   16:08  -2.4   22:02  18.1   0.0   0.0   3.5  33.2   07:02     N
12  -2.3   1.1   16:12  -4.6   05:32  20.6   0.0   0.0   0.6  20.2   16:15     N
13  -2.2   1.7   15:04  -5.1   08:29  20.5   0.0   0.0   0.8  10.8   14:44     E
14  -1.1   4.4   14:52  -4.6   07:52  19.4   0.0   0.0   0.3   5.8   11:03   SSE
15  -2.3  -1.2   00:18  -3.1   07:14  20.7   0.0   0.0   0.1  10.8   08:37   NNE
16  -1.4   0.3   16:21  -2.8   07:44  19.7   0.0   0.0   0.6  29.6   23:08     S
17   1.6   6.8   13:54  -1.4   08:41  16.7   0.0   0.0   1.8  18.7   05:20   SSO
18   2.6   7.0   13:47  -0.5   02:32  15.7   0.0   0.0   5.2  29.6   15:23     N
19   1.5   5.0   13:52  -1.4   01:28  16.8   0.0   0.0   6.6  43.3   12:13   SSO
20   2.5   7.5   12:35  -1.2   23:23  15.8   0.0   0.6   3.5  31.7   10:46    SO
21   0.5   4.6   14:51  -3.2   07:41  17.8   0.0   0.6   1.2  33.9   12:09     N
22   2.0   6.5   14:50  -0.6   21:43  16.3   0.0   0.0   0.9   8.7   15:16     S
23   3.1   7.5   13:50   0.7   23:06  15.2   0.0   0.0   2.9  39.7   19:39     N
24   0.2   5.7   14:52  -3.4   07:25  18.1   0.0   0.0   0.9   9.4   15:52     O
25   0.2   6.5   15:08  -3.2   08:27  18.1   0.0   0.0   1.2  20.2   11:01   OSO
26  -2.0  -1.7   13:40  -3.2   00:38  20.3   0.0   0.0   0.2  10.8   12:10   NNO
27  -1.3   0.7   21:39  -2.5   03:30  19.6   0.0   0.0   2.2  20.9   19:00   SSO
28   1.0   6.4   15:20  -1.1   04:30  17.3   0.0   0.0   2.5  31.7   08:01   SSO
----------------------------------------------------------------------------------
     2.0  15.2     4    -5.1    13   457.6   0.0  26.3   3.2  54.8     4      SO

Max >=  27.0  0
Max <=   0.0  2
Min <= -10.0  0
Min <= -18.0  0
Max Rain: 10.4 on day 4
Days of Rain: 8 (>= 0.2 mm)  3 (>= 2.0 mm)  0 (>= 20.0 mm)
Heat Base: 18.3  Cool Base: 18.3  Method: Integration


Mise à jour : 29/01/2022 02:49:01
Alimenté par Cumulus v3.6.12 (3088)