METEO Schachenfeld

 Latitude N 47° 54' 42"    Longitude E 07° 21' 22"    Altitude 210 m   Station

Rapports de type NOAA
Selectionner un rapport Annuel ou mensuel
V/Λ2024 > Janvier Février Mars Avril Mai Juin Juillet Août Septembre Octobre Novembre Décembre
V/Λ2023 > Janvier Février Mars Avril Mai Juin Juillet Août Septembre Octobre Novembre Décembre
V/Λ2022 > Janvier Février Mars Avril Mai Juin Juillet Août Septembre Octobre Novembre Décembre
V/Λ2021 > Janvier Février Mars Avril Mai Juin Juillet Août Septembre Octobre Novembre Décembre
V/Λ2020 > Janvier Février Mars Avril Mai Juin Juillet Août Septembre Octobre Novembre Décembre
V/Λ2019 > Janvier Février Mars Avril Mai Juin Juillet Août Septembre Octobre Novembre Décembre
V/Λ2018 > Janvier Février Mars Avril Mai Juin Juillet Août Septembre Octobre Novembre Décembre
V/Λ2017 > Janvier Février Mars Avril Mai Juin Juillet Août Septembre Octobre Novembre Décembre
V/Λ2016 > Janvier Février Mars Avril Mai Juin Juillet Août Septembre Octobre Novembre Décembre
V/Λ2015 > Janvier Février Mars Avril Mai Juin Juillet Août Septembre Octobre Novembre Décembre
V/Λ2014 > Janvier Février Mars Avril Mai Juin Juillet Août Septembre Octobre Novembre Décembre
V/Λ2013 > Janvier Février Mars Avril Mai Juin Juillet Août Septembre Octobre Novembre Décembre
V/Λ2012 > Janvier Février Mars Avril Mai Juin Juillet Août Septembre Octobre Novembre Décembre
V/Λ2011 > Janvier Février Mars Avril Mai Juin Juillet Août Septembre Octobre Novembre Décembre
V/Λ2010 > Janvier Février Mars Avril Mai Juin Juillet Août Septembre Octobre Novembre Décembre
V/Λ2009 > Janvier Février Mars Avril Mai Juin Juillet Août Septembre Octobre Novembre Décembre
V/Λ2008 > Janvier Février Mars Avril Mai Juin Juillet Août Septembre Octobre Novembre Décembre
V/Λ2007 > Janvier Février Mars Avril Mai Juin Juillet Août Septembre Octobre Novembre Décembre
V/Λ2006 > Janvier Février Mars Avril Mai Juin Juillet Août Septembre Octobre Novembre Décembre
V/Λ2005 > Janvier Février Mars Avril Mai Juin Juillet Août Septembre Octobre Novembre Décembre
V/Λ2004 > Janvier Février Mars Avril Mai Juin Juillet Août Septembre Octobre Novembre Décembre
V/Λ2003 > Janvier Février Mars Avril Mai Juin Juillet Août Septembre Octobre Novembre Décembre
V/Λ2002 > Janvier Février Mars Avril Mai Juin Juillet Août Septembre Octobre Novembre Décembre

Rapport pour Juillet 2024
                   Monthly Climatological Summary for juil. 2024

Name:     City: Meyenheim   State: Alsace, FR
Elevation: 210 m  Lat: N 47° 54' 41"   Lon: E 007° 21' 19"

                  Temperature (°C), Rain (mm), Wind Speed (km/h)

                                      Heat  Cool        Avg
    Mean                              Deg   Deg         Wind                 Dom
Day Temp  High   Time   Low    Time   Days  Days  Rain  Speed High   Time    Dir
----------------------------------------------------------------------------------
01  17.7  25.2   14:04  12.1   06:17   1.9   1.3   0.0   3.1  23.8   12:28    SO
02  16.3  20.4   12:35  13.9   06:13   2.3   0.2   4.0   2.5  28.1   21:34    SO
03  15.1  17.4   19:31  13.2   05:56   3.2   0.0   4.4   3.0  31.7   17:10    SO
04  17.5  23.7   16:22  13.5   04:34   1.7   1.0   0.0   7.0  38.2   12:27    SO
05  19.5  26.3   15:37  13.2   02:00   1.5   2.7   0.0   4.6  21.6   12:16   SSO
06  17.4  23.0   11:02  13.9   03:43   1.5   0.6   8.7   4.6  29.6   09:48   SSO
07  17.9  24.4   18:28  12.7   06:08   2.0   1.7   0.4   2.4  15.1   17:53     S
08  19.8  28.9   18:27  10.7   06:11   2.2   3.7   0.0   1.7  27.4   07:53     S
09  24.0  34.3   18:11  14.3   05:34   0.9   6.6   0.0   1.7  17.3   14:23     S
10  23.3  29.1   16:39  19.9   10:41   0.0   5.0   4.0   4.5  23.1   17:19   SSO
11  23.2  29.4   15:47  18.2   06:15   0.0   4.9   0.0   2.6  22.4   14:52     N
12  20.9  25.9   13:28  16.8   23:58   0.0   2.6   0.6   4.3  23.8   15:38    SO
13  19.1  25.4   17:09  14.9   06:08   1.1   1.9   0.0   2.7  16.6   13:02   ONO
14  19.3  26.6   13:56  11.8   06:06   1.9   2.9   0.0   1.8  26.7   22:07   SSO
15  21.6  32.1   16:21  13.9   05:40   1.0   4.4   9.6   2.0  51.9   20:15     S
16  21.3  25.9   17:48  17.3   23:53   0.1   3.0   0.0   6.8  33.9   13:09    SO
17  20.4  27.7   18:00  13.0   05:52   1.3   3.4   0.0   2.2  15.1   18:42     N
18  22.4  30.2   16:35  14.2   05:59   0.7   4.7   0.0   2.4  15.9   09:28   NNE
19  23.8  32.4   15:36  15.7   06:14   0.5   5.9   0.0   1.3  11.5   18:38   ENE
20  24.9  33.1   14:19  17.6   05:37   0.0   6.6   0.0   2.5  23.8   14:51   ONO
21  22.6  29.2   13:14  19.4   06:26   0.0   4.3   1.7   3.9  31.0   00:58    SO
22  23.1  29.5   16:33  18.2   23:52   0.0   4.8   0.0   2.5  17.3   16:03   OSO
----------------------------------------------------------------------------------
    20.5  34.3     9    10.7     8    23.8  72.3  33.4   3.2  51.9    15      SO

Max >=  27.0 11
Max <=   0.0  0
Min <= -10.0  0
Min <= -18.0  0
Max Rain: 9.6 on day 15
Days of Rain: 8 (>= 0.2 mm)  5 (>= 2.0 mm)  0 (>= 20.0 mm)
Heat Base: 18.3  Cool Base: 18.3  Method: Integration


Mise à jour : 23/07/2024 23:53:28
Alimenté par Cumulus v3.27.1 (3263)