METEO Meyenheim

 Latitude N 47° 54' 42"    Longitude E 07° 21' 22"    Altitude 210 m   Station

Rapports de type NOAA
Selectionner un rapport Annuel ou mensuel
V/Λ2023 > Janvier Février Mars Avril Mai Juin Juillet Août Septembre Octobre Novembre Décembre
V/Λ2022 > Janvier Février Mars Avril Mai Juin Juillet Août Septembre Octobre Novembre Décembre
V/Λ2021 > Janvier Février Mars Avril Mai Juin Juillet Août Septembre Octobre Novembre Décembre
V/Λ2020 > Janvier Février Mars Avril Mai Juin Juillet Août Septembre Octobre Novembre Décembre
V/Λ2019 > Janvier Février Mars Avril Mai Juin Juillet Août Septembre Octobre Novembre Décembre
V/Λ2018 > Janvier Février Mars Avril Mai Juin Juillet Août Septembre Octobre Novembre Décembre
V/Λ2017 > Janvier Février Mars Avril Mai Juin Juillet Août Septembre Octobre Novembre Décembre
V/Λ2016 > Janvier Février Mars Avril Mai Juin Juillet Août Septembre Octobre Novembre Décembre
V/Λ2015 > Janvier Février Mars Avril Mai Juin Juillet Août Septembre Octobre Novembre Décembre
V/Λ2014 > Janvier Février Mars Avril Mai Juin Juillet Août Septembre Octobre Novembre Décembre
V/Λ2013 > Janvier Février Mars Avril Mai Juin Juillet Août Septembre Octobre Novembre Décembre
V/Λ2012 > Janvier Février Mars Avril Mai Juin Juillet Août Septembre Octobre Novembre Décembre
V/Λ2011 > Janvier Février Mars Avril Mai Juin Juillet Août Septembre Octobre Novembre Décembre
V/Λ2010 > Janvier Février Mars Avril Mai Juin Juillet Août Septembre Octobre Novembre Décembre
V/Λ2009 > Janvier Février Mars Avril Mai Juin Juillet Août Septembre Octobre Novembre Décembre
V/Λ2008 > Janvier Février Mars Avril Mai Juin Juillet Août Septembre Octobre Novembre Décembre
V/Λ2007 > Janvier Février Mars Avril Mai Juin Juillet Août Septembre Octobre Novembre Décembre
V/Λ2006 > Janvier Février Mars Avril Mai Juin Juillet Août Septembre Octobre Novembre Décembre
V/Λ2005 > Janvier Février Mars Avril Mai Juin Juillet Août Septembre Octobre Novembre Décembre
V/Λ2004 > Janvier Février Mars Avril Mai Juin Juillet Août Septembre Octobre Novembre Décembre
V/Λ2003 > Janvier Février Mars Avril Mai Juin Juillet Août Septembre Octobre Novembre Décembre
V/Λ2002 > Janvier Février Mars Avril Mai Juin Juillet Août Septembre Octobre Novembre Décembre

Rapport pour Janvier 2023
                   Monthly Climatological Summary for janv. 2023

Name:     City: Meyenheim   State: Alsace, FR
Elevation: 210 m  Lat: N 47° 54' 42"   Lon: E 007° 21' 20"

                  Temperature (°C), Rain (mm), Wind Speed (km/h)

                                      Heat  Cool        Avg
    Mean                              Deg   Deg         Wind                 Dom
Day Temp  High   Time   Low    Time   Days  Days  Rain  Speed High   Time    Dir
----------------------------------------------------------------------------------
01  11.8  17.5   14:15   8.0   23:40   6.5   0.0   0.0   4.8  22.4   15:42     S
02  10.5  16.2   12:40   7.5   06:22   7.8   0.0   0.0   4.8  41.8   14:01   SSO
03   6.6  11.0   14:54   3.5   21:42  11.7   0.0   0.0   1.2  18.7   23:22     S
04   7.6  10.0   23:11   4.3   04:00  10.7   0.0   0.0  10.7  50.5   11:52   SSO
05  10.9  13.9   15:03   7.5   23:58   7.4   0.0   0.0   7.0  35.3   00:33    SO
06   8.9  12.9   14:03   5.8   03:20   9.4   0.0   0.0   3.3  31.7   12:31   SSO
07   8.7  12.8   15:08   6.9   20:47   9.6   0.0   0.0   4.9  35.3   09:28     S
08   7.4   9.0   13:36   6.1   06:30  10.9   0.0  11.4   5.4  36.0   11:51     S
09   6.4   8.7   01:30   4.2   22:26  11.9   0.0   3.7   9.0  41.1   07:50    SO
10   5.6   7.7   13:57   3.6   07:33  12.7   0.0   0.2   6.6  39.7   20:43   SSO
11   8.3  10.7   13:14   5.6   22:39   9.9   0.0   0.2   8.7  45.4   04:45   SSO
12   8.4  10.7   23:28   6.3   00:16   9.9   0.0   0.0  11.3  46.1   19:07   SSO
13   8.6  11.5   11:33   6.4   22:25   9.7   0.0   1.2  10.6  51.9   02:40   SSO
14   8.0  10.7   15:40   5.7   04:06  10.3   0.0   0.2  10.3  52.6   15:48   SSO
15   7.1  10.8   05:46   3.4   21:16  11.2   0.0   1.0  11.0  57.0   03:22   SSO
16   4.3   6.9   12:39   2.1   05:18  14.0   0.0   4.8   9.3  49.7   13:40   SSO
17   1.3   3.6   13:56  -0.4   08:00  17.0   0.0   1.0   2.4  23.1   04:17    SO
18   0.2   1.7   12:34  -1.7   23:52  18.1   0.0   3.3   0.8  10.8   09:21   ONO
19  -0.5   3.6   13:58  -3.5   07:00  18.8   0.0   0.6   2.3  17.3   11:57   SSO
20  -0.2   2.3   14:06  -1.8   19:54  18.5   0.0   0.6   2.2  31.0   13:37   SSO
21  -1.3  -0.1   12:22  -4.1   07:32  19.5   0.0   0.0   8.2  36.0   16:37     N
22   0.2   1.1   14:18  -0.7   02:46  18.1   0.0   0.2   5.9  44.0   00:59     N
23   1.2   2.0   14:26   0.2   05:58  17.1   0.0   0.6   9.7  38.9   17:02     N
24   2.4   3.4   14:35   1.7   08:02  15.9   0.0   0.0  10.2  33.2   00:56     N
25   2.0   2.8   14:40   1.1   23:44  16.3   0.0   0.0   6.0  39.7   08:39     N
26   0.3   1.2   00:00  -0.5   22:53  18.0   0.0   0.0   4.6  27.4   12:15     N
27   0.0   1.0   14:47  -0.7   08:16  18.3   0.0   0.0   7.6  36.0   14:16     N
28   1.3   3.1   14:12   0.2   00:00  16.9   0.0   0.0   7.5  31.7   13:55     N
29   0.4   4.3   14:53  -3.0   23:40  17.9   0.0   0.0   3.6  31.7   07:58     N
30   0.1   4.3   14:54  -4.2   04:55  18.2   0.0   0.0   5.3  43.3   12:03   SSO
----------------------------------------------------------------------------------
     4.6  17.5     1    -4.2    30   412.2   0.0  29.0   6.5  57.0    15      SO

Max >=  27.0  0
Max <=   0.0  1
Min <= -10.0  0
Min <= -18.0  0
Max Rain: 11.4 on day 8
Days of Rain: 14 (>= 0.2 mm)  4 (>= 2.0 mm)  0 (>= 20.0 mm)
Heat Base: 18.3  Cool Base: 18.3  Method: Integration


Mise à jour : 31/01/2023 08:36:50
Alimenté par Cumulus v3.6.12 (3088)