METEO Meyenheim

 Latitude N 47° 54' 42"    Longitude E 07° 21' 22"    Altitude 210 m   Station

Rapports de type NOAA
Selectionner un rapport Annuel ou mensuel
V/Λ2020 > Janvier Février Mars Avril Mai Juin Juillet Août Septembre Octobre Novembre Décembre
V/Λ2019 > Janvier Février Mars Avril Mai Juin Juillet Août Septembre Octobre Novembre Décembre
V/Λ2018 > Janvier Février Mars Avril Mai Juin Juillet Août Septembre Octobre Novembre Décembre
V/Λ2017 > Janvier Février Mars Avril Mai Juin Juillet Août Septembre Octobre Novembre Décembre
V/Λ2016 > Janvier Février Mars Avril Mai Juin Juillet Août Septembre Octobre Novembre Décembre
V/Λ2015 > Janvier Février Mars Avril Mai Juin Juillet Août Septembre Octobre Novembre Décembre
V/Λ2014 > Janvier Février Mars Avril Mai Juin Juillet Août Septembre Octobre Novembre Décembre
V/Λ2013 > Janvier Février Mars Avril Mai Juin Juillet Août Septembre Octobre Novembre Décembre
V/Λ2012 > Janvier Février Mars Avril Mai Juin Juillet Août Septembre Octobre Novembre Décembre
V/Λ2011 > Janvier Février Mars Avril Mai Juin Juillet Août Septembre Octobre Novembre Décembre
V/Λ2010 > Janvier Février Mars Avril Mai Juin Juillet Août Septembre Octobre Novembre Décembre
V/Λ2009 > Janvier Février Mars Avril Mai Juin Juillet Août Septembre Octobre Novembre Décembre
V/Λ2008 > Janvier Février Mars Avril Mai Juin Juillet Août Septembre Octobre Novembre Décembre
V/Λ2007 > Janvier Février Mars Avril Mai Juin Juillet Août Septembre Octobre Novembre Décembre
V/Λ2006 > Janvier Février Mars Avril Mai Juin Juillet Août Septembre Octobre Novembre Décembre
V/Λ2005 > Janvier Février Mars Avril Mai Juin Juillet Août Septembre Octobre Novembre Décembre
V/Λ2004 > Janvier Février Mars Avril Mai Juin Juillet Août Septembre Octobre Novembre Décembre
V/Λ2003 > Janvier Février Mars Avril Mai Juin Juillet Août Septembre Octobre Novembre Décembre
V/Λ2002 > Janvier Février Mars Avril Mai Juin Juillet Août Septembre Octobre Novembre Décembre

Rapport pour Novembre 2020
                   Monthly Climatological Summary for nov. 2020

Name:     City: Meyenheim   State: Alsace, FR
Elevation: 210 m  Lat: N 47° 54' 42"   Lon: E 007° 21' 20"

                  Temperature (°C), Rain (mm), Wind Speed (km/h)

                                      Heat  Cool        Avg
    Mean                              Deg   Deg         Wind                 Dom
Day Temp  High   Time   Low    Time   Days  Days  Rain  Speed High   Time    Dir
----------------------------------------------------------------------------------
01  13.6  16.8   22:42   8.8   02:03   4.7   0.0   0.2   7.4  52.6   22:38   SSO
02  17.9  21.8   11:50  15.4   00:46   1.1   0.6   0.0   6.2  34.6   01:11   SSO
03  10.9  17.4   00:24   9.1   23:46   7.4   0.0   3.1   2.1  23.8   00:23    SO
04   8.2   9.7   14:25   6.4   07:41  10.1   0.0   0.0   6.1  28.8   03:45     N
05   8.2  10.5   14:50   6.3   08:20  10.1   0.0   0.0   7.5  38.9   00:45     N
06   5.2  10.2   15:22   1.9   07:39  13.1   0.0   0.0   1.6  26.0   09:12     N
07   5.5  13.1   14:47   0.8   07:52  12.8   0.0   0.0   0.7   8.7   12:01   ENE
08   7.0  13.8   14:04   1.9   04:04  11.3   0.0   0.0   0.5  31.7   13:30    SO
09   9.2  16.0   14:16   4.5   07:49   9.1   0.0   0.4   0.5  10.1   11:34     S
10   6.8  12.3   14:19   3.4   03:21  11.5   0.0   0.0   1.0  23.8   12:25     N
11   7.6   9.1   14:11   6.3   01:31  10.7   0.0   0.0   0.1   7.9   23:51   NNO
12   9.5  14.2   14:42   5.8   23:58   8.8   0.0   0.0   3.4  31.7   12:36   SSO
13  10.3  16.7   15:06   4.4   01:40   8.0   0.0   0.2   2.3  24.5   13:25   SSO
14  11.7  18.0   14:03   7.4   07:29   6.6   0.0   0.0   4.1  32.4   22:24   SSO
15  11.8  17.5   14:37   6.3   07:19   6.4   0.0   1.5   4.9  37.5   09:02   SSO
16  10.6  14.0   00:02   7.9   23:58   7.7   0.0   0.2   6.3  40.4   01:56    SO
17   7.9  13.3   13:27   3.4   23:51  10.4   0.0   0.0   2.4  32.4   10:25   SSO
18   6.6  14.5   14:25   0.3   07:30  11.7   0.0   0.0   1.9  23.1   21:37   SSO
19   9.7  12.5   09:55   5.1   23:37   8.7   0.0   0.0   6.6  41.1   08:01    SO
20   4.9   8.3   13:20   0.0   23:57  13.3   0.0   1.0   3.1  32.4   17:22     N
21  -0.5   3.9   15:23  -2.9   04:51  18.8   0.0   0.0   0.4   6.5   11:52     S
22   1.0   7.3   14:30  -3.9   06:45  17.3   0.0   0.0   0.7   5.8   10:20     S
23   2.8   9.0   15:23  -0.5   23:58  15.5   0.0   0.0   0.7  12.3   10:56   NNO
24   0.3   4.3   15:04  -2.3   07:58  18.0   0.0   0.0   1.1  18.0   13:37     N
25   0.0   5.6   14:26  -3.7   08:09  18.3   0.0   0.0   0.4   7.9   10:59    NE
26   0.7   8.8   14:32  -4.1   07:34  17.6   0.0   0.0   0.7  22.4   10:35   SSO
27   3.1   8.7   15:12  -2.0   00:26  15.2   0.0   0.0   1.2  10.1   10:25    SO
28   1.3   2.2   13:20   0.8   16:43  17.0   0.0   0.2   2.4  17.3   18:05     N
29   1.7   3.3   14:36  -1.8   23:55  16.6   0.0   0.0   5.3  28.1   03:44     N
----------------------------------------------------------------------------------
     6.7  21.8     2    -4.1    26   337.8   0.6   6.8   2.8  52.6     1      SO

Max >=  27.0  0
Max <=   0.0  0
Min <= -10.0  0
Min <= -18.0  0
Max Rain: 3.1 on day 3
Days of Rain: 8 (>= 0.2 mm)  1 (>= 2.0 mm)  0 (>= 20.0 mm)
Heat Base: 18.3  Cool Base: 18.3  Method: Integration


Mise à jour : 30/11/2020 03:20:21
Alimenté par Cumulus v3.6.12 (3088)