METEO Meyenheim

 Latitude N 47° 54' 42"    Longitude E 07° 21' 22"    Altitude 210 m   Station

Rapports de type NOAA
Selectionner un rapport Annuel ou mensuel
V/Λ2020 > Janvier Février Mars Avril Mai Juin Juillet Août Septembre Octobre Novembre Décembre
V/Λ2019 > Janvier Février Mars Avril Mai Juin Juillet Août Septembre Octobre Novembre Décembre
V/Λ2018 > Janvier Février Mars Avril Mai Juin Juillet Août Septembre Octobre Novembre Décembre
V/Λ2017 > Janvier Février Mars Avril Mai Juin Juillet Août Septembre Octobre Novembre Décembre
V/Λ2016 > Janvier Février Mars Avril Mai Juin Juillet Août Septembre Octobre Novembre Décembre
V/Λ2015 > Janvier Février Mars Avril Mai Juin Juillet Août Septembre Octobre Novembre Décembre
V/Λ2014 > Janvier Février Mars Avril Mai Juin Juillet Août Septembre Octobre Novembre Décembre
V/Λ2013 > Janvier Février Mars Avril Mai Juin Juillet Août Septembre Octobre Novembre Décembre
V/Λ2012 > Janvier Février Mars Avril Mai Juin Juillet Août Septembre Octobre Novembre Décembre
V/Λ2011 > Janvier Février Mars Avril Mai Juin Juillet Août Septembre Octobre Novembre Décembre
V/Λ2010 > Janvier Février Mars Avril Mai Juin Juillet Août Septembre Octobre Novembre Décembre
V/Λ2009 > Janvier Février Mars Avril Mai Juin Juillet Août Septembre Octobre Novembre Décembre
V/Λ2008 > Janvier Février Mars Avril Mai Juin Juillet Août Septembre Octobre Novembre Décembre
V/Λ2007 > Janvier Février Mars Avril Mai Juin Juillet Août Septembre Octobre Novembre Décembre
V/Λ2006 > Janvier Février Mars Avril Mai Juin Juillet Août Septembre Octobre Novembre Décembre
V/Λ2005 > Janvier Février Mars Avril Mai Juin Juillet Août Septembre Octobre Novembre Décembre
V/Λ2004 > Janvier Février Mars Avril Mai Juin Juillet Août Septembre Octobre Novembre Décembre
V/Λ2003 > Janvier Février Mars Avril Mai Juin Juillet Août Septembre Octobre Novembre Décembre
V/Λ2002 > Janvier Février Mars Avril Mai Juin Juillet Août Septembre Octobre Novembre Décembre

Rapport pour Septembre 2020
                   Monthly Climatological Summary for sept. 2020

Name:     City: Meyenheim   State: Alsace, FR
Elevation: 210 m  Lat: N 47° 54' 42"   Lon: E 007° 21' 20"

                  Temperature (°C), Rain (mm), Wind Speed (km/h)

                                      Heat  Cool        Avg
    Mean                              Deg   Deg         Wind                 Dom
Day Temp  High   Time   Low    Time   Days  Days  Rain  Speed High   Time    Dir
----------------------------------------------------------------------------------
01  15.6  20.8   16:06  12.6   04:48   2.9   0.2   0.0   2.1  27.4   18:51     N
02  15.4  22.5   15:31  10.3   04:26   3.7   0.8   0.0   1.6  16.6   12:37     N
03  16.1  24.5   17:37   8.4   06:50   3.9   1.7   0.0   3.0  27.4   13:20   SSO
04  20.2  30.0   16:59  12.0   06:03   2.0   3.9   0.0   3.5  23.8   17:12   SSO
05  21.0  28.8   14:57  15.4   06:45   0.6   3.3   0.0   5.0  31.0   00:13    SO
06  16.6  21.3   13:23  11.6   23:57   2.1   0.3   0.0   2.8  20.9   13:31     N
07  14.9  23.2   16:47   8.4   06:42   4.4   1.0   0.0   4.7  30.3   12:44     N
08  15.7  25.6   17:16   7.5   07:21   4.3   1.7   0.0   0.9  12.3   13:46     N
09  17.4  27.7   16:55   8.6   06:43   3.5   2.7   0.0   1.1  13.0   15:18   ESE
10  17.8  25.8   15:53  10.3   06:38   2.6   2.1   0.0   3.9  27.4   13:03     N
11  19.7  27.3   17:10  13.1   07:20   1.2   2.6   0.0   2.1  31.7   11:35     N
12  19.6  29.1   16:35  11.8   07:13   2.0   3.3   0.0   1.1  13.0   16:40     S
13  19.3  29.3   16:50  11.3   07:14   2.2   3.2   0.0   1.3  15.1   16:42     N
14  19.9  30.8   16:32  11.3   07:22   2.2   3.8   0.0   0.8  10.8   12:21    SO
15  21.7  32.4   16:21  13.3   06:44   1.4   4.8   0.0   1.5  18.7   10:27     S
16  21.1  30.8   15:15  14.5   07:29   1.1   3.8   0.0   2.1  15.1   15:31    NO
17  20.1  25.1   15:12  16.9   03:50   0.2   2.0   0.0   8.1  38.2   18:57     N
18  18.7  26.3   16:44  12.8   07:10   1.6   2.0   0.0   4.3  23.8   08:21     N
19  17.1  22.4   17:06  11.7   07:31   2.3   1.1   0.0   1.2  13.7   16:37   NNO
20  17.7  26.4   17:05  10.9   07:39   2.7   2.0   0.0   2.1  20.9   17:46     N
21  17.7  27.2   16:44   9.4   07:23   3.1   2.5   0.0   1.9  19.5   15:32   SSO
22  18.5  26.2   15:33  11.5   06:21   2.2   2.4   0.0   3.5  27.4   13:08   SSO
23  18.6  23.6   17:13  14.9   23:33   1.0   1.3   0.2   4.6  28.8   01:22    SO
24  17.1  22.5   14:29  13.0   23:16   1.9   0.6   7.3   6.1  38.9   03:02   SSO
25  11.0  13.6   02:19   8.3   22:44   7.3   0.0   1.2   5.6  31.7   17:09   SSO
26   8.8  10.2   13:39   7.8   23:38   9.5   0.0   0.2   7.1  33.9   12:02    SO
----------------------------------------------------------------------------------
    17.6  32.4    15     7.5     8    71.9  53.1   8.9   3.2  38.9    24       O

Max >=  27.0 10
Max <=   0.0  0
Min <= -10.0  0
Min <= -18.0  0
Max Rain: 7.3 on day 24
Days of Rain: 4 (>= 0.2 mm)  1 (>= 2.0 mm)  0 (>= 20.0 mm)
Heat Base: 18.3  Cool Base: 18.3  Method: Integration


Mise à jour : 27/09/2020 23:11:42
Alimenté par Cumulus v3.6.12 (3088)