METEO Meyenheim

 Latitude N 47° 54' 42"    Longitude E 07° 21' 22"    Altitude 210 m   Station

Rapports de type NOAA
Selectionner un rapport Annuel ou mensuel
V/Λ2021 > Janvier Février Mars Avril Mai Juin Juillet Août Septembre Octobre Novembre Décembre
V/Λ2020 > Janvier Février Mars Avril Mai Juin Juillet Août Septembre Octobre Novembre Décembre
V/Λ2019 > Janvier Février Mars Avril Mai Juin Juillet Août Septembre Octobre Novembre Décembre
V/Λ2018 > Janvier Février Mars Avril Mai Juin Juillet Août Septembre Octobre Novembre Décembre
V/Λ2017 > Janvier Février Mars Avril Mai Juin Juillet Août Septembre Octobre Novembre Décembre
V/Λ2016 > Janvier Février Mars Avril Mai Juin Juillet Août Septembre Octobre Novembre Décembre
V/Λ2015 > Janvier Février Mars Avril Mai Juin Juillet Août Septembre Octobre Novembre Décembre
V/Λ2014 > Janvier Février Mars Avril Mai Juin Juillet Août Septembre Octobre Novembre Décembre
V/Λ2013 > Janvier Février Mars Avril Mai Juin Juillet Août Septembre Octobre Novembre Décembre
V/Λ2012 > Janvier Février Mars Avril Mai Juin Juillet Août Septembre Octobre Novembre Décembre
V/Λ2011 > Janvier Février Mars Avril Mai Juin Juillet Août Septembre Octobre Novembre Décembre
V/Λ2010 > Janvier Février Mars Avril Mai Juin Juillet Août Septembre Octobre Novembre Décembre
V/Λ2009 > Janvier Février Mars Avril Mai Juin Juillet Août Septembre Octobre Novembre Décembre
V/Λ2008 > Janvier Février Mars Avril Mai Juin Juillet Août Septembre Octobre Novembre Décembre
V/Λ2007 > Janvier Février Mars Avril Mai Juin Juillet Août Septembre Octobre Novembre Décembre
V/Λ2006 > Janvier Février Mars Avril Mai Juin Juillet Août Septembre Octobre Novembre Décembre
V/Λ2005 > Janvier Février Mars Avril Mai Juin Juillet Août Septembre Octobre Novembre Décembre
V/Λ2004 > Janvier Février Mars Avril Mai Juin Juillet Août Septembre Octobre Novembre Décembre
V/Λ2003 > Janvier Février Mars Avril Mai Juin Juillet Août Septembre Octobre Novembre Décembre
V/Λ2002 > Janvier Février Mars Avril Mai Juin Juillet Août Septembre Octobre Novembre Décembre

Rapport pour Septembre 2021
                   Monthly Climatological Summary for sept. 2021

Name:     City: Meyenheim   State: Alsace, FR
Elevation: 210 m  Lat: N 47° 54' 42"   Lon: E 007° 21' 20"

                  Temperature (°C), Rain (mm), Wind Speed (km/h)

                                      Heat  Cool        Avg
    Mean                              Deg   Deg         Wind                 Dom
Day Temp  High   Time   Low    Time   Days  Days  Rain  Speed High   Time    Dir
----------------------------------------------------------------------------------
01  16.8  23.5   16:24  11.6   07:02   2.8   1.3   0.0   7.6  28.8   09:24     N
02  16.9  25.0   17:02  10.9   06:43   2.9   1.5   0.0   3.5  28.8   13:17     N
03  17.3  26.6   16:42   9.9   06:45   3.0   2.0   0.0   1.5  11.5   16:26     N
04  18.2  26.9   16:45  11.1   07:20   2.5   2.4   0.0   1.3  28.1   02:54     N
05  18.5  27.1   16:59  12.1   06:55   2.1   2.3   0.0   1.2  10.8   14:20   NNE
06  18.5  26.9   16:00  12.1   07:06   2.1   2.3   0.0   1.7  14.4   15:40     N
07  17.9  26.1   16:50  11.0   07:09   2.5   2.1   0.0   1.7  15.1   15:29     N
08  18.3  27.3   16:45  10.6   07:06   2.5   2.5   0.0   1.3  25.2   19:05     N
09  19.7  25.8   13:54  14.3   05:27   1.0   2.4   0.0   4.1  30.3   12:58   SSO
10  18.4  23.2   16:12  15.2   01:03   0.9   0.9   0.0   4.2  25.2   22:58   SSO
11  18.3  24.2   16:53  14.4   23:56   1.4   1.3   0.0   2.6  21.6   12:31   SSO
12  17.0  25.4   17:04  10.4   07:12   3.0   1.7   0.0   1.6  13.7   14:00     N
13  17.8  26.2   16:59  11.5   06:11   2.6   2.0   0.0   1.5  13.0   17:40   NNE
14  18.6  26.8   13:59  12.2   07:32   1.9   2.2   0.0   1.2  15.9   15:41   SSO
15  18.9  22.6   13:52  17.0   23:34   0.3   0.9   3.7   4.3  27.4   10:01   SSO
16  17.7  20.5   15:05  15.3   23:57   1.0   0.4   0.4   1.8  23.1   14:42     N
17  16.2  22.0   16:41  11.8   23:58   2.8   0.7   0.0   2.8  23.1   11:57     N
18  14.9  23.7   17:11   8.0   07:11   4.4   1.0   0.0   1.6  13.0   15:09     N
19  12.7  14.4   12:18  10.5   03:54   5.6   0.0  10.8   2.6  21.6   13:25   SSO
20  14.0  20.2   17:32  11.5   23:06   4.3   0.1   1.0   0.8  15.1   18:22     N
21  13.5  19.4   16:37  10.2   23:25   4.9   0.1   0.2   3.5  23.1   14:49     N
22  12.7  19.2   15:25   7.6   07:37   5.6   0.1   0.0   3.4  36.0   13:40     N
23  13.5  23.9   17:12   6.4   07:47   5.6   0.8   0.0   2.6  24.5   09:52   SSO
24  14.2  24.3   17:18   6.6   07:23   5.2   1.1   0.0   1.7  15.1   15:18   SSO
25  15.9  26.4   17:08   8.2   07:35   4.0   1.5   0.0   1.0  10.8   16:03     S
26  17.4  23.3   17:28  14.2   04:55   1.7   0.8   0.0   3.5  23.8   08:21   SSO
27  17.0  22.9   17:06  12.3   06:38   2.2   1.0   0.8   4.1  23.1   18:10   SSO
----------------------------------------------------------------------------------
    16.7  27.3     8     6.4    23    78.8  35.4  16.9   2.5  36.0    22      NO

Max >=  27.0  2
Max <=   0.0  0
Min <= -10.0  0
Min <= -18.0  0
Max Rain: 10.8 on day 19
Days of Rain: 6 (>= 0.2 mm)  2 (>= 2.0 mm)  0 (>= 20.0 mm)
Heat Base: 18.3  Cool Base: 18.3  Method: Integration


Mise à jour : 28/09/2021 16:08:23
Alimenté par Cumulus v3.6.12 (3088)