METEO Schachenfeld

 Latitude N 47° 54' 42"    Longitude E 07° 21' 22"    Altitude 210 m   Station

Rapports de type NOAA
Selectionner un rapport Annuel ou mensuel
V/Λ2024 > Janvier Février Mars Avril Mai Juin Juillet Août Septembre Octobre Novembre Décembre
V/Λ2023 > Janvier Février Mars Avril Mai Juin Juillet Août Septembre Octobre Novembre Décembre
V/Λ2022 > Janvier Février Mars Avril Mai Juin Juillet Août Septembre Octobre Novembre Décembre
V/Λ2021 > Janvier Février Mars Avril Mai Juin Juillet Août Septembre Octobre Novembre Décembre
V/Λ2020 > Janvier Février Mars Avril Mai Juin Juillet Août Septembre Octobre Novembre Décembre
V/Λ2019 > Janvier Février Mars Avril Mai Juin Juillet Août Septembre Octobre Novembre Décembre
V/Λ2018 > Janvier Février Mars Avril Mai Juin Juillet Août Septembre Octobre Novembre Décembre
V/Λ2017 > Janvier Février Mars Avril Mai Juin Juillet Août Septembre Octobre Novembre Décembre
V/Λ2016 > Janvier Février Mars Avril Mai Juin Juillet Août Septembre Octobre Novembre Décembre
V/Λ2015 > Janvier Février Mars Avril Mai Juin Juillet Août Septembre Octobre Novembre Décembre
V/Λ2014 > Janvier Février Mars Avril Mai Juin Juillet Août Septembre Octobre Novembre Décembre
V/Λ2013 > Janvier Février Mars Avril Mai Juin Juillet Août Septembre Octobre Novembre Décembre
V/Λ2012 > Janvier Février Mars Avril Mai Juin Juillet Août Septembre Octobre Novembre Décembre
V/Λ2011 > Janvier Février Mars Avril Mai Juin Juillet Août Septembre Octobre Novembre Décembre
V/Λ2010 > Janvier Février Mars Avril Mai Juin Juillet Août Septembre Octobre Novembre Décembre
V/Λ2009 > Janvier Février Mars Avril Mai Juin Juillet Août Septembre Octobre Novembre Décembre
V/Λ2008 > Janvier Février Mars Avril Mai Juin Juillet Août Septembre Octobre Novembre Décembre
V/Λ2007 > Janvier Février Mars Avril Mai Juin Juillet Août Septembre Octobre Novembre Décembre
V/Λ2006 > Janvier Février Mars Avril Mai Juin Juillet Août Septembre Octobre Novembre Décembre
V/Λ2005 > Janvier Février Mars Avril Mai Juin Juillet Août Septembre Octobre Novembre Décembre
V/Λ2004 > Janvier Février Mars Avril Mai Juin Juillet Août Septembre Octobre Novembre Décembre
V/Λ2003 > Janvier Février Mars Avril Mai Juin Juillet Août Septembre Octobre Novembre Décembre
V/Λ2002 > Janvier Février Mars Avril Mai Juin Juillet Août Septembre Octobre Novembre Décembre

Rapport pour Juillet 2022
                   Monthly Climatological Summary for juil. 2022

Name:     City: Meyenheim   State: Alsace, FR
Elevation: 210 m  Lat: N 47° 54' 42"   Lon: E 007° 21' 20"

                  Temperature (°C), Rain (mm), Wind Speed (km/h)

                                      Heat  Cool        Avg
    Mean                              Deg   Deg         Wind                 Dom
Day Temp  High   Time   Low    Time   Days  Days  Rain  Speed High   Time    Dir
----------------------------------------------------------------------------------
01  17.0  23.9   18:11  13.1   07:15   2.3   1.0   0.6   1.9  17.3   18:40   SSO
02  19.2  28.7   17:42  10.6   05:56   2.4   3.3   0.0   1.7  28.8   11:29     N
03  22.9  30.9   17:02  13.7   05:14   0.9   5.5   0.0   3.5  29.6   15:48    SO
04  21.9  26.5   15:29  18.1   05:39   0.0   3.6   0.0   2.2  14.4   10:43     N
05  21.5  28.2   15:45  14.5   06:34   0.6   3.8   0.0   1.7  28.1   12:47   NNE
06  19.5  26.2   15:25  12.8   06:31   1.3   2.5   0.0   3.6  24.5   15:36     N
07  17.8  23.9   14:16  10.5   06:13   2.2   1.7   0.0   2.8  18.7   19:48    NO
08  18.9  25.2   18:13  13.8   03:39   1.5   2.1   0.0   5.0  28.8   09:24     N
09  19.9  27.9   16:22  10.9   05:56   1.8   3.4   0.0   2.7  16.6   13:56     N
10  19.9  24.9   15:24  15.9   05:39   0.5   2.1   0.0   6.6  32.4   04:37     N
11  20.3  27.7   16:43  13.2   04:18   1.4   3.3   0.0   7.0  27.4   19:19     N
12  22.0  29.5   16:29  14.7   06:15   0.5   4.2   0.0   4.7  22.4   15:16     N
13  23.4  33.6   15:14  13.0   06:43   1.1   6.2   0.0   1.3   9.4   09:16   ESE
14  26.6  35.0   16:43  17.6   06:15   0.0   8.3   0.0   4.7  28.8   14:24   OSO
15  22.8  28.4   17:27  17.4   06:14   0.0   4.6   0.0   5.6  27.4   11:07     N
16  21.2  28.6   16:58  12.8   06:22   1.0   3.9   0.0   4.9  24.5   16:02     N
17  22.8  30.9   17:08  15.5   06:43   0.3   4.8   0.0   5.7  23.1   05:12     N
18  23.7  34.2   18:07  13.3   05:59   1.0   6.4   0.0   1.8  12.3   13:41   NNE
19  25.9  37.2   16:43  15.4   06:37   0.5   8.0   0.0   1.3  10.8   15:43   NNE
20  24.0  33.6   16:35  18.1   19:02   0.0   5.8  27.9   3.4  33.9   18:11    SO
21  22.4  29.8   17:53  16.7   06:41   0.3   4.3   0.0   2.7  18.0   11:23   SSO
22  23.5  31.7   16:27  15.9   05:34   0.3   5.5   0.0   2.9  15.9   19:51     N
23  23.6  29.4   17:14  18.6   06:37   0.0   5.3   0.2   2.5  15.9   19:29   ONO
24  23.7  32.1   17:23  15.9   06:06   0.4   5.8   0.0   1.2  20.2   10:24    NE
25  25.4  33.8   15:53  16.8   06:31   0.2   7.3   0.0   4.9  28.8   14:22   OSO
26  22.4  27.4   17:21  17.6   07:11   0.0   4.1   0.0   2.3  18.0   12:18     N
27  21.1  27.4   16:54  14.1   05:52   0.6   3.5   0.0   4.0  20.2   18:22     N
28  22.0  29.4   17:35  15.3   06:16   0.5   4.2   0.0   4.0  17.3   00:05     N
29  21.3  27.9   17:59  15.9   05:12   0.3   3.3   0.0   2.9  27.4   17:18   SSO
30  21.3  29.8   14:55  13.4   06:55   1.1   4.1   0.0   1.4  31.7   00:27   SSE
31  23.3  32.8   16:25  14.1   06:20   0.9   5.9   0.0   2.5  18.0   17:31    SO
----------------------------------------------------------------------------------
    22.0  37.2    19    10.5     7    23.9 137.8  28.7   3.3  33.9    20     NNO

Max >=  27.0 25
Max <=   0.0  0
Min <= -10.0  0
Min <= -18.0  0
Max Rain: 27.9 on day 20
Days of Rain: 3 (>= 0.2 mm)  1 (>= 2.0 mm)  1 (>= 20.0 mm)
Heat Base: 18.3  Cool Base: 18.3  Method: Integration


Mise à jour : 23/07/2024 22:09:28
Alimenté par Cumulus v3.27.1 (3263)