METEO Schachenfeld

 Latitude N 47° 54' 42"    Longitude E 07° 21' 22"    Altitude 210 m   Station

Rapports de type NOAA
Selectionner un rapport Annuel ou mensuel
V/Λ2024 > Janvier Février Mars Avril Mai Juin Juillet Août Septembre Octobre Novembre Décembre
V/Λ2023 > Janvier Février Mars Avril Mai Juin Juillet Août Septembre Octobre Novembre Décembre
V/Λ2022 > Janvier Février Mars Avril Mai Juin Juillet Août Septembre Octobre Novembre Décembre
V/Λ2021 > Janvier Février Mars Avril Mai Juin Juillet Août Septembre Octobre Novembre Décembre
V/Λ2020 > Janvier Février Mars Avril Mai Juin Juillet Août Septembre Octobre Novembre Décembre
V/Λ2019 > Janvier Février Mars Avril Mai Juin Juillet Août Septembre Octobre Novembre Décembre
V/Λ2018 > Janvier Février Mars Avril Mai Juin Juillet Août Septembre Octobre Novembre Décembre
V/Λ2017 > Janvier Février Mars Avril Mai Juin Juillet Août Septembre Octobre Novembre Décembre
V/Λ2016 > Janvier Février Mars Avril Mai Juin Juillet Août Septembre Octobre Novembre Décembre
V/Λ2015 > Janvier Février Mars Avril Mai Juin Juillet Août Septembre Octobre Novembre Décembre
V/Λ2014 > Janvier Février Mars Avril Mai Juin Juillet Août Septembre Octobre Novembre Décembre
V/Λ2013 > Janvier Février Mars Avril Mai Juin Juillet Août Septembre Octobre Novembre Décembre
V/Λ2012 > Janvier Février Mars Avril Mai Juin Juillet Août Septembre Octobre Novembre Décembre
V/Λ2011 > Janvier Février Mars Avril Mai Juin Juillet Août Septembre Octobre Novembre Décembre
V/Λ2010 > Janvier Février Mars Avril Mai Juin Juillet Août Septembre Octobre Novembre Décembre
V/Λ2009 > Janvier Février Mars Avril Mai Juin Juillet Août Septembre Octobre Novembre Décembre
V/Λ2008 > Janvier Février Mars Avril Mai Juin Juillet Août Septembre Octobre Novembre Décembre
V/Λ2007 > Janvier Février Mars Avril Mai Juin Juillet Août Septembre Octobre Novembre Décembre
V/Λ2006 > Janvier Février Mars Avril Mai Juin Juillet Août Septembre Octobre Novembre Décembre
V/Λ2005 > Janvier Février Mars Avril Mai Juin Juillet Août Septembre Octobre Novembre Décembre
V/Λ2004 > Janvier Février Mars Avril Mai Juin Juillet Août Septembre Octobre Novembre Décembre
V/Λ2003 > Janvier Février Mars Avril Mai Juin Juillet Août Septembre Octobre Novembre Décembre
V/Λ2002 > Janvier Février Mars Avril Mai Juin Juillet Août Septembre Octobre Novembre Décembre

Rapport pour Octobre 2022
                   Monthly Climatological Summary for oct. 2022

Name:     City: Meyenheim   State: Alsace, FR
Elevation: 210 m  Lat: N 47° 54' 42"   Lon: E 007° 21' 20"

                  Temperature (°C), Rain (mm), Wind Speed (km/h)

                                      Heat  Cool        Avg
    Mean                              Deg   Deg         Wind                 Dom
Day Temp  High   Time   Low    Time   Days  Days  Rain  Speed High   Time    Dir
----------------------------------------------------------------------------------
01  11.2  14.6   17:15   6.5   00:29   7.1   0.0   0.0   8.3  41.1   10:02   SSO
02  15.3  20.0   13:04  11.7   00:00   3.1   0.1   7.9   6.3  41.8   14:19    SO
03  12.7  16.4   17:44   9.4   23:58   5.6   0.0   0.0   3.5  16.6   11:47     N
04  11.1  20.2   17:58   5.1   07:29   7.3   0.1   0.0   1.4  14.4   14:14   SSO
05  15.4  23.3   17:18   8.2   06:40   4.1   1.2   0.0   5.0  40.4   15:03   SSO
06  13.8  17.6   13:12  11.0   06:53   4.5   0.0   0.0   2.1  13.7   01:10     N
07  15.2  22.0   17:18  10.3   03:31   3.6   0.6   0.0   1.8  15.9   18:05   SSO
08  14.3  18.7   13:25   9.9   23:27   4.0   0.0   0.0   2.6  18.0   03:22     N
09  11.2  17.3   17:41   6.8   06:40   7.1   0.0   0.0   2.6  28.8   02:43     N
10  15.2  22.6   15:50   9.9   03:05   3.9   0.8   0.6   3.2  26.0   15:11   SSO
11  14.0  17.1   16:08  12.1   06:09   4.3   0.0   0.0   3.4  31.0   08:51     N
12  12.7  17.6   17:33   8.8   05:25   5.6   0.0   0.0   0.9  31.7   12:01   NNO
13  12.5  16.5   13:27   8.4   06:38   5.8   0.0   0.0   2.4  20.2   14:34   SSO
14  13.9  16.0   13:39  11.7   02:20   4.4   0.0   0.8   5.1  33.2   19:13   SSO
15  16.1  19.3   15:46  14.1   23:54   2.2   0.0   2.7   6.8  36.0   01:48    SO
16  16.6  23.2   15:58  12.7   07:50   2.8   1.0   0.0   1.7  18.0   11:49   SSO
17  17.0  24.5   13:53  11.8   05:07   2.6   1.3   0.0   3.7  27.4   01:04   SSO
18  18.1  23.6   15:45  14.5   02:07   1.4   1.2   0.0   3.3  20.9   04:48    SO
19  14.4  16.8   17:43  11.8   04:18   3.9   0.0   0.0   1.2  12.3   05:33     N
20  14.3  18.7   15:04  11.2   04:13   4.0   0.0   2.5   0.8  30.3   13:08   SSO
21  14.0  15.2   16:37  12.3   23:06   4.3   0.0  40.4   2.6  41.8   21:08   SSO
22  14.6  21.0   14:49  11.3   06:38   4.0   0.4   4.8   1.7  22.4   21:53   SSO
23  15.4  22.0   15:52  10.4   05:07   3.4   0.5   0.0   2.3  16.6   22:08   SSO
24  15.3  18.6   15:26  11.2   23:44   3.0   0.0   1.5   3.1  21.6   05:31     S
25  13.3  19.7   14:48   8.9   07:10   5.1   0.1   0.0   1.1  17.3   15:00     S
26  15.6  21.9   15:04  11.0   23:57   3.5   0.8   0.0   3.5  28.8   14:04   SSO
27  14.7  22.8   15:53   8.0   07:58   4.4   0.8   0.0   2.3  23.1   20:51   SSO
28  17.9  24.4   15:03  14.4   03:02   1.7   1.3   0.0   3.8  30.3   00:50   SSO
29  16.6  24.3   15:18  11.2   07:56   2.8   1.0   0.0   2.3  36.8   01:01   SSO
30  14.6  22.0   14:49  10.1   06:39   4.4   0.6   0.0   1.0  13.7   11:44    SO
31  12.3  18.6   14:52   9.2   05:54   6.0   0.0   0.0   0.3   8.7   12:27   OSO
----------------------------------------------------------------------------------
    14.5  24.5    17     5.1     4   129.9  11.8  61.2   2.9  41.8     2      SO

Max >=  27.0  0
Max <=   0.0  0
Min <= -10.0  0
Min <= -18.0  0
Max Rain: 40.4 on day 21
Days of Rain: 8 (>= 0.2 mm)  5 (>= 2.0 mm)  1 (>= 20.0 mm)
Heat Base: 18.3  Cool Base: 18.3  Method: Integration


Mise à jour : 16/06/2024 04:16:54
Alimenté par Cumulus v3.27.1 (3263)