METEO Schachenfeld

 Latitude N 47° 54' 42"    Longitude E 07° 21' 22"    Altitude 210 m   Station

Rapports de type NOAA
Selectionner un rapport Annuel ou mensuel
V/Λ2024 > Janvier Février Mars Avril Mai Juin Juillet Août Septembre Octobre Novembre Décembre
V/Λ2023 > Janvier Février Mars Avril Mai Juin Juillet Août Septembre Octobre Novembre Décembre
V/Λ2022 > Janvier Février Mars Avril Mai Juin Juillet Août Septembre Octobre Novembre Décembre
V/Λ2021 > Janvier Février Mars Avril Mai Juin Juillet Août Septembre Octobre Novembre Décembre
V/Λ2020 > Janvier Février Mars Avril Mai Juin Juillet Août Septembre Octobre Novembre Décembre
V/Λ2019 > Janvier Février Mars Avril Mai Juin Juillet Août Septembre Octobre Novembre Décembre
V/Λ2018 > Janvier Février Mars Avril Mai Juin Juillet Août Septembre Octobre Novembre Décembre
V/Λ2017 > Janvier Février Mars Avril Mai Juin Juillet Août Septembre Octobre Novembre Décembre
V/Λ2016 > Janvier Février Mars Avril Mai Juin Juillet Août Septembre Octobre Novembre Décembre
V/Λ2015 > Janvier Février Mars Avril Mai Juin Juillet Août Septembre Octobre Novembre Décembre
V/Λ2014 > Janvier Février Mars Avril Mai Juin Juillet Août Septembre Octobre Novembre Décembre
V/Λ2013 > Janvier Février Mars Avril Mai Juin Juillet Août Septembre Octobre Novembre Décembre
V/Λ2012 > Janvier Février Mars Avril Mai Juin Juillet Août Septembre Octobre Novembre Décembre
V/Λ2011 > Janvier Février Mars Avril Mai Juin Juillet Août Septembre Octobre Novembre Décembre
V/Λ2010 > Janvier Février Mars Avril Mai Juin Juillet Août Septembre Octobre Novembre Décembre
V/Λ2009 > Janvier Février Mars Avril Mai Juin Juillet Août Septembre Octobre Novembre Décembre
V/Λ2008 > Janvier Février Mars Avril Mai Juin Juillet Août Septembre Octobre Novembre Décembre
V/Λ2007 > Janvier Février Mars Avril Mai Juin Juillet Août Septembre Octobre Novembre Décembre
V/Λ2006 > Janvier Février Mars Avril Mai Juin Juillet Août Septembre Octobre Novembre Décembre
V/Λ2005 > Janvier Février Mars Avril Mai Juin Juillet Août Septembre Octobre Novembre Décembre
V/Λ2004 > Janvier Février Mars Avril Mai Juin Juillet Août Septembre Octobre Novembre Décembre
V/Λ2003 > Janvier Février Mars Avril Mai Juin Juillet Août Septembre Octobre Novembre Décembre
V/Λ2002 > Janvier Février Mars Avril Mai Juin Juillet Août Septembre Octobre Novembre Décembre

Rapport pour Novembre 2022
                   Monthly Climatological Summary for nov. 2022

Name:     City: Meyenheim   State: Alsace, FR
Elevation: 210 m  Lat: N 47° 54' 42"   Lon: E 007° 21' 20"

                  Temperature (°C), Rain (mm), Wind Speed (km/h)

                                      Heat  Cool        Avg
    Mean                              Deg   Deg         Wind                 Dom
Day Temp  High   Time   Low    Time   Days  Days  Rain  Speed High   Time    Dir
----------------------------------------------------------------------------------
01  13.7  19.0   13:21   8.6   22:37   4.6   0.0   1.0   4.3  31.7   05:15   SSO
02  11.0  16.1   13:42   6.8   23:32   7.3   0.0   0.0   1.8  23.1   06:50   SSO
03   9.4  13.9   15:14   4.6   05:50   8.9   0.0  10.4   2.2  33.9   22:41    SO
04   9.1  11.6   13:32   7.1   22:59   9.2   0.0   0.8   2.8  28.1   03:07   SSO
05   7.8  11.5   12:09   3.3   23:12  10.5   0.0   0.8   0.2   8.7   14:12   ESE
06   6.3  10.6   19:24   0.8   07:46  12.0   0.0   0.0   3.0  33.9   22:11   SSO
07  11.3  15.8   13:40   6.3   00:00   7.0   0.0   0.0   2.8  30.3   14:12   SSO
08  10.3  17.6   13:48   4.8   06:35   8.0   0.0   0.0   2.4  27.4   14:52   SSO
09  11.7  13.7   10:19   9.7   23:57   6.6   0.0   6.9   2.0  29.6   09:31   SSO
10   8.2  13.6   15:09   4.7   23:11  10.1   0.0   0.0   0.4  11.5   06:22     O
11   6.6  12.3   14:39   2.2   05:44  11.7   0.0   0.0   0.9  15.1   11:33    SO
12   6.0   7.9   14:46   3.2   04:06  12.3   0.0   0.0   0.1   5.8   21:56   SSO
13   5.5   6.5   00:00   4.4   21:56  12.8   0.0   0.0   0.3  11.5   23:14    NO
14   7.8  11.8   12:12   1.7   02:00  10.5   0.0   0.0   1.4  28.1   14:46   SSO
15  10.5  12.3   12:22   9.0   00:00   7.8   0.0   7.7   0.0   0.0   00:00     N
16  10.7  14.4   14:01   8.8   19:14   7.6   0.0   1.5   3.0  28.8   07:54   SSO
17  10.8  14.5   14:10   8.8   01:44   7.5   0.0   5.2   5.2  45.4   14:32   SSO
18   8.3  10.8   13:56   6.2   18:45  10.0   0.0   2.1   1.8  19.5   07:39    SO
19   6.5  11.5   13:45   4.1   08:17  11.8   0.0   0.0   0.3  31.7   23:55     O
20   6.8   9.9   12:49   4.3   01:38  11.5   0.0   0.6   5.0  38.2   20:20   SSO
21   7.0   9.9   13:40   5.5   00:01  11.3   0.0   4.4   1.2  37.5   02:02   SSO
22   6.8   8.8   14:53   5.5   06:05  11.5   0.0   0.2   1.8  30.3   11:04   SSO
23   6.8  10.5   14:11   1.8   07:36  11.5   0.0   0.6   0.3  19.5   01:12   SSO
24   7.7  11.7   14:10   3.3   23:22  10.6   0.0   1.5   1.7  30.3   06:47   SSO
25   6.9  12.4   14:20   3.4   23:35  11.4   0.0   0.0   0.1  19.5   12:11   SSO
26   4.7   6.9   14:45   2.6   05:30  13.6   0.0   0.0   0.1   8.7   10:19    SO
27   5.1   8.1   13:21   2.1   03:25  13.2   0.0   0.0   0.9  15.1   09:57    SO
28   6.4   8.2   17:34   4.3   01:47  11.9   0.0   0.2   1.2  33.2   15:56   SSO
29   6.4   9.3   13:30   4.1   04:50  11.9   0.0   0.8   0.3  14.4   15:16     N
30   6.8   8.5   15:18   6.0   07:35  11.5   0.0   0.6   4.2  23.1   17:21     N
----------------------------------------------------------------------------------
     8.1  19.0     1     0.8     6   306.1   0.0  45.3   1.7  45.4    17     SSO

Max >=  27.0  0
Max <=   0.0  0
Min <= -10.0  0
Min <= -18.0  0
Max Rain: 10.4 on day 3
Days of Rain: 17 (>= 0.2 mm)  6 (>= 2.0 mm)  0 (>= 20.0 mm)
Heat Base: 18.3  Cool Base: 18.3  Method: Integration


Mise à jour : 27/05/2024 00:21:27
Alimenté par Cumulus v3.27.1 (3263)