METEO Schachenfeld

 Latitude N 47° 54' 42"    Longitude E 07° 21' 22"    Altitude 210 m   Station

Rapports de type NOAA
Selectionner un rapport Annuel ou mensuel
V/Λ2024 > Janvier Février Mars Avril Mai Juin Juillet Août Septembre Octobre Novembre Décembre
V/Λ2023 > Janvier Février Mars Avril Mai Juin Juillet Août Septembre Octobre Novembre Décembre
V/Λ2022 > Janvier Février Mars Avril Mai Juin Juillet Août Septembre Octobre Novembre Décembre
V/Λ2021 > Janvier Février Mars Avril Mai Juin Juillet Août Septembre Octobre Novembre Décembre
V/Λ2020 > Janvier Février Mars Avril Mai Juin Juillet Août Septembre Octobre Novembre Décembre
V/Λ2019 > Janvier Février Mars Avril Mai Juin Juillet Août Septembre Octobre Novembre Décembre
V/Λ2018 > Janvier Février Mars Avril Mai Juin Juillet Août Septembre Octobre Novembre Décembre
V/Λ2017 > Janvier Février Mars Avril Mai Juin Juillet Août Septembre Octobre Novembre Décembre
V/Λ2016 > Janvier Février Mars Avril Mai Juin Juillet Août Septembre Octobre Novembre Décembre
V/Λ2015 > Janvier Février Mars Avril Mai Juin Juillet Août Septembre Octobre Novembre Décembre
V/Λ2014 > Janvier Février Mars Avril Mai Juin Juillet Août Septembre Octobre Novembre Décembre
V/Λ2013 > Janvier Février Mars Avril Mai Juin Juillet Août Septembre Octobre Novembre Décembre
V/Λ2012 > Janvier Février Mars Avril Mai Juin Juillet Août Septembre Octobre Novembre Décembre
V/Λ2011 > Janvier Février Mars Avril Mai Juin Juillet Août Septembre Octobre Novembre Décembre
V/Λ2010 > Janvier Février Mars Avril Mai Juin Juillet Août Septembre Octobre Novembre Décembre
V/Λ2009 > Janvier Février Mars Avril Mai Juin Juillet Août Septembre Octobre Novembre Décembre
V/Λ2008 > Janvier Février Mars Avril Mai Juin Juillet Août Septembre Octobre Novembre Décembre
V/Λ2007 > Janvier Février Mars Avril Mai Juin Juillet Août Septembre Octobre Novembre Décembre
V/Λ2006 > Janvier Février Mars Avril Mai Juin Juillet Août Septembre Octobre Novembre Décembre
V/Λ2005 > Janvier Février Mars Avril Mai Juin Juillet Août Septembre Octobre Novembre Décembre
V/Λ2004 > Janvier Février Mars Avril Mai Juin Juillet Août Septembre Octobre Novembre Décembre
V/Λ2003 > Janvier Février Mars Avril Mai Juin Juillet Août Septembre Octobre Novembre Décembre
V/Λ2002 > Janvier Février Mars Avril Mai Juin Juillet Août Septembre Octobre Novembre Décembre

Rapport pour Décembre 2022
                   Monthly Climatological Summary for déc. 2022

Name:     City: Meyenheim   State: Alsace, FR
Elevation: 210 m  Lat: N 47° 54' 42"   Lon: E 007° 21' 20"

                  Temperature (°C), Rain (mm), Wind Speed (km/h)

                                      Heat  Cool        Avg
    Mean                              Deg   Deg         Wind                 Dom
Day Temp  High   Time   Low    Time   Days  Days  Rain  Speed High   Time    Dir
----------------------------------------------------------------------------------
01   3.9   6.1   00:00   3.1   21:54  14.4   0.0   0.0   8.4  44.0   09:35     N
02   3.4   4.1   13:37   2.8   20:00  14.9   0.0   0.0   1.4  29.6   23:49     N
03   2.8   3.4   19:43   2.1   05:20  15.6   0.0   0.0   3.6  18.0   14:17     N
04   2.1   2.6   11:50   1.7   23:00  16.2   0.0   3.7   0.6  12.3   01:47     N
05   3.6   7.1   13:28   0.8   23:41  14.7   0.0   0.0   3.2  37.5   12:07   SSO
06   2.8   6.3   14:37   0.2   04:00  15.5   0.0   0.0   0.1  13.0   14:39     N
07   3.2   6.0   12:47  -0.1   08:47  15.1   0.0   0.0   0.0   0.0   00:00     N
08  -1.0   0.7   00:00  -2.7   05:54  19.3   0.0   0.0   0.0   0.0   00:00     N
09  -0.8   0.8   23:44  -3.1   02:28  19.1   0.0   0.0   0.5  31.0   14:12     N
10   0.4   1.2   14:40  -2.2   23:27  17.9   0.0   0.8   0.0   5.0   00:20     N
11  -3.2  -0.9   14:30  -5.5   05:30  21.5   0.0   0.0   0.0  10.1   10:36   SSO
12  -3.7  -2.5   13:22  -4.9   18:33  22.0   0.0   0.0   0.0   7.9   22:48     O
13  -4.5  -2.7   14:52  -7.0   04:10  22.8   0.0   0.0   0.0  10.1   08:46   NNE
14  -1.1   0.0   14:01  -2.9   00:00  19.3   0.0   0.0   0.0   0.0   00:00     N
15  -1.2  -0.4   00:02  -1.7   21:24  19.5   0.0   0.0   0.0   0.0   00:00     N
16  -2.5  -1.3   13:12  -5.5   20:02  20.8   0.0   0.0   0.1   9.4   12:48     N
17  -6.2  -4.1   00:00  -8.2   06:52  24.5   0.0   0.0   0.1   7.9   13:42     N
18  -4.0  -0.4   23:20  -6.5   00:18  22.3   0.0   0.0   0.0   2.9   10:02    SO
19   2.0   5.1   14:46  -1.2   00:43  16.3   0.0   1.2   0.6  20.2   12:23    SO
20   6.9  11.5   13:55   3.4   01:28  11.4   0.0   1.5   2.4  27.4   06:06   SSO
21   9.6  12.7   14:30   6.5   01:15   8.7   0.0   1.0   6.9  34.6   03:25     S
22  10.7  12.8   11:52   8.9   01:22   7.6   0.0   3.5  10.7  46.9   12:22   SSO
23  12.7  13.4   12:47  10.7   00:00   5.6   0.0   1.7   9.7  44.7   13:06   SSO
24  10.8  13.0   00:00   8.8   23:55   7.5   0.0   0.0   4.3  28.1   01:27   SSO
25   9.9  12.8   14:10   7.7   08:11   8.4   0.0   0.0   3.2  22.4   12:28   SSO
26   9.9  11.6   10:24   8.1   23:52   8.4   0.0   2.1   5.6  29.6   17:32   SSO
27   4.8   9.0   13:08   1.7   21:57  13.5   0.0   0.0   0.3  19.5   23:06    SO
28   7.2  10.4   15:49   3.6   00:33  11.1   0.0   0.0   5.5  36.0   13:20     S
29  10.8  12.5   10:27   7.5   23:01   7.5   0.0   1.5   6.6  41.1   01:48   SSO
30   8.4  13.5   23:54   4.6   08:24   9.9   0.0   0.6   6.8  45.4   22:53   SSO
31  14.9  17.9   12:22  12.3   22:13   3.4   0.0   0.0   9.9  47.6   08:30   SSO
----------------------------------------------------------------------------------
     3.6  17.9    31    -8.2    17   454.7   0.0  17.6   2.9  47.6    31     SSO

Max >=  27.0  0
Max <=   0.0  8
Min <= -10.0  0
Min <= -18.0  0
Max Rain: 3.7 on day 4
Days of Rain: 10 (>= 0.2 mm)  3 (>= 2.0 mm)  0 (>= 20.0 mm)
Heat Base: 18.3  Cool Base: 18.3  Method: Integration


Mise à jour : 16/04/2024 11:25:09
Alimenté par Cumulus v3.27.1 (3263)