METEO Schachenfeld

 Latitude N 47° 54' 42"    Longitude E 07° 21' 22"    Altitude 210 m   Station

Rapports de type NOAA
Selectionner un rapport Annuel ou mensuel
V/Λ2024 > Janvier Février Mars Avril Mai Juin Juillet Août Septembre Octobre Novembre Décembre
V/Λ2023 > Janvier Février Mars Avril Mai Juin Juillet Août Septembre Octobre Novembre Décembre
V/Λ2022 > Janvier Février Mars Avril Mai Juin Juillet Août Septembre Octobre Novembre Décembre
V/Λ2021 > Janvier Février Mars Avril Mai Juin Juillet Août Septembre Octobre Novembre Décembre
V/Λ2020 > Janvier Février Mars Avril Mai Juin Juillet Août Septembre Octobre Novembre Décembre
V/Λ2019 > Janvier Février Mars Avril Mai Juin Juillet Août Septembre Octobre Novembre Décembre
V/Λ2018 > Janvier Février Mars Avril Mai Juin Juillet Août Septembre Octobre Novembre Décembre
V/Λ2017 > Janvier Février Mars Avril Mai Juin Juillet Août Septembre Octobre Novembre Décembre
V/Λ2016 > Janvier Février Mars Avril Mai Juin Juillet Août Septembre Octobre Novembre Décembre
V/Λ2015 > Janvier Février Mars Avril Mai Juin Juillet Août Septembre Octobre Novembre Décembre
V/Λ2014 > Janvier Février Mars Avril Mai Juin Juillet Août Septembre Octobre Novembre Décembre
V/Λ2013 > Janvier Février Mars Avril Mai Juin Juillet Août Septembre Octobre Novembre Décembre
V/Λ2012 > Janvier Février Mars Avril Mai Juin Juillet Août Septembre Octobre Novembre Décembre
V/Λ2011 > Janvier Février Mars Avril Mai Juin Juillet Août Septembre Octobre Novembre Décembre
V/Λ2010 > Janvier Février Mars Avril Mai Juin Juillet Août Septembre Octobre Novembre Décembre
V/Λ2009 > Janvier Février Mars Avril Mai Juin Juillet Août Septembre Octobre Novembre Décembre
V/Λ2008 > Janvier Février Mars Avril Mai Juin Juillet Août Septembre Octobre Novembre Décembre
V/Λ2007 > Janvier Février Mars Avril Mai Juin Juillet Août Septembre Octobre Novembre Décembre
V/Λ2006 > Janvier Février Mars Avril Mai Juin Juillet Août Septembre Octobre Novembre Décembre
V/Λ2005 > Janvier Février Mars Avril Mai Juin Juillet Août Septembre Octobre Novembre Décembre
V/Λ2004 > Janvier Février Mars Avril Mai Juin Juillet Août Septembre Octobre Novembre Décembre
V/Λ2003 > Janvier Février Mars Avril Mai Juin Juillet Août Septembre Octobre Novembre Décembre
V/Λ2002 > Janvier Février Mars Avril Mai Juin Juillet Août Septembre Octobre Novembre Décembre

Rapport pour Février 2023
                   Monthly Climatological Summary for févr. 2023

Name:     City: Meyenheim   State: Alsace, FR
Elevation: 210 m  Lat: N 47° 54' 42"   Lon: E 007° 21' 20"

                  Temperature (°C), Rain (mm), Wind Speed (km/h)

                                      Heat  Cool        Avg
    Mean                              Deg   Deg         Wind                 Dom
Day Temp  High   Time   Low    Time   Days  Days  Rain  Speed High   Time    Dir
----------------------------------------------------------------------------------
01   4.5   7.0   13:53   1.2   02:51  13.8   0.0   0.0   7.7  35.3   09:12    SO
02   5.9   8.0   15:08   3.6   01:02  12.4   0.0   0.0   7.9  31.0   06:57   SSO
03   6.6   9.0   13:55   4.1   03:15  11.7   0.0   0.0   8.5  35.3   21:12    SO
04   5.8   8.1   15:38   0.9   23:58  12.5   0.0   0.2   3.4  24.5   00:37     O
05   2.2   5.4   14:39  -1.6   05:12  16.1   0.0   0.6   1.9  23.1   23:20   NNO
06   3.0   5.2   12:55   0.3   23:57  15.3   0.0   0.0   8.2  39.7   03:33     N
07   0.7   4.2   14:41  -1.4   07:30  17.6   0.0   0.0   7.0  36.0   10:32     N
08  -0.4   4.7   15:09  -3.9   08:01  18.7   0.0   0.0   3.8  36.0   13:06     N
09  -0.8   6.6   14:58  -6.0   08:11  19.0   0.0   0.0   1.6  14.4   18:45   ONO
10  -0.9   6.3   14:18  -5.7   07:34  19.2   0.0   0.0   0.7  22.4   15:49   ONO
11   0.9   8.8   14:23  -4.8   06:48  17.4   0.0   0.0   1.0   9.4   13:55   NNO
12   3.2  10.2   15:42  -2.4   03:56  15.1   0.0   0.0   2.3  19.5   15:07     N
13   2.5  10.0   14:36  -2.0   07:32  15.8   0.0   0.0   1.5  20.2   20:25     N
14   0.6   6.4   16:09  -3.1   07:08  17.7   0.0   0.0   1.2  23.1   16:48   NNE
15   2.2  10.5   15:25  -1.4   08:29  16.1   0.0   0.2   1.0  23.8   16:12    SO
16   7.0  15.3   14:23  -1.7   02:19  11.3   0.0   0.0   3.8  30.3   14:42   SSO
17  11.1  14.7   15:03   9.7   02:41   7.2   0.0   0.0   8.7  41.8   13:59   SSO
18  12.0  16.2   15:09   9.9   00:00   6.3   0.0   0.0   7.4  37.5   21:28   SSO
19  10.1  12.8   11:33   6.5   22:57   8.2   0.0   0.0   5.6  30.3   00:46    SO
20   7.3  15.0   14:56   1.7   06:15  11.0   0.0   0.0   1.4  13.0   11:09   SSO
21   6.3  16.9   14:44  -1.1   07:14  12.0   0.0   0.0   0.9  12.3   11:18   SSO
22   7.0  14.7   14:43  -0.2   03:43  11.3   0.0   0.6   3.1  23.1   16:20    SO
23  10.0  15.1   15:11   6.0   23:58   8.3   0.0   0.8   2.8  25.2   00:03    SO
24   8.2  11.3   15:08   4.9   01:05  10.1   0.0   2.3   1.0  20.2   23:58     N
25   5.5   7.8   12:33   2.3   23:58  12.8   0.0   0.0   5.6  33.9   23:28     N
26   0.5   2.5   12:46  -1.8   07:20  17.8   0.0   0.0  12.6  45.4   15:42     N
27   1.2   5.3   13:21  -2.2   07:28  17.1   0.0   0.0  10.8  51.2   07:12     N
28   0.6   2.9   13:54  -1.2   02:46  17.7   0.0   0.0   8.6  34.6   02:25     N
----------------------------------------------------------------------------------
     4.4  16.9    21    -6.0     9   389.5   0.0   4.7   4.6  51.2    27     ONO

Max >=  27.0  0
Max <=   0.0  0
Min <= -10.0  0
Min <= -18.0  0
Max Rain: 2.3 on day 24
Days of Rain: 6 (>= 0.2 mm)  1 (>= 2.0 mm)  0 (>= 20.0 mm)
Heat Base: 18.3  Cool Base: 18.3  Method: Integration


Mise à jour : 16/06/2024 04:36:54
Alimenté par Cumulus v3.27.1 (3263)