METEO Schachenfeld

 Latitude N 47° 54' 42"    Longitude E 07° 21' 22"    Altitude 210 m   Station

Rapports de type NOAA
Selectionner un rapport Annuel ou mensuel
V/Λ2024 > Janvier Février Mars Avril Mai Juin Juillet Août Septembre Octobre Novembre Décembre
V/Λ2023 > Janvier Février Mars Avril Mai Juin Juillet Août Septembre Octobre Novembre Décembre
V/Λ2022 > Janvier Février Mars Avril Mai Juin Juillet Août Septembre Octobre Novembre Décembre
V/Λ2021 > Janvier Février Mars Avril Mai Juin Juillet Août Septembre Octobre Novembre Décembre
V/Λ2020 > Janvier Février Mars Avril Mai Juin Juillet Août Septembre Octobre Novembre Décembre
V/Λ2019 > Janvier Février Mars Avril Mai Juin Juillet Août Septembre Octobre Novembre Décembre
V/Λ2018 > Janvier Février Mars Avril Mai Juin Juillet Août Septembre Octobre Novembre Décembre
V/Λ2017 > Janvier Février Mars Avril Mai Juin Juillet Août Septembre Octobre Novembre Décembre
V/Λ2016 > Janvier Février Mars Avril Mai Juin Juillet Août Septembre Octobre Novembre Décembre
V/Λ2015 > Janvier Février Mars Avril Mai Juin Juillet Août Septembre Octobre Novembre Décembre
V/Λ2014 > Janvier Février Mars Avril Mai Juin Juillet Août Septembre Octobre Novembre Décembre
V/Λ2013 > Janvier Février Mars Avril Mai Juin Juillet Août Septembre Octobre Novembre Décembre
V/Λ2012 > Janvier Février Mars Avril Mai Juin Juillet Août Septembre Octobre Novembre Décembre
V/Λ2011 > Janvier Février Mars Avril Mai Juin Juillet Août Septembre Octobre Novembre Décembre
V/Λ2010 > Janvier Février Mars Avril Mai Juin Juillet Août Septembre Octobre Novembre Décembre
V/Λ2009 > Janvier Février Mars Avril Mai Juin Juillet Août Septembre Octobre Novembre Décembre
V/Λ2008 > Janvier Février Mars Avril Mai Juin Juillet Août Septembre Octobre Novembre Décembre
V/Λ2007 > Janvier Février Mars Avril Mai Juin Juillet Août Septembre Octobre Novembre Décembre
V/Λ2006 > Janvier Février Mars Avril Mai Juin Juillet Août Septembre Octobre Novembre Décembre
V/Λ2005 > Janvier Février Mars Avril Mai Juin Juillet Août Septembre Octobre Novembre Décembre
V/Λ2004 > Janvier Février Mars Avril Mai Juin Juillet Août Septembre Octobre Novembre Décembre
V/Λ2003 > Janvier Février Mars Avril Mai Juin Juillet Août Septembre Octobre Novembre Décembre
V/Λ2002 > Janvier Février Mars Avril Mai Juin Juillet Août Septembre Octobre Novembre Décembre

Rapport pour Mars 2023
                   Monthly Climatological Summary for mars 2023

Name:     City: Meyenheim   State: Alsace, FR
Elevation: 210 m  Lat: N 47° 54' 42"   Lon: E 007° 21' 20"

                  Temperature (°C), Rain (mm), Wind Speed (km/h)

                                      Heat  Cool        Avg
    Mean                              Deg   Deg         Wind                 Dom
Day Temp  High   Time   Low    Time   Days  Days  Rain  Speed High   Time    Dir
----------------------------------------------------------------------------------
01   1.5   5.9   15:53  -2.0   05:58  16.7   0.0   0.0   6.0  32.4   03:57     N
02   2.5   5.7   15:47  -0.6   23:54  15.8   0.0   0.0   2.3  15.1   00:53     N
03   2.4   8.0   16:31  -3.4   04:55  15.9   0.0   0.0   2.3  20.9   15:12     N
04   2.8   8.0   14:37  -1.2   07:03  15.5   0.0   0.0   4.4  34.6   19:21     N
05   2.9   6.8   15:31  -1.7   07:18  15.4   0.0   0.0   1.5  13.7   14:21     N
06   4.1   7.0   12:27   1.6   04:54  14.2   0.0   0.0   2.4  17.3   20:38    SO
07   4.7   8.8   13:41   1.8   01:29  13.6   0.0   0.0   6.4  35.3   12:48    SO
08   7.5  12.4   22:12   1.7   02:12  10.8   0.0   7.3  10.8  51.9   14:29   SSO
09  11.9  16.2   16:20   9.0   05:40   6.3   0.0   2.1  10.7  50.5   02:50    SO
10   8.8  11.3   14:42   5.6   23:57   9.5   0.0   3.1  10.3  57.0   10:25    SO
11   4.4   7.9   15:59   1.3   06:09  13.9   0.0   0.0   1.8  13.0   00:03     N
12   9.4  15.1   14:39   2.6   00:09   8.9   0.0   0.0   6.8  37.5   13:39    SO
13  14.7  22.3   16:41   9.9   23:35   4.3   0.7  19.6   9.0  60.6   19:41    SO
14   8.9  12.5   12:17   5.1   23:23   9.4   0.0   0.2   8.8  51.9   12:35    SO
15   5.5  11.3   14:47  -0.9   06:38  12.8   0.0   0.0   3.3  22.4   11:29     O
16   6.0  14.2   14:57  -0.5   07:05  12.2   0.0   0.0   1.0  10.1   10:59   SSO
17  10.3  18.2   13:52   2.1   06:03   8.0   0.0   0.0   3.7  28.1   14:20   SSO
18  12.9  18.2   17:08   7.0   06:20   5.4   0.0   0.0   4.5  26.7   11:24   SSO
19  10.8  15.4   15:18   6.2   23:46   7.5   0.0   0.8   4.8  31.0   10:10   SSO
20   9.0  15.0   12:42   4.2   03:17   9.3   0.0   0.2   1.5  18.7   11:38   SSO
21   9.8  17.6   14:13   2.0   06:32   8.5   0.0   0.0   3.1  20.2   19:50   SSO
22  12.6  20.2   14:21   5.2   06:25   5.8   0.2   0.0   4.4  30.3   12:18   SSO
23  14.5  18.0   13:05  11.7   01:51   3.8   0.0   0.0   7.3  40.4   14:58   SSO
24  11.9  13.9   04:56   9.0   21:41   6.4   0.0   2.7   8.5  46.1   14:16   SSO
25   9.6  13.5   15:35   6.3   05:50   8.7   0.0   0.8   9.3  43.3   11:30    SO
26   9.3  14.7   14:58   5.9   22:15   8.6   0.0   0.2   7.1  56.2   14:06    SO
27   6.5   9.0   13:11   2.2   23:56  11.8   0.0   0.2   5.0  33.2   08:32   NNO
28   6.0  13.4   17:04  -1.1   07:32  12.3   0.0   0.8   2.0  15.1   16:27   SSO
29  13.1  20.4   15:55   8.2   06:17   5.3   0.1   0.0   4.8  31.7   15:50   SSO
30  13.9  18.1   15:31  10.7   23:08   4.4   0.0   0.4   5.6  43.3   14:00    SO
31  11.7  15.9   13:10   8.3   23:55   6.6   0.0   6.4  10.7  60.6   15:13    SO
----------------------------------------------------------------------------------
     8.4  22.3    13    -3.4     3   307.6   1.0  44.8   5.5  60.6    13      SO

Max >=  27.0  0
Max <=   0.0  0
Min <= -10.0  0
Min <= -18.0  0
Max Rain: 19.6 on day 13
Days of Rain: 14 (>= 0.2 mm)  6 (>= 2.0 mm)  0 (>= 20.0 mm)
Heat Base: 18.3  Cool Base: 18.3  Method: Integration


Mise à jour : 16/06/2024 03:31:54
Alimenté par Cumulus v3.27.1 (3263)