METEO Schachenfeld

 Latitude N 47° 54' 42"    Longitude E 07° 21' 22"    Altitude 210 m   Station

Rapports de type NOAA
Selectionner un rapport Annuel ou mensuel
V/Λ2024 > Janvier Février Mars Avril Mai Juin Juillet Août Septembre Octobre Novembre Décembre
V/Λ2023 > Janvier Février Mars Avril Mai Juin Juillet Août Septembre Octobre Novembre Décembre
V/Λ2022 > Janvier Février Mars Avril Mai Juin Juillet Août Septembre Octobre Novembre Décembre
V/Λ2021 > Janvier Février Mars Avril Mai Juin Juillet Août Septembre Octobre Novembre Décembre
V/Λ2020 > Janvier Février Mars Avril Mai Juin Juillet Août Septembre Octobre Novembre Décembre
V/Λ2019 > Janvier Février Mars Avril Mai Juin Juillet Août Septembre Octobre Novembre Décembre
V/Λ2018 > Janvier Février Mars Avril Mai Juin Juillet Août Septembre Octobre Novembre Décembre
V/Λ2017 > Janvier Février Mars Avril Mai Juin Juillet Août Septembre Octobre Novembre Décembre
V/Λ2016 > Janvier Février Mars Avril Mai Juin Juillet Août Septembre Octobre Novembre Décembre
V/Λ2015 > Janvier Février Mars Avril Mai Juin Juillet Août Septembre Octobre Novembre Décembre
V/Λ2014 > Janvier Février Mars Avril Mai Juin Juillet Août Septembre Octobre Novembre Décembre
V/Λ2013 > Janvier Février Mars Avril Mai Juin Juillet Août Septembre Octobre Novembre Décembre
V/Λ2012 > Janvier Février Mars Avril Mai Juin Juillet Août Septembre Octobre Novembre Décembre
V/Λ2011 > Janvier Février Mars Avril Mai Juin Juillet Août Septembre Octobre Novembre Décembre
V/Λ2010 > Janvier Février Mars Avril Mai Juin Juillet Août Septembre Octobre Novembre Décembre
V/Λ2009 > Janvier Février Mars Avril Mai Juin Juillet Août Septembre Octobre Novembre Décembre
V/Λ2008 > Janvier Février Mars Avril Mai Juin Juillet Août Septembre Octobre Novembre Décembre
V/Λ2007 > Janvier Février Mars Avril Mai Juin Juillet Août Septembre Octobre Novembre Décembre
V/Λ2006 > Janvier Février Mars Avril Mai Juin Juillet Août Septembre Octobre Novembre Décembre
V/Λ2005 > Janvier Février Mars Avril Mai Juin Juillet Août Septembre Octobre Novembre Décembre
V/Λ2004 > Janvier Février Mars Avril Mai Juin Juillet Août Septembre Octobre Novembre Décembre
V/Λ2003 > Janvier Février Mars Avril Mai Juin Juillet Août Septembre Octobre Novembre Décembre
V/Λ2002 > Janvier Février Mars Avril Mai Juin Juillet Août Septembre Octobre Novembre Décembre

Rapport pour Avril 2023
                   Monthly Climatological Summary for avr. 2023

Name:     City: Meyenheim   State: Alsace, FR
Elevation: 210 m  Lat: N 47° 54' 41"   Lon: E 007° 21' 19"

                  Temperature (°C), Rain (mm), Wind Speed (km/h)

                                      Heat  Cool        Avg
    Mean                              Deg   Deg         Wind                 Dom
Day Temp  High   Time   Low    Time   Days  Days  Rain  Speed High   Time    Dir
----------------------------------------------------------------------------------
01   8.5  11.8   15:47   6.5   05:07   9.8   0.0   9.2   9.1  44.0   10:00   SSO
02   9.2  13.5   13:24   6.0   23:56   9.1   0.0   0.6   7.4  33.2   23:18     O
03   5.6   9.5   15:22   2.6   00:00  12.7   0.0   0.0  10.7  43.3   03:24     N
04   4.3   9.9   17:17  -1.1   07:08  14.0   0.0   0.0  10.4  48.3   08:15     N
05   5.4  12.1   16:55  -0.3   05:29  12.9   0.0   0.0   4.1  25.2   21:06     N
06   6.6  14.4   15:03  -1.7   06:57  11.7   0.0   0.0   2.2  23.8   17:29   SSO
07   6.7   9.0   00:00   4.4   22:35  11.6   0.0   2.9   2.4  20.9   10:13   SSO
08   8.4  14.1   17:11   3.6   04:50   9.9   0.0   0.0   2.6  18.0   16:18     N
09   9.5  16.2   16:55   3.6   04:59   8.8   0.0   0.0   3.8  26.7   17:21     N
10  10.4  18.1   14:42   1.6   06:48   7.9   0.0   0.0   3.8  32.4   22:57   SSO
11  12.5  15.7   16:22   9.5   23:56   5.8   0.0   0.0   6.4  34.6   08:52   OSO
12  10.0  14.9   14:26   7.5   23:58   8.3   0.0   2.1   6.5  44.7   14:42   SSO
13   8.5  14.3   16:47   4.8   03:12   9.8   0.0   0.0   5.7  31.7   08:33    SO
14   8.3  15.8   17:17   0.5   06:38  10.0   0.0   0.0   2.0  20.9   10:05   SSO
15   9.7  15.3   16:55   6.1   00:49   8.6   0.0   0.6   2.2  31.0   19:49    SO
16   8.9  11.5   16:33   7.9   05:04   9.4   0.0   0.2   0.9  12.3   18:10     N
17  10.3  14.9   16:17   7.7   00:48   8.0   0.0   0.0   8.0  38.9   23:32     N
18   9.9  14.5   17:00   6.8   05:37   8.4   0.0   0.0  10.0  36.8   03:09     N
19  10.0  13.4   12:54   4.9   06:58   8.3   0.0   0.0   5.6  37.5   03:34     N
20   7.8  13.6   17:13   4.4   06:56  10.5   0.0   0.6   4.2  21.6   18:32   NNO
21   8.2  16.1   15:38   0.1   06:44  10.1   0.0   0.0   1.7  16.6   15:34   SSO
22  13.8  21.7   15:16   7.2   06:01   4.8   0.3   0.0   5.2  36.0   16:50    SO
23  13.6  20.9   15:14   9.4   06:44   5.0   0.2   1.5   6.8  44.0   16:37   SSO
24  11.3  15.0   16:39   8.8   07:12   7.0   0.0   0.2   7.3  38.2   10:09   OSO
25   8.7  14.5   15:20   5.6   05:45   9.6   0.0   5.8   2.9  26.0   01:59    SO
26   9.8  15.5   18:48   4.8   06:01   8.5   0.0   0.0   1.7  12.3   09:19   NNE
27  14.3  21.1   17:55   8.9   06:19   4.4   0.4   0.0   1.6  21.6   12:17   NNO
28  14.8  19.9   18:12  11.8   06:42   3.6   0.1   5.2   4.5  26.0   11:35   SSO
29  14.5  20.1   13:58  10.5   06:34   3.9   0.1   0.0   4.3  33.2   19:07     N
30  14.4  19.9   16:51  10.3   06:37   4.0   0.1   0.0   8.8  57.7   13:01     N
----------------------------------------------------------------------------------
     9.8  21.7    22    -1.7     6   256.4   1.1  28.9   5.1  57.7    30     ONO

Max >=  27.0  0
Max <=   0.0  0
Min <= -10.0  0
Min <= -18.0  0
Max Rain: 9.2 on day 1
Days of Rain: 11 (>= 0.2 mm)  5 (>= 2.0 mm)  0 (>= 20.0 mm)
Heat Base: 18.3  Cool Base: 18.3  Method: Integration


Mise à jour : 23/07/2024 23:18:28
Alimenté par Cumulus v3.27.1 (3263)