METEO Schachenfeld

 Latitude N 47° 54' 42"    Longitude E 07° 21' 22"    Altitude 210 m   Station

Rapports de type NOAA
Selectionner un rapport Annuel ou mensuel
V/Λ2024 > Janvier Février Mars Avril Mai Juin Juillet Août Septembre Octobre Novembre Décembre
V/Λ2023 > Janvier Février Mars Avril Mai Juin Juillet Août Septembre Octobre Novembre Décembre
V/Λ2022 > Janvier Février Mars Avril Mai Juin Juillet Août Septembre Octobre Novembre Décembre
V/Λ2021 > Janvier Février Mars Avril Mai Juin Juillet Août Septembre Octobre Novembre Décembre
V/Λ2020 > Janvier Février Mars Avril Mai Juin Juillet Août Septembre Octobre Novembre Décembre
V/Λ2019 > Janvier Février Mars Avril Mai Juin Juillet Août Septembre Octobre Novembre Décembre
V/Λ2018 > Janvier Février Mars Avril Mai Juin Juillet Août Septembre Octobre Novembre Décembre
V/Λ2017 > Janvier Février Mars Avril Mai Juin Juillet Août Septembre Octobre Novembre Décembre
V/Λ2016 > Janvier Février Mars Avril Mai Juin Juillet Août Septembre Octobre Novembre Décembre
V/Λ2015 > Janvier Février Mars Avril Mai Juin Juillet Août Septembre Octobre Novembre Décembre
V/Λ2014 > Janvier Février Mars Avril Mai Juin Juillet Août Septembre Octobre Novembre Décembre
V/Λ2013 > Janvier Février Mars Avril Mai Juin Juillet Août Septembre Octobre Novembre Décembre
V/Λ2012 > Janvier Février Mars Avril Mai Juin Juillet Août Septembre Octobre Novembre Décembre
V/Λ2011 > Janvier Février Mars Avril Mai Juin Juillet Août Septembre Octobre Novembre Décembre
V/Λ2010 > Janvier Février Mars Avril Mai Juin Juillet Août Septembre Octobre Novembre Décembre
V/Λ2009 > Janvier Février Mars Avril Mai Juin Juillet Août Septembre Octobre Novembre Décembre
V/Λ2008 > Janvier Février Mars Avril Mai Juin Juillet Août Septembre Octobre Novembre Décembre
V/Λ2007 > Janvier Février Mars Avril Mai Juin Juillet Août Septembre Octobre Novembre Décembre
V/Λ2006 > Janvier Février Mars Avril Mai Juin Juillet Août Septembre Octobre Novembre Décembre
V/Λ2005 > Janvier Février Mars Avril Mai Juin Juillet Août Septembre Octobre Novembre Décembre
V/Λ2004 > Janvier Février Mars Avril Mai Juin Juillet Août Septembre Octobre Novembre Décembre
V/Λ2003 > Janvier Février Mars Avril Mai Juin Juillet Août Septembre Octobre Novembre Décembre
V/Λ2002 > Janvier Février Mars Avril Mai Juin Juillet Août Septembre Octobre Novembre Décembre

Rapport pour Mai 2023
                   Monthly Climatological Summary for mai 2023

Name:     City: Meyenheim   State: Alsace, FR
Elevation: 210 m  Lat: N 47° 54' 41"   Lon: E 007° 21' 19"

                  Temperature (°C), Rain (mm), Wind Speed (km/h)

                                      Heat  Cool        Avg
    Mean                              Deg   Deg         Wind                 Dom
Day Temp  High   Time   Low    Time   Days  Days  Rain  Speed High   Time    Dir
----------------------------------------------------------------------------------
01  14.6  19.3   15:57  10.7   06:33   3.8   0.0   0.0   3.1  21.6   19:32     O
02  14.0  20.2   15:41   7.9   07:05   4.4   0.2   0.0   3.8  31.7   17:04     N
03  14.2  21.6   16:37   7.2   06:27   4.7   0.6   0.0   7.9  36.0   13:48     N
04  16.4  26.5   17:13   6.4   05:49   3.9   2.0   0.0   2.2  32.4   02:26    SO
05  17.0  24.6   14:21  13.9   06:33   2.2   0.9   2.3   1.6  24.5   16:10   SSO
06  16.5  22.4   15:19  11.0   06:18   2.7   1.0   0.0   2.0  26.7   18:16   NNE
07  14.9  20.1   16:21  10.2   06:08   3.4   0.1   1.2   1.7  20.2   11:58    SO
08  16.2  20.1   15:46  13.5   05:09   2.3   0.2   0.0   1.5  14.4   16:41   ONO
09  15.1  20.6   13:47  12.2   02:53   3.5   0.3   5.2   3.0  24.5   22:05   SSO
10  13.8  18.0   13:00  11.4   06:00   4.4   0.0   0.6   5.8  36.0   13:44    SO
11  12.5  17.0   17:33   9.7   05:37   5.8   0.0   0.8   2.1  24.5   10:32   ONO
12  13.0  19.2   14:45   9.2   03:14   5.3   0.0   1.2   3.2  19.5   15:46     N
13  13.7  17.3   15:20  11.0   03:42   4.6   0.0   0.0   6.2  21.6   14:31     N
14  13.9  21.6   15:55   7.9   04:34   4.7   0.3   3.7   4.0  25.2   16:55     N
15  12.3  19.1   13:10   8.7   05:54   6.0   0.0  14.6   2.4  21.6   17:38    SO
16  10.7  11.7   12:19   8.4   23:57   7.6   0.0   1.0   5.5  43.3   17:29     N
17  11.0  16.4   15:12   6.5   06:03   7.3   0.0   0.0   9.5  41.1   15:39     N
18  12.3  19.2   14:31   6.0   05:55   6.0   0.0   0.0   8.0  36.0   13:27     N
19  14.1  18.1   15:23  10.5   06:00   4.2   0.0   0.0   8.2  33.2   12:16     N
20  16.4  20.9   15:46  12.0   01:14   2.4   0.5   0.0   8.1  37.5   11:17     N
21  18.8  26.5   17:04  12.2   06:38   1.7   2.2   0.0   4.5  38.2   02:31     N
22  19.3  27.2   17:03  12.5   06:27   1.8   2.7   0.0   2.1  24.5   02:01     O
23  17.7  23.1   14:54  12.5   05:51   1.8   1.2   0.0   5.6  37.5   16:33     N
24  14.9  19.6   16:05  11.6   23:58   3.6   0.1   0.0   9.4  42.5   06:27     N
25  16.4  22.9   17:21  10.3   06:14   3.1   1.1   0.0  10.0  35.3   06:18     N
26  19.1  25.8   15:48  12.5   06:09   1.5   2.3   0.0   8.1  38.2   03:58     N
27  19.3  26.1   15:58  12.9   06:24   1.4   2.4   0.0   8.3  28.1   18:58     N
28  19.5  27.0   15:32  11.5   06:00   1.8   3.0   0.0   6.0  28.8   17:11     N
29  20.1  27.3   15:45  12.8   06:00   1.3   3.1   0.0   9.4  40.4   17:29     N
30  19.6  25.8   16:58  14.3   06:19   1.0   2.3   0.0  10.9  36.8   17:22     N
31  20.2  27.3   16:16  14.0   06:10   1.2   3.1   0.0  10.2  38.9   13:39     N
----------------------------------------------------------------------------------
    15.7  27.3    29     6.0    18   109.3  29.8  30.6   5.6  43.3    16       N

Max >=  27.0  4
Max <=   0.0  0
Min <= -10.0  0
Min <= -18.0  0
Max Rain: 14.6 on day 15
Days of Rain: 9 (>= 0.2 mm)  4 (>= 2.0 mm)  0 (>= 20.0 mm)
Heat Base: 18.3  Cool Base: 18.3  Method: Integration


Mise à jour : 23/07/2024 22:21:28
Alimenté par Cumulus v3.27.1 (3263)