METEO Schachenfeld

 Latitude N 47° 54' 42"    Longitude E 07° 21' 22"    Altitude 210 m   Station

Rapports de type NOAA
Selectionner un rapport Annuel ou mensuel
V/Λ2024 > Janvier Février Mars Avril Mai Juin Juillet Août Septembre Octobre Novembre Décembre
V/Λ2023 > Janvier Février Mars Avril Mai Juin Juillet Août Septembre Octobre Novembre Décembre
V/Λ2022 > Janvier Février Mars Avril Mai Juin Juillet Août Septembre Octobre Novembre Décembre
V/Λ2021 > Janvier Février Mars Avril Mai Juin Juillet Août Septembre Octobre Novembre Décembre
V/Λ2020 > Janvier Février Mars Avril Mai Juin Juillet Août Septembre Octobre Novembre Décembre
V/Λ2019 > Janvier Février Mars Avril Mai Juin Juillet Août Septembre Octobre Novembre Décembre
V/Λ2018 > Janvier Février Mars Avril Mai Juin Juillet Août Septembre Octobre Novembre Décembre
V/Λ2017 > Janvier Février Mars Avril Mai Juin Juillet Août Septembre Octobre Novembre Décembre
V/Λ2016 > Janvier Février Mars Avril Mai Juin Juillet Août Septembre Octobre Novembre Décembre
V/Λ2015 > Janvier Février Mars Avril Mai Juin Juillet Août Septembre Octobre Novembre Décembre
V/Λ2014 > Janvier Février Mars Avril Mai Juin Juillet Août Septembre Octobre Novembre Décembre
V/Λ2013 > Janvier Février Mars Avril Mai Juin Juillet Août Septembre Octobre Novembre Décembre
V/Λ2012 > Janvier Février Mars Avril Mai Juin Juillet Août Septembre Octobre Novembre Décembre
V/Λ2011 > Janvier Février Mars Avril Mai Juin Juillet Août Septembre Octobre Novembre Décembre
V/Λ2010 > Janvier Février Mars Avril Mai Juin Juillet Août Septembre Octobre Novembre Décembre
V/Λ2009 > Janvier Février Mars Avril Mai Juin Juillet Août Septembre Octobre Novembre Décembre
V/Λ2008 > Janvier Février Mars Avril Mai Juin Juillet Août Septembre Octobre Novembre Décembre
V/Λ2007 > Janvier Février Mars Avril Mai Juin Juillet Août Septembre Octobre Novembre Décembre
V/Λ2006 > Janvier Février Mars Avril Mai Juin Juillet Août Septembre Octobre Novembre Décembre
V/Λ2005 > Janvier Février Mars Avril Mai Juin Juillet Août Septembre Octobre Novembre Décembre
V/Λ2004 > Janvier Février Mars Avril Mai Juin Juillet Août Septembre Octobre Novembre Décembre
V/Λ2003 > Janvier Février Mars Avril Mai Juin Juillet Août Septembre Octobre Novembre Décembre
V/Λ2002 > Janvier Février Mars Avril Mai Juin Juillet Août Septembre Octobre Novembre Décembre

Rapport pour Juin 2023
                   Monthly Climatological Summary for juin 2023

Name:     City: Meyenheim   State: Alsace, FR
Elevation: 210 m  Lat: N 47° 54' 41"   Lon: E 007° 21' 19"

                  Temperature (°C), Rain (mm), Wind Speed (km/h)

                                      Heat  Cool        Avg
    Mean                              Deg   Deg         Wind                 Dom
Day Temp  High   Time   Low    Time   Days  Days  Rain  Speed High   Time    Dir
----------------------------------------------------------------------------------
01  20.8  28.7   17:18  11.2   06:04   1.4   3.9   0.0   4.2  20.9   18:18     N
02  20.0  26.3   15:58  14.4   07:46   0.8   2.4   0.0   9.2  29.6   06:38     N
03  19.9  27.4   17:06  12.3   06:09   1.4   3.1   0.0   6.8  24.5   19:02     N
04  19.9  26.6   16:18  13.7   05:25   1.0   2.6   0.0   5.7  34.6   08:26     N
05  20.6  28.1   15:42  11.6   05:30   1.3   3.7   0.0   5.2  23.1   19:53     N
06  20.9  28.2   16:30  12.3   05:38   1.0   3.5   0.0   3.8  18.0   18:06     N
07  20.7  27.3   14:17  12.8   05:43   0.9   3.4   0.0   4.3  33.9   02:47     N
08  20.8  29.1   15:43  12.3   05:37   1.4   3.9   0.0   3.3  21.6   18:28     N
09  22.0  30.4   16:29  13.8   06:04   0.9   4.6   0.0   3.9  19.5   17:34     N
10  22.5  30.2   16:39  14.2   05:51   0.7   4.9   0.0   3.3  20.2   14:02     N
11  23.2  31.0   17:36  14.7   06:17   0.5   5.5   0.0   3.8  25.2   17:01     N
12  22.7  30.4   15:50  14.1   06:18   0.7   5.1   0.0   5.6  30.3   14:50     N
13  21.6  28.7   16:55  15.5   04:42   0.5   3.8   0.0   7.7  30.3   17:01     N
14  20.5  28.4   16:01  10.1   05:46   1.6   3.8   0.0   6.4  31.7   16:05     N
15  21.1  28.3   16:46  13.6   05:35   1.0   3.7   0.0   3.7  16.6   00:07     N
16  21.0  29.2   15:02  12.3   05:40   1.3   4.0   0.0   1.6  16.6   14:40   NNE
17  21.4  30.4   14:50  11.7   05:28   1.6   4.7   0.0   1.5  14.4   13:59   ESE
18  21.5  32.4   15:06  12.9   06:00   1.2   4.4   0.4   2.1  42.5   17:57   SSO
19  23.1  30.3   17:19  17.1   04:28   0.2   5.0  10.8   3.1  20.9   01:19   SSO
20  24.8  33.1   16:14  18.4   06:06   0.0   6.5   0.0   4.5  28.1   14:50    SO
21  22.7  28.7   15:48  18.2   09:31   0.0   4.4   2.3   2.4  28.8   08:59   NNO
22  22.6  29.2   16:24  17.1   23:53   0.1   4.3   2.5   5.2  41.1   20:08   SSO
23  20.8  27.3   16:00  15.9   06:41   0.6   3.1   0.6   2.2  31.7   00:06    SO
24  21.3  29.6   16:01  12.4   05:27   1.5   4.5   0.0   4.6  24.5   19:02     N
25  22.9  32.0   17:26  13.2   06:14   1.0   5.6   0.0   2.0  13.0   08:50    NE
26  23.2  31.1   15:23  15.4   05:43   0.4   5.4   0.0   4.1  27.4   10:54     O
27  20.6  26.2   18:27  15.2   03:58   0.6   3.0   0.0   2.1  14.4   13:59    NE
28  20.2  27.4   16:05  13.1   04:13   1.3   3.2   0.0   2.2  21.6   11:55     N
29  22.0  29.8   16:42  14.5   05:14   0.9   4.6   0.0   1.4  13.7   15:11    NE
30  18.3  21.5   16:58  16.1   23:56   0.5   0.5  40.4   2.0  25.2   07:36    SO
----------------------------------------------------------------------------------
    21.5  33.1    20    10.1    14    26.2 121.1  57.0   3.9  42.5    18       N

Max >=  27.0 26
Max <=   0.0  0
Min <= -10.0  0
Min <= -18.0  0
Max Rain: 40.4 on day 30
Days of Rain: 6 (>= 0.2 mm)  4 (>= 2.0 mm)  1 (>= 20.0 mm)
Heat Base: 18.3  Cool Base: 18.3  Method: Integration


Mise à jour : 16/06/2024 05:11:55
Alimenté par Cumulus v3.27.1 (3263)