METEO Schachenfeld

 Latitude N 47° 54' 42"    Longitude E 07° 21' 22"    Altitude 210 m   Station

Rapports de type NOAA
Selectionner un rapport Annuel ou mensuel
V/Λ2024 > Janvier Février Mars Avril Mai Juin Juillet Août Septembre Octobre Novembre Décembre
V/Λ2023 > Janvier Février Mars Avril Mai Juin Juillet Août Septembre Octobre Novembre Décembre
V/Λ2022 > Janvier Février Mars Avril Mai Juin Juillet Août Septembre Octobre Novembre Décembre
V/Λ2021 > Janvier Février Mars Avril Mai Juin Juillet Août Septembre Octobre Novembre Décembre
V/Λ2020 > Janvier Février Mars Avril Mai Juin Juillet Août Septembre Octobre Novembre Décembre
V/Λ2019 > Janvier Février Mars Avril Mai Juin Juillet Août Septembre Octobre Novembre Décembre
V/Λ2018 > Janvier Février Mars Avril Mai Juin Juillet Août Septembre Octobre Novembre Décembre
V/Λ2017 > Janvier Février Mars Avril Mai Juin Juillet Août Septembre Octobre Novembre Décembre
V/Λ2016 > Janvier Février Mars Avril Mai Juin Juillet Août Septembre Octobre Novembre Décembre
V/Λ2015 > Janvier Février Mars Avril Mai Juin Juillet Août Septembre Octobre Novembre Décembre
V/Λ2014 > Janvier Février Mars Avril Mai Juin Juillet Août Septembre Octobre Novembre Décembre
V/Λ2013 > Janvier Février Mars Avril Mai Juin Juillet Août Septembre Octobre Novembre Décembre
V/Λ2012 > Janvier Février Mars Avril Mai Juin Juillet Août Septembre Octobre Novembre Décembre
V/Λ2011 > Janvier Février Mars Avril Mai Juin Juillet Août Septembre Octobre Novembre Décembre
V/Λ2010 > Janvier Février Mars Avril Mai Juin Juillet Août Septembre Octobre Novembre Décembre
V/Λ2009 > Janvier Février Mars Avril Mai Juin Juillet Août Septembre Octobre Novembre Décembre
V/Λ2008 > Janvier Février Mars Avril Mai Juin Juillet Août Septembre Octobre Novembre Décembre
V/Λ2007 > Janvier Février Mars Avril Mai Juin Juillet Août Septembre Octobre Novembre Décembre
V/Λ2006 > Janvier Février Mars Avril Mai Juin Juillet Août Septembre Octobre Novembre Décembre
V/Λ2005 > Janvier Février Mars Avril Mai Juin Juillet Août Septembre Octobre Novembre Décembre
V/Λ2004 > Janvier Février Mars Avril Mai Juin Juillet Août Septembre Octobre Novembre Décembre
V/Λ2003 > Janvier Février Mars Avril Mai Juin Juillet Août Septembre Octobre Novembre Décembre
V/Λ2002 > Janvier Février Mars Avril Mai Juin Juillet Août Septembre Octobre Novembre Décembre

Rapport pour Août 2023
                   Monthly Climatological Summary for août 2023

Name:     City: Meyenheim   State: Alsace, FR
Elevation: 210 m  Lat: N 47° 54' 41"   Lon: E 007° 21' 19"

                  Temperature (°C), Rain (mm), Wind Speed (km/h)

                                      Heat  Cool        Avg
    Mean                              Deg   Deg         Wind                 Dom
Day Temp  High   Time   Low    Time   Days  Days  Rain  Speed High   Time    Dir
----------------------------------------------------------------------------------
01  20.3  26.1   16:19  16.4   09:34   0.3   2.3   6.4   8.8  38.9   08:10    SO
02  19.8  28.4   15:53  15.4   05:36   0.8   2.3   5.8   8.9  48.3   17:59    SO
03  18.9  23.5   17:04  14.7   23:58   0.5   1.1   0.0  10.2  49.0   03:59    SO
04  16.6  20.5   12:38  13.5   03:10   1.9   0.2   5.0   3.3  20.2   16:19     O
05  17.8  24.5   16:00  11.7   06:14   2.1   1.6   0.0   4.0  33.9   22:55    SO
06  15.4  19.5   15:02  12.7   07:10   2.9   0.0   2.1   7.9  31.7   07:55    SO
07  16.0  22.5   18:46  11.4   02:06   2.9   0.5   0.0   3.3  27.4   14:29    SO
08  17.5  25.1   16:32  10.3   05:23   2.6   1.9   0.0   4.3  26.7   14:56    SO
09  19.1  24.3   14:25  15.1   23:54   1.1   1.8   0.0   2.6  25.2   00:17    SO
10  20.1  29.9   16:13  11.4   06:20   2.0   3.8   0.0   1.9  14.4   22:58     N
11  23.0  33.6   17:57  13.5   06:23   1.2   6.0   0.0   1.8  13.7   10:52   SSE
12  23.7  31.1   15:52  19.1   06:31   0.0   5.4   0.0   4.1  31.7   14:54    SO
13  23.7  30.3   16:04  19.8   07:35   0.0   5.4   1.9   2.1  23.8   15:26     N
14  24.3  31.8   17:45  18.4   06:54   0.0   6.0   3.1   1.8  20.2   12:32   SSO
15  24.7  31.6   18:18  19.0   05:54   0.0   6.4   0.0   4.1  34.6   09:58    SO
16  24.7  33.2   17:21  18.1   06:38   0.0   6.4   0.0   2.7  22.4   18:51     N
17  24.2  32.7   17:33  17.8   06:38   0.0   5.9   0.0   2.2  16.6   13:52   NNE
18  25.3  35.7   17:55  17.1   06:51   0.1   7.1   0.0   1.9  11.5   10:42     S
19  26.6  36.2   14:33  18.2   06:57   0.0   8.3   0.0   4.2  26.0   16:52   ONO
20  27.0  35.1   16:16  20.5   07:23   0.0   8.7   0.0   3.3  18.7   16:43     N
21  27.2  35.4   17:23  19.6   06:28   0.0   8.9   0.0   2.4  15.9   19:05     N
22  26.7  34.9   15:59  19.1   06:40   0.0   8.4   0.0   2.8  20.9   19:57     N
23  26.0  32.9   16:08  20.5   06:26   0.0   7.7   0.0   3.6  17.3   13:19     N
24  24.7  35.9   16:53  19.5   02:49   0.0   6.4  10.4   3.1  28.1   18:08   NNE
25  22.5  29.1   17:18  19.8   09:22   0.0   4.2  16.4   5.9  36.0   12:39   SSO
26  19.2  21.4   15:55  16.5   23:51   0.2   1.0   0.2   2.3  17.3   17:54   SSO
27  17.1  21.3   13:18  14.8   23:52   1.5   0.2   3.3   1.4  15.1   16:03   SSO
28  14.5  16.9   14:13  13.2   04:46   3.8   0.0   2.9   2.9  21.6   15:21     N
29  14.6  18.9   13:46  12.2   06:18   3.7   0.0   8.9   1.1  15.1   14:33   SSO
30  16.9  23.2   17:03  12.5   06:16   2.4   1.0   0.0   3.2  23.1   18:03   OSO
31  17.3  21.7   15:23  12.5   07:30   1.6   0.6   0.0   5.0  31.7   14:48    SO
----------------------------------------------------------------------------------
    21.1  36.2    19    10.3     8    31.5 119.6  66.5   3.8  49.0     3     OSO

Max >=  27.0 17
Max <=   0.0  0
Min <= -10.0  0
Min <= -18.0  0
Max Rain: 16.4 on day 25
Days of Rain: 12 (>= 0.2 mm)  10 (>= 2.0 mm)  0 (>= 20.0 mm)
Heat Base: 18.3  Cool Base: 18.3  Method: Integration


Mise à jour : 16/06/2024 05:20:55
Alimenté par Cumulus v3.27.1 (3263)