METEO Schachenfeld

 Latitude N 47° 54' 42"    Longitude E 07° 21' 22"    Altitude 210 m   Station

Rapports de type NOAA
Selectionner un rapport Annuel ou mensuel
V/Λ2024 > Janvier Février Mars Avril Mai Juin Juillet Août Septembre Octobre Novembre Décembre
V/Λ2023 > Janvier Février Mars Avril Mai Juin Juillet Août Septembre Octobre Novembre Décembre
V/Λ2022 > Janvier Février Mars Avril Mai Juin Juillet Août Septembre Octobre Novembre Décembre
V/Λ2021 > Janvier Février Mars Avril Mai Juin Juillet Août Septembre Octobre Novembre Décembre
V/Λ2020 > Janvier Février Mars Avril Mai Juin Juillet Août Septembre Octobre Novembre Décembre
V/Λ2019 > Janvier Février Mars Avril Mai Juin Juillet Août Septembre Octobre Novembre Décembre
V/Λ2018 > Janvier Février Mars Avril Mai Juin Juillet Août Septembre Octobre Novembre Décembre
V/Λ2017 > Janvier Février Mars Avril Mai Juin Juillet Août Septembre Octobre Novembre Décembre
V/Λ2016 > Janvier Février Mars Avril Mai Juin Juillet Août Septembre Octobre Novembre Décembre
V/Λ2015 > Janvier Février Mars Avril Mai Juin Juillet Août Septembre Octobre Novembre Décembre
V/Λ2014 > Janvier Février Mars Avril Mai Juin Juillet Août Septembre Octobre Novembre Décembre
V/Λ2013 > Janvier Février Mars Avril Mai Juin Juillet Août Septembre Octobre Novembre Décembre
V/Λ2012 > Janvier Février Mars Avril Mai Juin Juillet Août Septembre Octobre Novembre Décembre
V/Λ2011 > Janvier Février Mars Avril Mai Juin Juillet Août Septembre Octobre Novembre Décembre
V/Λ2010 > Janvier Février Mars Avril Mai Juin Juillet Août Septembre Octobre Novembre Décembre
V/Λ2009 > Janvier Février Mars Avril Mai Juin Juillet Août Septembre Octobre Novembre Décembre
V/Λ2008 > Janvier Février Mars Avril Mai Juin Juillet Août Septembre Octobre Novembre Décembre
V/Λ2007 > Janvier Février Mars Avril Mai Juin Juillet Août Septembre Octobre Novembre Décembre
V/Λ2006 > Janvier Février Mars Avril Mai Juin Juillet Août Septembre Octobre Novembre Décembre
V/Λ2005 > Janvier Février Mars Avril Mai Juin Juillet Août Septembre Octobre Novembre Décembre
V/Λ2004 > Janvier Février Mars Avril Mai Juin Juillet Août Septembre Octobre Novembre Décembre
V/Λ2003 > Janvier Février Mars Avril Mai Juin Juillet Août Septembre Octobre Novembre Décembre
V/Λ2002 > Janvier Février Mars Avril Mai Juin Juillet Août Septembre Octobre Novembre Décembre

Rapport pour Septembre 2023
                   Monthly Climatological Summary for sept. 2023

Name:     City: Meyenheim   State: Alsace, FR
Elevation: 210 m  Lat: N 47° 54' 41"   Lon: E 007° 21' 19"

                  Temperature (°C), Rain (mm), Wind Speed (km/h)

                                      Heat  Cool        Avg
    Mean                              Deg   Deg         Wind                 Dom
Day Temp  High   Time   Low    Time   Days  Days  Rain  Speed High   Time    Dir
----------------------------------------------------------------------------------
01  20.4  27.1   17:57  15.8   23:58   0.4   2.6   0.0   5.4  33.9   02:59    SO
02  20.3  29.5   17:31  12.7   06:54   1.7   3.7   0.0   1.3  11.5   17:44     N
03  21.0  28.2   16:56  14.3   07:11   0.9   3.7   0.0   3.2  17.3   15:42     N
04  21.8  30.1   18:01  15.6   07:12   0.4   3.9   0.0   3.9  18.0   05:44     N
05  21.1  31.1   17:49  13.2   07:23   1.3   4.1   0.0   2.1  14.4   16:12     N
06  20.5  29.6   17:27  12.5   07:25   1.4   3.6   0.0   1.8  15.1   16:42     N
07  21.5  30.7   17:36  13.5   06:58   1.3   4.4   0.0   1.6  27.4   17:19   NNE
08  23.1  32.0   14:33  15.7   06:46   0.5   5.3   0.0   1.5  10.8   16:15   ESE
09  23.6  33.2   17:52  16.4   07:39   0.3   5.6   0.0   1.4  13.0   13:53   SSE
10  23.1  32.3   17:26  15.4   06:39   0.5   5.4   0.0   1.2  10.8   16:32    NE
11  23.2  33.1   17:17  15.0   07:06   0.6   5.5   0.0   1.3  12.3   10:13   SSE
12  24.2  32.8   14:11  17.5   06:58   0.0   6.0   0.0   4.2  31.0   15:39    SO
13  18.9  23.1   12:00  17.0   06:44   0.3   0.9  15.4   1.5  15.9   01:45    SO
14  19.1  25.8   17:07  14.5   05:52   1.0   1.8   0.0   3.2  21.6   23:40     N
15  18.9  26.6   17:18  12.2   07:20   1.7   2.3   0.0   2.4  19.5   03:05     N
16  19.1  27.3   17:22  13.4   07:32   1.5   2.3   0.0   0.3  28.8   13:10   SSO
17  21.7  30.7   18:03  15.7   03:58   0.8   4.3   0.0   2.1  12.3   11:48   SSO
18  19.1  23.9   17:37  15.8   23:31   0.4   1.3  19.3   4.4  26.0   04:20   SSO
19  18.7  24.0   14:23  13.5   23:54   1.2   1.6   0.0   6.1  33.2   13:22    SO
20  18.4  27.0   17:50  11.7   07:28   2.3   2.4   0.0   2.8  26.0   03:46    SO
21  19.2  25.6   13:51  14.4   23:41   1.0   2.0   1.5   4.6  33.2   18:54   SSO
22  16.0  21.4   16:29  12.4   22:59   2.8   0.5   0.0   6.8  31.0   17:45    SO
23  13.8  20.3   14:32   8.7   07:34   4.7   0.2   0.0   2.4  24.5   00:58   SSO
24  13.2  21.2   17:31   5.7   07:28   5.6   0.5   0.0   2.2  16.6   12:46     N
25  13.2  23.2   17:55   5.7   07:04   5.9   0.8   0.0   0.9  11.5   13:59     O
26  14.4  26.6   18:05   6.4   07:05   5.3   1.4   0.0   1.1  12.3   12:41   SSO
27  15.9  26.0   15:54   7.7   07:40   4.2   1.8   0.0   1.0   9.4   12:25   SSO
28  19.1  28.0   16:18  12.3   01:36   2.1   2.9   0.0   2.8  19.5   14:01   SSO
29  19.7  27.5   13:30  14.0   04:40   1.2   2.6   0.0   5.4  36.8   12:27    SO
30  17.0  22.9   14:53  12.1   23:54   2.3   1.0   0.0   1.0  10.8   11:10   NNE
----------------------------------------------------------------------------------
    19.3  33.2     9     5.7    25    53.5  84.3  36.2   2.7  36.8    29      SO

Max >=  27.0 16
Max <=   0.0  0
Min <= -10.0  0
Min <= -18.0  0
Max Rain: 19.3 on day 18
Days of Rain: 3 (>= 0.2 mm)  2 (>= 2.0 mm)  0 (>= 20.0 mm)
Heat Base: 18.3  Cool Base: 18.3  Method: Integration


Mise à jour : 23/07/2024 22:52:28
Alimenté par Cumulus v3.27.1 (3263)