METEO Schachenfeld

 Latitude N 47° 54' 42"    Longitude E 07° 21' 22"    Altitude 210 m   Station

Rapports de type NOAA
Selectionner un rapport Annuel ou mensuel
V/Λ2024 > Janvier Février Mars Avril Mai Juin Juillet Août Septembre Octobre Novembre Décembre
V/Λ2023 > Janvier Février Mars Avril Mai Juin Juillet Août Septembre Octobre Novembre Décembre
V/Λ2022 > Janvier Février Mars Avril Mai Juin Juillet Août Septembre Octobre Novembre Décembre
V/Λ2021 > Janvier Février Mars Avril Mai Juin Juillet Août Septembre Octobre Novembre Décembre
V/Λ2020 > Janvier Février Mars Avril Mai Juin Juillet Août Septembre Octobre Novembre Décembre
V/Λ2019 > Janvier Février Mars Avril Mai Juin Juillet Août Septembre Octobre Novembre Décembre
V/Λ2018 > Janvier Février Mars Avril Mai Juin Juillet Août Septembre Octobre Novembre Décembre
V/Λ2017 > Janvier Février Mars Avril Mai Juin Juillet Août Septembre Octobre Novembre Décembre
V/Λ2016 > Janvier Février Mars Avril Mai Juin Juillet Août Septembre Octobre Novembre Décembre
V/Λ2015 > Janvier Février Mars Avril Mai Juin Juillet Août Septembre Octobre Novembre Décembre
V/Λ2014 > Janvier Février Mars Avril Mai Juin Juillet Août Septembre Octobre Novembre Décembre
V/Λ2013 > Janvier Février Mars Avril Mai Juin Juillet Août Septembre Octobre Novembre Décembre
V/Λ2012 > Janvier Février Mars Avril Mai Juin Juillet Août Septembre Octobre Novembre Décembre
V/Λ2011 > Janvier Février Mars Avril Mai Juin Juillet Août Septembre Octobre Novembre Décembre
V/Λ2010 > Janvier Février Mars Avril Mai Juin Juillet Août Septembre Octobre Novembre Décembre
V/Λ2009 > Janvier Février Mars Avril Mai Juin Juillet Août Septembre Octobre Novembre Décembre
V/Λ2008 > Janvier Février Mars Avril Mai Juin Juillet Août Septembre Octobre Novembre Décembre
V/Λ2007 > Janvier Février Mars Avril Mai Juin Juillet Août Septembre Octobre Novembre Décembre
V/Λ2006 > Janvier Février Mars Avril Mai Juin Juillet Août Septembre Octobre Novembre Décembre
V/Λ2005 > Janvier Février Mars Avril Mai Juin Juillet Août Septembre Octobre Novembre Décembre
V/Λ2004 > Janvier Février Mars Avril Mai Juin Juillet Août Septembre Octobre Novembre Décembre
V/Λ2003 > Janvier Février Mars Avril Mai Juin Juillet Août Septembre Octobre Novembre Décembre
V/Λ2002 > Janvier Février Mars Avril Mai Juin Juillet Août Septembre Octobre Novembre Décembre

Rapport pour Octobre 2023
                   Monthly Climatological Summary for oct. 2023

Name:     City: Meyenheim   State: Alsace, FR
Elevation: 210 m  Lat: N 47° 54' 41"   Lon: E 007° 21' 19"

                  Temperature (°C), Rain (mm), Wind Speed (km/h)

                                      Heat  Cool        Avg
    Mean                              Deg   Deg         Wind                 Dom
Day Temp  High   Time   Low    Time   Days  Days  Rain  Speed High   Time    Dir
----------------------------------------------------------------------------------
01  15.5  25.6   17:15   8.2   07:34   4.3   1.5   0.0   0.5   6.5   11:49   NNE
02  18.5  29.5   16:27  10.2   05:16   2.8   3.1   0.0   2.8  20.9   16:33   SSO
03  20.0  26.9   13:00  11.7   23:55   0.9   2.6   0.0   6.6  41.8   13:34   OSO
04  13.3  20.6   15:36   8.3   05:39   5.3   0.3   0.0   1.0  15.1   15:57   NNE
05  11.8  19.5   14:51   6.6   06:34   6.6   0.1   0.0   1.1  15.1   17:42   NNE
06  11.9  21.5   16:31   4.7   07:19   6.9   0.5   0.0   0.6   8.7   13:19   OSO
07  13.2  24.9   15:42   4.5   07:40   6.3   1.2   0.0   1.7  15.1   11:30   SSO
08  15.8  26.8   15:53   7.7   07:23   4.4   1.9   0.0   1.3  10.8   08:30   SSO
09  17.6  28.6   16:13   9.5   07:19   3.2   2.5   0.0   1.5  23.1   04:52   SSO
10  16.7  26.6   15:58  10.1   05:14   3.5   1.8   0.0   0.9  10.8   07:00    SO
11  18.1  27.9   15:13  10.1   05:52   2.9   2.7   0.0   4.5  30.3   00:13   SSO
12  20.3  27.6   15:36  13.0   03:15   1.3   3.3   0.0   6.2  42.5   10:49   SSO
13  20.9  29.1   16:48  12.9   08:33   1.3   3.9   0.0   5.9  33.9   15:36   SSO
14  16.7  23.9   00:00   7.5   23:48   2.4   0.8   1.0   6.6  36.0   00:00    SO
15  10.1  15.8   13:08   4.1   23:59   8.2   0.0   0.0   2.5  22.4   16:10   NNO
16   8.2  14.6   15:50   3.3   06:59  10.1   0.0   0.0   5.0  32.4   14:16     N
17   7.6  16.1   15:42   1.4   07:43  10.7   0.0   0.0   2.1  14.4   16:17     N
18   8.3  12.2   14:59   4.7   03:09  10.0   0.0   1.2   1.0  11.5   23:44   NNO
19  13.3  15.9   15:16  10.7   03:53   5.0   0.0   7.5   1.0  27.4   01:57   SSO
20  14.2  16.2   17:18  13.3   18:58   4.1   0.0   9.4   3.8  39.7   23:26    SO
21  14.3  18.3   15:36  10.0   20:37   4.0   0.0   0.4   7.9  34.6   00:46    SO
22  12.8  17.7   14:27   8.1   23:54   5.5   0.0   0.0   5.4  28.8   12:48    SO
23   8.3  11.7   16:19   4.6   05:00  10.0   0.0   7.1   1.1  10.8   15:59   NNO
24  11.8  15.1   15:41   9.1   23:58   6.5   0.0   8.7   1.9  18.7   15:57   SSO
25  11.0  13.8   18:08   7.8   05:53   7.3   0.0   5.4   3.7  31.0   18:07   SSO
26  12.6  17.8   13:24  10.7   23:48   5.7   0.0   5.4   4.9  37.5   10:59   SSO
27  11.2  14.4   16:04   9.2   05:27   7.1   0.0  11.0   6.0  35.3   23:46   SSO
28  12.6  16.4   16:19  10.0   00:00   5.7   0.0   0.0   7.6  41.1   00:09   SSO
29  14.0  18.3   13:17   9.6   06:21   4.5   0.0   0.0   3.4  21.6   11:30   SSO
30  12.7  15.1   13:17  10.2   07:17   5.6   0.0  11.0   3.0  31.0   23:14   OSO
31  11.6  14.2   11:35   9.8   07:36   6.7   0.0   0.0   7.7  33.2   11:44   SSO
----------------------------------------------------------------------------------
    13.7  29.5     2     1.4    17   168.7  26.2  68.2   3.5  42.5    12      SO

Max >=  27.0  5
Max <=   0.0  0
Min <= -10.0  0
Min <= -18.0  0
Max Rain: 11.0 on day 27
Days of Rain: 11 (>= 0.2 mm)  8 (>= 2.0 mm)  0 (>= 20.0 mm)
Heat Base: 18.3  Cool Base: 18.3  Method: Integration


Mise à jour : 23/07/2024 23:13:28
Alimenté par Cumulus v3.27.1 (3263)