METEO Schachenfeld

 Latitude N 47° 54' 42"    Longitude E 07° 21' 22"    Altitude 210 m   Station

Rapports de type NOAA
Selectionner un rapport Annuel ou mensuel
V/Λ2024 > Janvier Février Mars Avril Mai Juin Juillet Août Septembre Octobre Novembre Décembre
V/Λ2023 > Janvier Février Mars Avril Mai Juin Juillet Août Septembre Octobre Novembre Décembre
V/Λ2022 > Janvier Février Mars Avril Mai Juin Juillet Août Septembre Octobre Novembre Décembre
V/Λ2021 > Janvier Février Mars Avril Mai Juin Juillet Août Septembre Octobre Novembre Décembre
V/Λ2020 > Janvier Février Mars Avril Mai Juin Juillet Août Septembre Octobre Novembre Décembre
V/Λ2019 > Janvier Février Mars Avril Mai Juin Juillet Août Septembre Octobre Novembre Décembre
V/Λ2018 > Janvier Février Mars Avril Mai Juin Juillet Août Septembre Octobre Novembre Décembre
V/Λ2017 > Janvier Février Mars Avril Mai Juin Juillet Août Septembre Octobre Novembre Décembre
V/Λ2016 > Janvier Février Mars Avril Mai Juin Juillet Août Septembre Octobre Novembre Décembre
V/Λ2015 > Janvier Février Mars Avril Mai Juin Juillet Août Septembre Octobre Novembre Décembre
V/Λ2014 > Janvier Février Mars Avril Mai Juin Juillet Août Septembre Octobre Novembre Décembre
V/Λ2013 > Janvier Février Mars Avril Mai Juin Juillet Août Septembre Octobre Novembre Décembre
V/Λ2012 > Janvier Février Mars Avril Mai Juin Juillet Août Septembre Octobre Novembre Décembre
V/Λ2011 > Janvier Février Mars Avril Mai Juin Juillet Août Septembre Octobre Novembre Décembre
V/Λ2010 > Janvier Février Mars Avril Mai Juin Juillet Août Septembre Octobre Novembre Décembre
V/Λ2009 > Janvier Février Mars Avril Mai Juin Juillet Août Septembre Octobre Novembre Décembre
V/Λ2008 > Janvier Février Mars Avril Mai Juin Juillet Août Septembre Octobre Novembre Décembre
V/Λ2007 > Janvier Février Mars Avril Mai Juin Juillet Août Septembre Octobre Novembre Décembre
V/Λ2006 > Janvier Février Mars Avril Mai Juin Juillet Août Septembre Octobre Novembre Décembre
V/Λ2005 > Janvier Février Mars Avril Mai Juin Juillet Août Septembre Octobre Novembre Décembre
V/Λ2004 > Janvier Février Mars Avril Mai Juin Juillet Août Septembre Octobre Novembre Décembre
V/Λ2003 > Janvier Février Mars Avril Mai Juin Juillet Août Septembre Octobre Novembre Décembre
V/Λ2002 > Janvier Février Mars Avril Mai Juin Juillet Août Septembre Octobre Novembre Décembre

Rapport pour Décembre 2023
                   Monthly Climatological Summary for déc. 2023

Name:     City: Meyenheim   State: Alsace, FR
Elevation: 210 m  Lat: N 47° 54' 41"   Lon: E 007° 21' 19"

                  Temperature (°C), Rain (mm), Wind Speed (km/h)

                                      Heat  Cool        Avg
    Mean                              Deg   Deg         Wind                 Dom
Day Temp  High   Time   Low    Time   Days  Days  Rain  Speed High   Time    Dir
----------------------------------------------------------------------------------
01   1.2   2.6   01:53   0.2   06:12  17.1   0.0   7.1   2.7  30.3   20:14     N
02  -0.5   0.8   00:00  -1.2   22:27  18.8   0.0   0.2   3.4  42.5   01:25     N
03  -1.7   1.0   14:30  -4.4   08:05  20.0   0.0   0.6   1.6  13.0   14:18    SO
04  -0.3   3.1   23:38  -2.6   04:36  18.6   0.0   2.5   4.5  25.2   23:10    SO
05   5.2   7.7   11:50   3.1   00:00  13.1   0.0   0.6  10.2  44.0   12:46   SSO
06   4.6   6.7   13:38   0.8   23:56  13.7   0.0   0.0   3.6  42.5   04:09   SSO
07   0.9   3.6   14:17  -1.2   03:10  17.4   0.0   0.2   0.0   8.7   23:58    SO
08   5.2   8.6   14:22   1.5   00:00  13.1   0.0   0.8   3.8  32.4   05:04     S
09   6.6   9.5   23:47   4.0   01:40  11.7   0.0   3.5   5.0  41.1   16:34   SSO
10   9.3  11.7   19:21   7.2   05:26   9.0   0.0   0.0   9.1  41.8   19:09   SSO
11  11.1  12.7   02:32   9.2   22:04   7.2   0.0   0.0   6.7  28.8   00:49   SSO
12  10.8  13.5   13:13   8.6   23:56   7.5   0.0   4.6   5.4  34.6   20:46   SSO
13   8.4  10.2   12:59   6.1   19:47   9.9   0.0   2.5   4.8  27.4   12:54   SSO
14   7.2  10.2   13:01   4.9   05:27  11.1   0.0   0.0   1.6  23.1   22:12   NNO
15   5.6   8.7   13:37   3.0   08:36  12.7   0.0   0.0   0.7  10.1   03:23   OSO
16   2.8   7.7   14:03  -0.3   22:20  15.5   0.0   0.0   0.8  14.4   14:33     N
17   2.0   7.2   14:38  -0.1   06:19  16.3   0.0   0.0   1.8  15.9   19:45   SSO
18   2.1   9.2   14:42  -1.3   05:02  16.2   0.0   0.0   2.1  13.0   12:23   SSO
19   2.8   6.0   13:20  -0.4   06:14  15.5   0.0   0.0   4.5  37.5   20:30   SSO
20   5.9   9.0   13:49   3.4   09:05  12.4   0.0   0.0   6.9  36.8   21:42    SO
21   8.1  10.7   20:04   5.2   00:00  10.2   0.0   0.2  12.8  50.5   14:29   SSO
22   8.4  10.0   00:20   7.1   07:17   9.9   0.0   4.8   7.6  41.1   13:03    SO
23   8.0   9.7   13:14   7.2   04:44  10.3   0.0   0.2  11.5  43.3   04:08    SO
24   9.4  11.6   20:50   7.8   06:49   8.9   0.0   0.0  13.6  53.4   09:04   SSO
25   9.1  11.7   00:22   6.0   20:41   9.2   0.0   0.0  10.1  45.4   11:43   SSO
26   8.1  10.9   12:53   3.7   23:39  10.2   0.0   0.0   7.2  34.6   11:21   SSO
27   5.6  10.6   14:22   2.5   06:09  12.7   0.0   0.0   3.4  31.7   07:08   SSO
28   9.6  12.2   12:26   6.4   01:11   8.7   0.0   0.0   9.6  44.7   02:46   SSO
29   9.9  13.2   12:05   7.8   21:28   8.4   0.0   0.0   7.8  44.7   05:37   SSO
30   8.5  12.7   13:58   4.3   23:58   9.8   0.0   0.0   5.1  31.7   07:23   SSO
31   5.5   8.7   11:14   2.9   02:01  12.8   0.0   1.9   6.5  34.6   11:11   SSO
----------------------------------------------------------------------------------
     5.8  13.5    12    -4.4     3   387.6   0.0  29.7   5.6  53.4    24     SSO

Max >=  27.0  0
Max <=   0.0  0
Min <= -10.0  0
Min <= -18.0  0
Max Rain: 7.1 on day 1
Days of Rain: 14 (>= 0.2 mm)  6 (>= 2.0 mm)  0 (>= 20.0 mm)
Heat Base: 18.3  Cool Base: 18.3  Method: Integration


Mise à jour : 23/07/2024 23:26:28
Alimenté par Cumulus v3.27.1 (3263)