METEO Schachenfeld

 Latitude N 47° 54' 42"    Longitude E 07° 21' 22"    Altitude 210 m   Station

Rapports de type NOAA
Selectionner un rapport Annuel ou mensuel
V/Λ2024 > Janvier Février Mars Avril Mai Juin Juillet Août Septembre Octobre Novembre Décembre
V/Λ2023 > Janvier Février Mars Avril Mai Juin Juillet Août Septembre Octobre Novembre Décembre
V/Λ2022 > Janvier Février Mars Avril Mai Juin Juillet Août Septembre Octobre Novembre Décembre
V/Λ2021 > Janvier Février Mars Avril Mai Juin Juillet Août Septembre Octobre Novembre Décembre
V/Λ2020 > Janvier Février Mars Avril Mai Juin Juillet Août Septembre Octobre Novembre Décembre
V/Λ2019 > Janvier Février Mars Avril Mai Juin Juillet Août Septembre Octobre Novembre Décembre
V/Λ2018 > Janvier Février Mars Avril Mai Juin Juillet Août Septembre Octobre Novembre Décembre
V/Λ2017 > Janvier Février Mars Avril Mai Juin Juillet Août Septembre Octobre Novembre Décembre
V/Λ2016 > Janvier Février Mars Avril Mai Juin Juillet Août Septembre Octobre Novembre Décembre
V/Λ2015 > Janvier Février Mars Avril Mai Juin Juillet Août Septembre Octobre Novembre Décembre
V/Λ2014 > Janvier Février Mars Avril Mai Juin Juillet Août Septembre Octobre Novembre Décembre
V/Λ2013 > Janvier Février Mars Avril Mai Juin Juillet Août Septembre Octobre Novembre Décembre
V/Λ2012 > Janvier Février Mars Avril Mai Juin Juillet Août Septembre Octobre Novembre Décembre
V/Λ2011 > Janvier Février Mars Avril Mai Juin Juillet Août Septembre Octobre Novembre Décembre
V/Λ2010 > Janvier Février Mars Avril Mai Juin Juillet Août Septembre Octobre Novembre Décembre
V/Λ2009 > Janvier Février Mars Avril Mai Juin Juillet Août Septembre Octobre Novembre Décembre
V/Λ2008 > Janvier Février Mars Avril Mai Juin Juillet Août Septembre Octobre Novembre Décembre
V/Λ2007 > Janvier Février Mars Avril Mai Juin Juillet Août Septembre Octobre Novembre Décembre
V/Λ2006 > Janvier Février Mars Avril Mai Juin Juillet Août Septembre Octobre Novembre Décembre
V/Λ2005 > Janvier Février Mars Avril Mai Juin Juillet Août Septembre Octobre Novembre Décembre
V/Λ2004 > Janvier Février Mars Avril Mai Juin Juillet Août Septembre Octobre Novembre Décembre
V/Λ2003 > Janvier Février Mars Avril Mai Juin Juillet Août Septembre Octobre Novembre Décembre
V/Λ2002 > Janvier Février Mars Avril Mai Juin Juillet Août Septembre Octobre Novembre Décembre

Rapport pour Janvier 2024
                   Monthly Climatological Summary for janv. 2024

Name:     City: Meyenheim   State: Alsace, FR
Elevation: 210 m  Lat: N 47° 54' 41"   Lon: E 007° 21' 19"

                  Temperature (°C), Rain (mm), Wind Speed (km/h)

                                      Heat  Cool        Avg
    Mean                              Deg   Deg         Wind                 Dom
Day Temp  High   Time   Low    Time   Days  Days  Rain  Speed High   Time    Dir
----------------------------------------------------------------------------------
01   6.7   8.8   14:43   5.3   08:12  11.6   0.0   0.4   9.4  38.2   08:57   SSO
02   8.2  10.3   23:48   5.5   02:06  10.1   0.0   7.9  11.2  49.7   13:38   SSO
03   9.8  12.1   15:11   8.2   22:08   8.5   0.0   8.3  11.9  54.1   13:12    SO
04   8.4  11.4   12:47   5.0   22:53   9.9   0.0   0.2   7.6  34.6   00:14    SO
05   6.4   9.1   14:04   3.8   05:48  11.9   0.0   0.0   2.2  28.1   06:20   SSO
06   5.0   7.7   12:16   3.2   08:51  13.3   0.0   0.0   0.3   7.2   12:26   SSO
07   3.2   4.9   00:12  -1.1   23:34  15.1   0.0   0.8  10.2  36.8   17:42     N
08  -1.1   0.6   13:26  -2.5   23:51  19.4   0.0   0.0  11.4  39.7   21:18     N
09  -3.6  -2.4   00:00  -4.6   06:22  21.8   0.0   0.0   7.7  37.5   04:56     N
10  -3.9  -1.0   14:21  -6.7   23:48  22.1   0.0   0.8   0.8  10.8   13:25     N
11  -5.7  -1.1   14:49  -9.2   08:05  24.0   0.0   0.2   0.7  16.6   14:19    NE
12  -5.5  -1.8   13:28  -9.2   05:32  23.8   0.0   0.0   0.5   9.4   12:38     E
13  -3.9  -3.2   02:13  -4.7   23:32  22.2   0.0   0.0   1.3  31.0   18:35   SSO
14  -4.5  -1.9   15:22  -5.6   08:07  22.8   0.0   0.0   2.1  33.2   06:01    SO
15  -1.2   3.4   13:43  -6.0   02:31  19.5   0.0   0.2   3.4  23.1   11:47    SO
16  -4.4   0.4   14:59  -8.2   07:54  22.7   0.0   0.0   0.3  10.1   13:26     S
17   3.5  10.2   22:39  -1.8   00:00  14.8   0.0   7.1   3.7  31.7   20:09     S
18   5.1  10.7   11:11  -0.3   23:12  13.2   0.0   7.9   7.7  43.3   11:08    SO
19  -0.9   2.0   14:58  -2.9   04:35  19.2   0.0   1.0   1.9  37.5   15:32     N
20  -3.6  -1.5   14:55  -5.9   08:02  21.9   0.0   0.0   1.1  19.5   01:33     N
21  -0.4   5.7   15:14  -6.4   03:19  18.7   0.0   0.0   4.5  32.4   11:23     S
22   6.5   9.2   13:31   0.7   00:13  11.8   0.0   5.2   8.8  41.8   08:02   SSO
23   7.8  10.4   22:22   5.7   03:45  10.5   0.0   0.0   6.8  38.9   19:10   SSO
24  11.8  13.4   13:45   8.7   00:25   6.5   0.0   0.4  11.7  53.4   02:24    SO
25   9.5  11.7   14:34   8.1   08:22   8.8   0.0   0.4   0.8  12.3   20:47   OSO
26   9.0  11.7   11:26   2.0   23:54   9.3   0.0   0.0   4.7  36.8   12:49    SO
27   2.8   8.2   14:54  -1.1   07:56  15.5   0.0   0.0   1.3  12.3   16:25     N
28   2.7  11.9   14:57  -2.3   07:46  15.6   0.0   0.0   0.7  13.7   12:53   SSO
29   5.1  13.3   14:56   0.2   03:40  13.2   0.0   0.0   2.1  33.9   10:06   SSO
30   6.5  13.7   14:16   1.8   07:44  11.8   0.0   0.0   2.3  33.9   11:49   SSO
31   5.8  13.2   14:01   1.3   04:16  12.5   0.0   0.0   1.4  19.5   23:03   OSO
----------------------------------------------------------------------------------
     2.7  13.7    30    -9.2    11   482.1   0.0  40.9   4.5  54.1     3      SO

Max >=  27.0  0
Max <=   0.0  7
Min <= -10.0  0
Min <= -18.0  0
Max Rain: 8.3 on day 3
Days of Rain: 14 (>= 0.2 mm)  5 (>= 2.0 mm)  0 (>= 20.0 mm)
Heat Base: 18.3  Cool Base: 18.3  Method: Integration


Mise à jour : 16/04/2024 11:25:09
Alimenté par Cumulus v3.27.1 (3263)