METEO Schachenfeld

 Latitude N 47° 54' 42"    Longitude E 07° 21' 22"    Altitude 210 m   Station

Rapports de type NOAA
Selectionner un rapport Annuel ou mensuel
V/Λ2024 > Janvier Février Mars Avril Mai Juin Juillet Août Septembre Octobre Novembre Décembre
V/Λ2023 > Janvier Février Mars Avril Mai Juin Juillet Août Septembre Octobre Novembre Décembre
V/Λ2022 > Janvier Février Mars Avril Mai Juin Juillet Août Septembre Octobre Novembre Décembre
V/Λ2021 > Janvier Février Mars Avril Mai Juin Juillet Août Septembre Octobre Novembre Décembre
V/Λ2020 > Janvier Février Mars Avril Mai Juin Juillet Août Septembre Octobre Novembre Décembre
V/Λ2019 > Janvier Février Mars Avril Mai Juin Juillet Août Septembre Octobre Novembre Décembre
V/Λ2018 > Janvier Février Mars Avril Mai Juin Juillet Août Septembre Octobre Novembre Décembre
V/Λ2017 > Janvier Février Mars Avril Mai Juin Juillet Août Septembre Octobre Novembre Décembre
V/Λ2016 > Janvier Février Mars Avril Mai Juin Juillet Août Septembre Octobre Novembre Décembre
V/Λ2015 > Janvier Février Mars Avril Mai Juin Juillet Août Septembre Octobre Novembre Décembre
V/Λ2014 > Janvier Février Mars Avril Mai Juin Juillet Août Septembre Octobre Novembre Décembre
V/Λ2013 > Janvier Février Mars Avril Mai Juin Juillet Août Septembre Octobre Novembre Décembre
V/Λ2012 > Janvier Février Mars Avril Mai Juin Juillet Août Septembre Octobre Novembre Décembre
V/Λ2011 > Janvier Février Mars Avril Mai Juin Juillet Août Septembre Octobre Novembre Décembre
V/Λ2010 > Janvier Février Mars Avril Mai Juin Juillet Août Septembre Octobre Novembre Décembre
V/Λ2009 > Janvier Février Mars Avril Mai Juin Juillet Août Septembre Octobre Novembre Décembre
V/Λ2008 > Janvier Février Mars Avril Mai Juin Juillet Août Septembre Octobre Novembre Décembre
V/Λ2007 > Janvier Février Mars Avril Mai Juin Juillet Août Septembre Octobre Novembre Décembre
V/Λ2006 > Janvier Février Mars Avril Mai Juin Juillet Août Septembre Octobre Novembre Décembre
V/Λ2005 > Janvier Février Mars Avril Mai Juin Juillet Août Septembre Octobre Novembre Décembre
V/Λ2004 > Janvier Février Mars Avril Mai Juin Juillet Août Septembre Octobre Novembre Décembre
V/Λ2003 > Janvier Février Mars Avril Mai Juin Juillet Août Septembre Octobre Novembre Décembre
V/Λ2002 > Janvier Février Mars Avril Mai Juin Juillet Août Septembre Octobre Novembre Décembre

Rapport pour Février 2024
                   Monthly Climatological Summary for févr. 2024

Name:     City: Meyenheim   State: Alsace, FR
Elevation: 210 m  Lat: N 47° 54' 41"   Lon: E 007° 21' 19"

                  Temperature (°C), Rain (mm), Wind Speed (km/h)

                                      Heat  Cool        Avg
    Mean                              Deg   Deg         Wind                 Dom
Day Temp  High   Time   Low    Time   Days  Days  Rain  Speed High   Time    Dir
----------------------------------------------------------------------------------
01   8.9  12.8   14:56   3.4   23:58   9.4   0.0   0.0   3.6  23.8   12:17   SSO
02   6.2  11.7   13:53   2.3   04:05  12.1   0.0   0.2   2.6  29.6   17:05   SSO
03   5.3  10.2   15:11   0.6   08:27  13.0   0.0   0.0   1.9  18.7   03:01    SO
04   5.9  10.8   14:03   2.3   06:16  12.4   0.0   0.0   3.6  33.2   14:11   SSO
05   4.6  10.8   13:52  -0.5   07:43  13.7   0.0   0.2   2.8  28.1   23:08   SSO
06   4.8  10.2   13:46  -1.3   06:56  13.5   0.0   0.0   6.6  39.7   23:32   SSO
07   8.8  11.2   15:53   6.6   03:19   9.5   0.0   0.0  10.4  52.6   18:21   SSO
08  11.0  14.2   15:05   9.2   07:01   7.3   0.0   0.0   7.9  41.1   07:13   SSO
09  10.5  13.2   13:11   9.0   23:25   7.8   0.0   3.7   4.0  33.9   10:40   SSO
10   8.9  11.7   15:51   7.2   08:12   9.4   0.0   0.6   1.7  36.8   23:37     O
11   7.6  11.2   15:18   5.6   05:52  10.7   0.0   0.4   8.8  37.5   00:27   SSO
12   7.7  11.3   13:14   4.8   22:37  10.6   0.0   0.0   2.4  30.3   09:04    SO
13   6.5  13.2   15:27   2.1   08:30  11.8   0.0   0.0   1.7  24.5   14:14   SSO
14  10.0  14.2   13:28   6.2   00:46   8.3   0.0   0.0   6.3  38.2   17:57   SSO
15   9.2  14.8   14:26   4.7   07:15   9.0   0.0   0.0   0.7  27.4   11:18    SO
16  11.8  16.2   12:00   9.2   00:00   6.5   0.0   0.4   2.7  25.2   12:59   SSO
17  10.4  13.2   14:31   5.7   23:35   7.9   0.0   0.6   1.4  15.9   05:16     N
18   8.0  13.7   14:46   4.1   07:46  10.3   0.0   2.7   3.8  33.9   14:59   SSO
19   9.8  13.7   14:23   7.7   07:05   8.5   0.0   0.4   3.6  26.7   00:07    SO
20   8.2  12.7   15:18   4.4   23:53  10.1   0.0   0.0   1.4  17.3   16:47   SSO
21   8.1  13.2   23:41   3.0   07:43  10.2   0.0   0.0   4.8  50.5   23:57   SSO
22   9.9  12.9   00:00   7.4   23:58   8.4   0.0   6.2   9.8  53.4   02:07   SSO
23   6.8  10.7   14:24   3.0   07:14  11.5   0.0   1.0   5.9  46.1   21:03    SO
24   5.6  10.7   14:42   3.0   01:03  12.7   0.0   1.7   5.8  32.4   10:16   SSO
25   7.2  12.7   13:52   2.0   03:41  11.1   0.0   0.8   3.0  31.7   06:22   SSO
26   8.9  13.7   15:45   5.6   07:56   9.4   0.0   8.5   2.2  13.7   23:34   NNO
27   8.4  10.4   14:15   7.2   08:07   9.9   0.0   0.0   8.9  32.4   11:15     N
28   7.6  11.9   14:08   2.4   23:53  10.7   0.0   0.0   4.9  23.8   04:11     N
29   4.8  12.7   14:31  -0.7   06:51  13.5   0.0   0.0   0.3  14.4   14:22     S
----------------------------------------------------------------------------------
     8.0  16.2    16    -1.3     6   299.2   0.0  27.5   4.3  53.4    22      SO

Max >=  27.0  0
Max <=   0.0  0
Min <= -10.0  0
Min <= -18.0  0
Max Rain: 8.5 on day 26
Days of Rain: 14 (>= 0.2 mm)  4 (>= 2.0 mm)  0 (>= 20.0 mm)
Heat Base: 18.3  Cool Base: 18.3  Method: Integration


Mise à jour : 23/07/2024 23:30:28
Alimenté par Cumulus v3.27.1 (3263)