METEO Schachenfeld

 Latitude N 47° 54' 42"    Longitude E 07° 21' 22"    Altitude 210 m   Station

Rapports de type NOAA
Selectionner un rapport Annuel ou mensuel
V/Λ2024 > Janvier Février Mars Avril Mai Juin Juillet Août Septembre Octobre Novembre Décembre
V/Λ2023 > Janvier Février Mars Avril Mai Juin Juillet Août Septembre Octobre Novembre Décembre
V/Λ2022 > Janvier Février Mars Avril Mai Juin Juillet Août Septembre Octobre Novembre Décembre
V/Λ2021 > Janvier Février Mars Avril Mai Juin Juillet Août Septembre Octobre Novembre Décembre
V/Λ2020 > Janvier Février Mars Avril Mai Juin Juillet Août Septembre Octobre Novembre Décembre
V/Λ2019 > Janvier Février Mars Avril Mai Juin Juillet Août Septembre Octobre Novembre Décembre
V/Λ2018 > Janvier Février Mars Avril Mai Juin Juillet Août Septembre Octobre Novembre Décembre
V/Λ2017 > Janvier Février Mars Avril Mai Juin Juillet Août Septembre Octobre Novembre Décembre
V/Λ2016 > Janvier Février Mars Avril Mai Juin Juillet Août Septembre Octobre Novembre Décembre
V/Λ2015 > Janvier Février Mars Avril Mai Juin Juillet Août Septembre Octobre Novembre Décembre
V/Λ2014 > Janvier Février Mars Avril Mai Juin Juillet Août Septembre Octobre Novembre Décembre
V/Λ2013 > Janvier Février Mars Avril Mai Juin Juillet Août Septembre Octobre Novembre Décembre
V/Λ2012 > Janvier Février Mars Avril Mai Juin Juillet Août Septembre Octobre Novembre Décembre
V/Λ2011 > Janvier Février Mars Avril Mai Juin Juillet Août Septembre Octobre Novembre Décembre
V/Λ2010 > Janvier Février Mars Avril Mai Juin Juillet Août Septembre Octobre Novembre Décembre
V/Λ2009 > Janvier Février Mars Avril Mai Juin Juillet Août Septembre Octobre Novembre Décembre
V/Λ2008 > Janvier Février Mars Avril Mai Juin Juillet Août Septembre Octobre Novembre Décembre
V/Λ2007 > Janvier Février Mars Avril Mai Juin Juillet Août Septembre Octobre Novembre Décembre
V/Λ2006 > Janvier Février Mars Avril Mai Juin Juillet Août Septembre Octobre Novembre Décembre
V/Λ2005 > Janvier Février Mars Avril Mai Juin Juillet Août Septembre Octobre Novembre Décembre
V/Λ2004 > Janvier Février Mars Avril Mai Juin Juillet Août Septembre Octobre Novembre Décembre
V/Λ2003 > Janvier Février Mars Avril Mai Juin Juillet Août Septembre Octobre Novembre Décembre
V/Λ2002 > Janvier Février Mars Avril Mai Juin Juillet Août Septembre Octobre Novembre Décembre

Rapport pour Mars 2024
                   Monthly Climatological Summary for mars 2024

Name:     City: Meyenheim   State: Alsace, FR
Elevation: 210 m  Lat: N 47° 54' 41"   Lon: E 007° 21' 19"

                  Temperature (°C), Rain (mm), Wind Speed (km/h)

                                      Heat  Cool        Avg
    Mean                              Deg   Deg         Wind                 Dom
Day Temp  High   Time   Low    Time   Days  Days  Rain  Speed High   Time    Dir
----------------------------------------------------------------------------------
01   7.4  11.1   14:31   3.8   00:00  10.9   0.0   0.0   3.9  28.1   12:02   SSO
02   8.4  16.5   13:31   2.6   01:44   9.9   0.0   0.0   1.8  23.1   12:59     S
03   8.4  13.7   14:31   5.1   00:17   9.9   0.0   0.0   1.3  20.2   09:55     N
04   7.8  10.2   15:12   5.3   05:55  10.5   0.0   0.0   0.9  16.6   01:52   SSO
05   8.3  12.2   14:59   6.2   22:57  10.0   0.0   0.0   3.1  36.8   05:45    SO
06   6.5   9.6   12:23   4.3   05:05  11.8   0.0   2.9   0.2  12.3   13:31    SO
07   6.3   8.7   14:38   2.7   23:57  12.0   0.0   0.0   3.3  36.8   11:27     N
08   5.0  11.4   14:45  -1.4   06:44  13.3   0.0   0.0   2.0  17.3   16:45     N
09   8.4  13.8   15:11   2.2   06:56   9.9   0.0   0.0   1.2  20.9   13:57     N
10   8.5  11.2   12:17   5.2   23:55   9.8   0.0   4.8   2.6  23.8   04:35   ONO
11   7.6  13.8   16:07   2.8   03:32  10.7   0.0   0.0   3.3  36.0   13:04   SSO
12   8.1  10.3   10:12   5.2   00:08  10.2   0.0   0.4   5.6  30.3   09:04    SO
13  10.5  16.5   14:49   6.4   22:48   7.8   0.0   0.0   4.0  36.0   00:08    SO
14  11.8  20.4   14:40   5.4   04:03   6.7   0.2   0.0   2.9  26.0   10:51   SSO
15  12.4  17.4   16:25   8.2   23:54   5.9   0.0   5.4   4.7  33.9   13:30   SSO
16  11.9  16.6   13:50   8.2   00:00   6.4   0.0   0.8   5.1  29.6   08:50   OSO
17   8.9  11.7   13:42   4.5   07:01   9.4   0.0   0.0   0.0   0.0   00:00     N
18  11.3  16.2   15:32   8.8   04:45   7.0   0.0   8.9   1.1  16.6   15:49   SSO
19  11.1  17.2   16:35   5.3   06:55   7.2   0.0   0.0   1.2  20.9   12:59   NNO
20  11.6  20.0   15:02   4.0   06:08   6.9   0.2   0.0   0.7  13.7   09:07     S
21  14.5  21.5   14:34   8.5   00:31   4.2   0.4   1.2   1.6  18.0   05:15   ONO
22  14.3  22.4   15:32   8.2   02:39   4.7   0.7   0.0   2.0  29.6   11:49   SSO
23   9.5  13.0   00:13   4.2   20:44   8.8   0.0   2.3   7.2  40.4   16:34   OSO
24   6.5  11.2   14:43   3.5   05:54  11.8   0.0   0.2   6.4  44.7   15:06   OSO
25   7.8  14.2   14:41   1.7   05:27  10.5   0.0   0.0   0.9  16.6   00:49   SSO
26  11.0  17.5   16:31   5.7   00:12   7.3   0.0   0.0   0.6  16.6   13:53     N
27   6.9  10.6   00:59   3.7   23:16  11.4   0.0   0.6   3.4  30.3   16:18   SSO
28   7.4  13.7   17:08   2.3   02:34  10.9   0.0   3.3   5.0  49.7   15:31    SO
29  11.5  19.4   15:09   5.3   00:48   6.8   0.1   3.3   2.4  33.2   13:29     O
30  10.8  16.6   15:56   8.1   06:59   7.5   0.0   2.7   0.9  18.7   16:12    SO
31  11.4  15.6   16:11   8.3   03:45   6.6   0.0   1.0   1.2  30.3   09:43   NNE
----------------------------------------------------------------------------------
     9.4  22.4    22    -1.4     8   276.7   1.6  37.9   2.6  49.7    28      SO

Max >=  27.0  0
Max <=   0.0  0
Min <= -10.0  0
Min <= -18.0  0
Max Rain: 8.9 on day 18
Days of Rain: 14 (>= 0.2 mm)  8 (>= 2.0 mm)  0 (>= 20.0 mm)
Heat Base: 18.3  Cool Base: 18.3  Method: Integration


Mise à jour : 16/06/2024 03:57:54
Alimenté par Cumulus v3.27.1 (3263)