METEO Schachenfeld

 Latitude N 47° 54' 42"    Longitude E 07° 21' 22"    Altitude 210 m   Station

Rapports de type NOAA
Selectionner un rapport Annuel ou mensuel
V/Λ2024 > Janvier Février Mars Avril Mai Juin Juillet Août Septembre Octobre Novembre Décembre
V/Λ2023 > Janvier Février Mars Avril Mai Juin Juillet Août Septembre Octobre Novembre Décembre
V/Λ2022 > Janvier Février Mars Avril Mai Juin Juillet Août Septembre Octobre Novembre Décembre
V/Λ2021 > Janvier Février Mars Avril Mai Juin Juillet Août Septembre Octobre Novembre Décembre
V/Λ2020 > Janvier Février Mars Avril Mai Juin Juillet Août Septembre Octobre Novembre Décembre
V/Λ2019 > Janvier Février Mars Avril Mai Juin Juillet Août Septembre Octobre Novembre Décembre
V/Λ2018 > Janvier Février Mars Avril Mai Juin Juillet Août Septembre Octobre Novembre Décembre
V/Λ2017 > Janvier Février Mars Avril Mai Juin Juillet Août Septembre Octobre Novembre Décembre
V/Λ2016 > Janvier Février Mars Avril Mai Juin Juillet Août Septembre Octobre Novembre Décembre
V/Λ2015 > Janvier Février Mars Avril Mai Juin Juillet Août Septembre Octobre Novembre Décembre
V/Λ2014 > Janvier Février Mars Avril Mai Juin Juillet Août Septembre Octobre Novembre Décembre
V/Λ2013 > Janvier Février Mars Avril Mai Juin Juillet Août Septembre Octobre Novembre Décembre
V/Λ2012 > Janvier Février Mars Avril Mai Juin Juillet Août Septembre Octobre Novembre Décembre
V/Λ2011 > Janvier Février Mars Avril Mai Juin Juillet Août Septembre Octobre Novembre Décembre
V/Λ2010 > Janvier Février Mars Avril Mai Juin Juillet Août Septembre Octobre Novembre Décembre
V/Λ2009 > Janvier Février Mars Avril Mai Juin Juillet Août Septembre Octobre Novembre Décembre
V/Λ2008 > Janvier Février Mars Avril Mai Juin Juillet Août Septembre Octobre Novembre Décembre
V/Λ2007 > Janvier Février Mars Avril Mai Juin Juillet Août Septembre Octobre Novembre Décembre
V/Λ2006 > Janvier Février Mars Avril Mai Juin Juillet Août Septembre Octobre Novembre Décembre
V/Λ2005 > Janvier Février Mars Avril Mai Juin Juillet Août Septembre Octobre Novembre Décembre
V/Λ2004 > Janvier Février Mars Avril Mai Juin Juillet Août Septembre Octobre Novembre Décembre
V/Λ2003 > Janvier Février Mars Avril Mai Juin Juillet Août Septembre Octobre Novembre Décembre
V/Λ2002 > Janvier Février Mars Avril Mai Juin Juillet Août Septembre Octobre Novembre Décembre

Rapport pour Avril 2024
                   Monthly Climatological Summary for avr. 2024

Name:     City: Meyenheim   State: Alsace, FR
Elevation: 210 m  Lat: N 47° 54' 41"   Lon: E 007° 21' 19"

                  Temperature (°C), Rain (mm), Wind Speed (km/h)

                                      Heat  Cool        Avg
    Mean                              Deg   Deg         Wind                 Dom
Day Temp  High   Time   Low    Time   Days  Days  Rain  Speed High   Time    Dir
----------------------------------------------------------------------------------
01   9.6  12.7   18:21   8.0   09:44   8.7   0.0  12.9   6.8  46.1   10:08    SO
02   9.9  15.1   17:05   6.7   23:56   8.4   0.0   0.0   6.4  41.1   08:16    SO
03  10.1  14.2   17:40   6.2   01:56   8.2   0.0   0.0   5.7  46.9   15:33    SO
04  13.6  17.3   18:02  11.2   03:44   4.7   0.0   0.2   6.0  38.2   14:33    SO
05  16.8  24.6   13:45  10.7   07:21   2.7   1.3   0.0   3.0  47.6   13:04    SO
06  19.9  28.2   15:35  11.2   05:22   1.5   3.1   0.0   3.8  28.1   14:27   SSO
07  19.6  25.6   16:45  15.4   23:56   0.7   2.0   0.0   1.4  39.7   06:25    SO
08  18.8  26.4   17:03  12.3   03:34   1.6   2.1   0.0   1.0  15.1   05:20   SSO
09  12.5  21.8   03:05   8.0   21:58   6.1   0.3   1.2   5.5  44.7   03:30    SO
10   8.8  15.6   17:01   4.0   04:14   9.5   0.0   0.0   1.1  22.4   17:23   NNO
11  10.2  19.8   17:56   1.8   06:55   8.1   0.1   0.0   0.4  13.7   11:38     N
12  13.5  23.7   16:54   4.3   05:39   5.9   1.1   0.0   0.4  12.3   17:22     N
13  16.3  27.6   18:20   6.4   07:20   4.3   2.4   0.0   0.5  13.7   15:45   SSO
14  19.3  28.0   17:00  11.1   06:30   2.3   3.3   0.0   2.8  29.6   15:35    SO
15  15.6  20.6   15:23   9.7   23:16   2.8   0.1   0.2   5.1  49.0   16:05   OSO
16   8.2  12.8   16:09   5.4   05:31  10.1   0.0   2.5   8.6  38.9   10:26   OSO
17   7.1  11.8   15:34   4.2   21:18  11.2   0.0   1.2   3.4  35.3   17:48   OSO
18   6.7  12.4   17:11   3.9   23:16  11.6   0.0   0.0   2.5  28.8   14:17     N
19   5.9   8.7   17:02   2.7   02:13  12.4   0.0   2.3   7.3  47.6   11:25    SO
20   7.1  11.8   14:06   3.7   05:49  11.2   0.0   1.0   3.0  29.6   18:17   NNO
21   5.2   9.7   17:36   2.6   23:57  13.1   0.0   1.5   3.7  31.7   14:25     N
22   5.4   8.7   15:41   2.3   00:31  12.9   0.0   0.0   6.9  36.0   11:58     N
23   6.3  12.7   18:03   1.0   06:20  12.0   0.0   0.0   5.5  40.4   08:39     N
24   5.6  11.2   15:49   1.4   02:48  12.7   0.0   0.0   3.7  28.8   09:54    SO
25   6.9  11.7   14:52   3.1   06:47  11.4   0.0   0.0   2.4  27.4   03:22    SO
26   8.7  14.7   14:57   3.5   00:00   9.6   0.0   1.2   3.6  26.0   11:37   SSO
27  12.9  22.4   17:27   5.4   01:09   6.0   0.6   0.2   0.6  17.3   16:26   SSO
28  12.4  14.7   04:09  10.1   23:55   5.9   0.0   1.9   5.0  38.2   21:02   SSO
29  13.8  20.8   17:42   9.2   06:24   4.8   0.3   0.0   1.5  15.9   15:31    NO
30  16.3  25.3   16:49   7.6   06:25   3.9   1.9   0.0   0.3  12.3   14:07     N
----------------------------------------------------------------------------------
    11.4  28.2     6     1.0    23   224.3  18.5  26.3   3.6  49.0    15     OSO

Max >=  27.0  3
Max <=   0.0  0
Min <= -10.0  0
Min <= -18.0  0
Max Rain: 12.9 on day 1
Days of Rain: 12 (>= 0.2 mm)  3 (>= 2.0 mm)  0 (>= 20.0 mm)
Heat Base: 18.3  Cool Base: 18.3  Method: Integration


Mise à jour : 16/06/2024 05:17:55
Alimenté par Cumulus v3.27.1 (3263)