METEO Schachenfeld

 Latitude N 47° 54' 42"    Longitude E 07° 21' 22"    Altitude 210 m   Station

Rapports de type NOAA
Selectionner un rapport Annuel ou mensuel
V/Λ2024 > Janvier Février Mars Avril Mai Juin Juillet Août Septembre Octobre Novembre Décembre
V/Λ2023 > Janvier Février Mars Avril Mai Juin Juillet Août Septembre Octobre Novembre Décembre
V/Λ2022 > Janvier Février Mars Avril Mai Juin Juillet Août Septembre Octobre Novembre Décembre
V/Λ2021 > Janvier Février Mars Avril Mai Juin Juillet Août Septembre Octobre Novembre Décembre
V/Λ2020 > Janvier Février Mars Avril Mai Juin Juillet Août Septembre Octobre Novembre Décembre
V/Λ2019 > Janvier Février Mars Avril Mai Juin Juillet Août Septembre Octobre Novembre Décembre
V/Λ2018 > Janvier Février Mars Avril Mai Juin Juillet Août Septembre Octobre Novembre Décembre
V/Λ2017 > Janvier Février Mars Avril Mai Juin Juillet Août Septembre Octobre Novembre Décembre
V/Λ2016 > Janvier Février Mars Avril Mai Juin Juillet Août Septembre Octobre Novembre Décembre
V/Λ2015 > Janvier Février Mars Avril Mai Juin Juillet Août Septembre Octobre Novembre Décembre
V/Λ2014 > Janvier Février Mars Avril Mai Juin Juillet Août Septembre Octobre Novembre Décembre
V/Λ2013 > Janvier Février Mars Avril Mai Juin Juillet Août Septembre Octobre Novembre Décembre
V/Λ2012 > Janvier Février Mars Avril Mai Juin Juillet Août Septembre Octobre Novembre Décembre
V/Λ2011 > Janvier Février Mars Avril Mai Juin Juillet Août Septembre Octobre Novembre Décembre
V/Λ2010 > Janvier Février Mars Avril Mai Juin Juillet Août Septembre Octobre Novembre Décembre
V/Λ2009 > Janvier Février Mars Avril Mai Juin Juillet Août Septembre Octobre Novembre Décembre
V/Λ2008 > Janvier Février Mars Avril Mai Juin Juillet Août Septembre Octobre Novembre Décembre
V/Λ2007 > Janvier Février Mars Avril Mai Juin Juillet Août Septembre Octobre Novembre Décembre
V/Λ2006 > Janvier Février Mars Avril Mai Juin Juillet Août Septembre Octobre Novembre Décembre
V/Λ2005 > Janvier Février Mars Avril Mai Juin Juillet Août Septembre Octobre Novembre Décembre
V/Λ2004 > Janvier Février Mars Avril Mai Juin Juillet Août Septembre Octobre Novembre Décembre
V/Λ2003 > Janvier Février Mars Avril Mai Juin Juillet Août Septembre Octobre Novembre Décembre
V/Λ2002 > Janvier Février Mars Avril Mai Juin Juillet Août Septembre Octobre Novembre Décembre

Rapport pour Mai 2024
                   Monthly Climatological Summary for mai 2024

Name:     City: Meyenheim   State: Alsace, FR
Elevation: 210 m  Lat: N 47° 54' 41"   Lon: E 007° 21' 19"

                  Temperature (°C), Rain (mm), Wind Speed (km/h)

                                      Heat  Cool        Avg
    Mean                              Deg   Deg         Wind                 Dom
Day Temp  High   Time   Low    Time   Days  Days  Rain  Speed High   Time    Dir
----------------------------------------------------------------------------------
01  18.2  27.3   16:23   9.8   07:24   2.7   2.7   0.0   0.8  20.2   11:55     N
02  13.5  18.2   12:53  10.7   21:08   4.8   0.0   8.5   5.0  33.9   19:20    SO
03  12.0  16.5   18:07   8.7   23:58   6.2   0.0   0.0   4.4  26.7   07:14    SO
04  13.0  19.9   16:34   5.9   02:44   5.5   0.2   0.0   0.9  23.8   23:26    SO
05  16.4  23.7   16:06  12.2   05:43   2.7   0.8   5.0   6.3  32.4   07:21   SSO
06  13.5  15.4   09:32  11.2   23:32   4.8   0.0   2.9   5.6  44.0   10:02   SSO
07  13.0  18.4   15:19   9.6   04:44   5.3   0.0   1.2   1.6  20.9   19:16     N
08  14.4  19.4   14:24  10.3   06:17   3.9   0.0   0.0   2.5  34.6   09:11     N
09  15.9  22.8   16:00  10.4   01:23   3.2   0.8   0.0   3.5  24.5   13:17   NNE
10  16.9  25.2   17:33   7.7   06:43   3.3   1.9   0.0   0.3  30.3   17:45     N
11  18.0  27.1   16:10   8.6   06:26   2.9   2.7   0.0   1.0  14.4   12:41     N
12  18.3  29.1   16:11  10.2   05:36   2.4   2.4  11.0   2.1  28.8   17:32    SO
13  19.5  25.6   18:11  14.7   05:57   1.1   2.3   0.0   3.1  21.6   14:50   SSO
14  18.1  28.1   14:28  10.7   06:16   2.4   2.2   1.0   1.8  30.3   03:08   NNO
15  15.1  19.8   18:51  12.3   23:32   3.3   0.1  24.8   2.5  36.0   19:49   NNO
16  13.3  18.6   14:40  10.8   05:37   5.0   0.0  13.9   2.2  24.5   16:12    SO
17  13.0  17.5   15:50  10.2   23:55   5.3   0.0  15.4   4.2  24.5   11:44    SO
18  13.6  22.1   14:42   8.3   06:29   5.1   0.4  10.8   2.2  26.7   15:42   SSO
19  15.7  23.6   18:33   9.2   04:19   3.6   1.0   0.0   3.5  20.2   12:12    SO
20  17.2  25.0   15:43   9.6   05:25   3.0   1.9   0.0   2.5  14.4   19:03     N
21  16.1  22.5   18:18  12.7   06:02   2.8   0.6  26.4   3.0  21.6   01:54    SO
22  16.3  21.5   16:47  12.3   23:57   2.5   0.4   0.0   5.9  32.4   01:44    SO
23  13.3  17.7   16:12   9.3   05:55   5.0   0.0   5.4   1.0  19.5   18:09   OSO
24  14.2  19.5   18:09  10.9   23:56   4.1   0.0   3.7   1.6  27.4   15:32   OSO
25  15.5  23.2   17:07   8.2   06:09   4.0   1.2   0.0   2.5  26.0   05:17     O
26  16.2  23.2   13:47   9.7   05:57   3.1   0.9   0.0   3.4  26.7   13:53   SSO
27  17.4  22.2   15:05  13.9   04:15   1.7   0.8   0.2   4.3  23.8   15:27    SO
28  16.9  23.2   16:24  11.8   07:36   2.5   1.1   0.0   2.8  18.7   14:45    SO
29  14.6  17.4   11:01  12.8   02:54   3.7   0.0   8.1   4.8  25.2   11:21   SSO
30  16.2  22.0   14:31  12.4   23:40   2.5   0.4   1.5   6.1  31.7   03:14    SO
31  13.8  18.8   16:10  11.2   05:25   4.5   0.0   5.8   2.4  21.6   16:36   OSO
----------------------------------------------------------------------------------
    15.5  29.1    12     5.9     4   113.0  24.8 145.6   3.0  44.0     6      SO

Max >=  27.0  4
Max <=   0.0  0
Min <= -10.0  0
Min <= -18.0  0
Max Rain: 26.4 on day 21
Days of Rain: 17 (>= 0.2 mm)  13 (>= 2.0 mm)  2 (>= 20.0 mm)
Heat Base: 18.3  Cool Base: 18.3  Method: Integration


Mise à jour : 23/07/2024 22:48:28
Alimenté par Cumulus v3.27.1 (3263)